{"id":6814,"date":"2023-06-21T12:51:54","date_gmt":"2023-06-21T10:51:54","guid":{"rendered":"https:\/\/radio-aviva.com\/nimes\/?post_type=podcast&#038;p=6814"},"modified":"2024-05-14T14:00:24","modified_gmt":"2024-05-14T12:00:24","slug":"arno-maxx-co-createur-et-directeur-comedie-de-nimes-spectacle-de-fin-dannee","status":"publish","type":"podcast","link":"https:\/\/radio-aviva.com\/nimes\/podcast\/arno-maxx-co-createur-et-directeur-comedie-de-nimes-spectacle-de-fin-dannee\/","title":{"rendered":"ARNO MAXX, CO CREATEUR ET DIRECTEUR COMEDIE DE NIMES &#8211; SPECTACLE DE FIN D&rsquo;ANNEE"},"content":{"rendered":"<p><strong>Arno Maxx<\/strong>, co-cr\u00e9ateur et directeur du caf\u00e9 th\u00e9\u00e2tre <strong>La Com\u00e9die de N\u00eemes<\/strong> nous pr\u00e9sente son \u00e9tablissement, les diff\u00e9rentes propositions faites au public mais aussi le <strong>spectacle<\/strong> mont\u00e9 par ses \u00e9l\u00e8ves du cours de th\u00e9\u00e2tre pour finir la saison en beaut\u00e9 et sous le signe de l&rsquo;humour.<\/p>\n<p>ATELIERS ADULTES : Repr\u00e9sentations le <strong>samedi 24 Juin<\/strong> \u00e0 17h00 et 21h00.<br \/>\nATELIERS ENFANTS : Repr\u00e9sentation le <strong>dimanche 25 Juin<\/strong> \u00e0 11h00 pour le groupe des 6 \u00e0 10 ans. Repr\u00e9sentation le dimanche 25 Juin \u00e0 15h00 pour les 2 groupes de 11 \u00e0 14 ans et de 15 \u00e0 17 ans.<\/p>\n<p>Tous les b\u00e9n\u00e9fices des spectacles seront revers\u00e9s \u00e0 la <strong>S.P.A<\/strong> (Soci\u00e9t\u00e9 Protectrice des Animaux).<\/p>\n","protected":false},"author":336,"featured_media":6599,"template":"","tags":[],"podcastfilter":[8,175,236,160,183,152,248,5,191,25],"class_list":["post-6814","podcast","type-podcast","status-publish","has-post-thumbnail","hentry","podcastfilter-art","podcastfilter-artiste","podcastfilter-comedie","podcastfilter-comedien","podcastfilter-gard","podcastfilter-linvite-de-la-matinale","podcastfilter-la-comedie-de-nimes","podcastfilter-nimes","podcastfilter-spectacle","podcastfilter-theatre"],"_links":{"self":[{"href":"https:\/\/radio-aviva.com\/nimes\/wp-json\/wp\/v2\/podcast\/6814","targetHints":{"allow":["GET"]}}],"collection":[{"href":"https:\/\/radio-aviva.com\/nimes\/wp-json\/wp\/v2\/podcast"}],"about":[{"href":"https:\/\/radio-aviva.com\/nimes\/wp-json\/wp\/v2\/types\/podcast"}],"author":[{"embeddable":true,"href":"https:\/\/radio-aviva.com\/nimes\/wp-json\/wp\/v2\/users\/336"}],"version-history":[{"count":1,"href":"https:\/\/radio-aviva.com\/nimes\/wp-json\/wp\/v2\/podcast\/6814\/revisions"}],"predecessor-version":[{"id":8642,"href":"https:\/\/radio-aviva.com\/nimes\/wp-json\/wp\/v2\/podcast\/6814\/revisions\/8642"}],"wp:featuredmedia":[{"embeddable":true,"href":"https:\/\/radio-aviva.com\/nimes\/wp-json\/wp\/v2\/media\/6599"}],"wp:attachment":[{"href":"https:\/\/radio-aviva.com\/nimes\/wp-json\/wp\/v2\/media?parent=6814"}],"wp:term":[{"taxonomy":"post_tag","embeddable":true,"href":"https:\/\/radio-aviva.com\/nimes\/wp-json\/wp\/v2\/tags?post=6814"},{"taxonomy":"podcastfilter","embeddable":true,"href":"https:\/\/radio-aviva.com\/nimes\/wp-json\/wp\/v2\/podcastfilter?post=6814"}],"curies":[{"name":"wp","href":"https:\/\/api.w.org\/{rel}","templated":true}]}}

<p><strong>Arno Maxx</strong>, co-créateur et directeur du café théâtre <strong>La Comédie de Nîmes</strong> nous présente son établissement, les différentes propositions faites au public mais aussi le <strong>spectacle</strong> monté par ses élèves du cours de théâtre pour finir la saison en beauté et sous le signe de l&rsquo;humour.</p>
<p>ATELIERS ADULTES : Représentations le <strong>samedi 24 Juin</strong> à 17h00 et 21h00.<br />
ATELIERS ENFANTS : Représentation le <strong>dimanche 25 Juin</strong> à 11h00 pour le groupe des 6 à 10 ans. Représentation le dimanche 25 Juin à 15h00 pour les 2 groupes de 11 à 14 ans et de 15 à 17 ans.</p>
<p>Tous les bénéfices des spectacles seront reversés à la <strong>S.P.A</strong> (Société Protectrice des Animaux).</p>
