{"id":6832,"date":"2023-01-16T19:27:35","date_gmt":"2023-01-16T17:27:35","guid":{"rendered":"https:\/\/radio-aviva.com\/nimes\/blog\/podcast\/libre-echange-jacques-touchon-neuropsychiatre-alzeihmer-traitement-espoir\/"},"modified":"2023-06-21T18:18:42","modified_gmt":"2023-06-21T16:18:42","slug":"libre-echange-jacques-touchon-neuropsychiatre-alzeihmer-traitement-espoir","status":"publish","type":"podcast","link":"https:\/\/radio-aviva.com\/nimes\/podcast\/libre-echange-jacques-touchon-neuropsychiatre-alzeihmer-traitement-espoir\/","title":{"rendered":"JACQUES TOUCHON, NEUROPSYCHIATRE : ALZEIHMER, TRAITEMENT &#038; ESPOIR"},"content":{"rendered":"<h1><\/h1>\n<h1><strong>Jacques Touchon, neuropsychiatre : Alzheimer, traitement et espoir.<\/strong><\/h1>\n<p>L&rsquo;ancien directeur du service neurologie au CHU de Montpellier \u00e9voque la maladie d&rsquo;Alzheimer . Pr\u00e8s de 1 000 000 de cas chaque ann\u00e9e. <em><strong>Quels espoirs en 2023 ? Diagnostic ? Traitement enfin trouv\u00e9 ? Les questions \u00e9thiques et philosophiques ? Quels moyens sont mis en France au sein des h\u00f4pitaux et des start-up ?<\/strong><\/em> Une \u00e9mission diffus\u00e9e jeudi 12 janvier 2023.<\/p>\n<p>&nbsp;<\/p>\n<h2>Valeurs et convictions<\/h2>\n<p>Toutes les r\u00e9ponses dans notre \u00e9mission Libre \u00c9change en partenariat avec le Midi Libre. Chaque semaine, un invit\u00e9 nous partage ses valeurs, ses convictions et ses engagements au micro de Olivier Biscaye, Directeur de la r\u00e9daction du Midi Libre.<\/p>\n<p>https:\/\/youtu.be\/Gbd1qPUoZZ4<\/p>\n","protected":false},"author":333,"featured_media":6833,"template":"","tags":[],"podcastfilter":[156,157,158,132,133,5,145,203],"class_list":["post-6832","podcast","type-podcast","status-publish","has-post-thumbnail","hentry","podcastfilter-libre-echange","podcastfilter-magazine-economique-politique","podcastfilter-midi-libre","podcastfilter-montpellier","podcastfilter-musique","podcastfilter-nimes","podcastfilter-perpignan","podcastfilter-politique-et-institutions-locales"],"_links":{"self":[{"href":"https:\/\/radio-aviva.com\/nimes\/wp-json\/wp\/v2\/podcast\/6832","targetHints":{"allow":["GET"]}}],"collection":[{"href":"https:\/\/radio-aviva.com\/nimes\/wp-json\/wp\/v2\/podcast"}],"about":[{"href":"https:\/\/radio-aviva.com\/nimes\/wp-json\/wp\/v2\/types\/podcast"}],"author":[{"embeddable":true,"href":"https:\/\/radio-aviva.com\/nimes\/wp-json\/wp\/v2\/users\/333"}],"version-history":[{"count":0,"href":"https:\/\/radio-aviva.com\/nimes\/wp-json\/wp\/v2\/podcast\/6832\/revisions"}],"wp:featuredmedia":[{"embeddable":true,"href":"https:\/\/radio-aviva.com\/nimes\/wp-json\/wp\/v2\/media\/6833"}],"wp:attachment":[{"href":"https:\/\/radio-aviva.com\/nimes\/wp-json\/wp\/v2\/media?parent=6832"}],"wp:term":[{"taxonomy":"post_tag","embeddable":true,"href":"https:\/\/radio-aviva.com\/nimes\/wp-json\/wp\/v2\/tags?post=6832"},{"taxonomy":"podcastfilter","embeddable":true,"href":"https:\/\/radio-aviva.com\/nimes\/wp-json\/wp\/v2\/podcastfilter?post=6832"}],"curies":[{"name":"wp","href":"https:\/\/api.w.org\/{rel}","templated":true}]}}

<h1></h1>
<h1><strong>Jacques Touchon, neuropsychiatre : Alzheimer, traitement et espoir.</strong></h1>
<p>L&rsquo;ancien directeur du service neurologie au CHU de Montpellier évoque la maladie d&rsquo;Alzheimer . Près de 1 000 000 de cas chaque année. <em><strong>Quels espoirs en 2023 ? Diagnostic ? Traitement enfin trouvé ? Les questions éthiques et philosophiques ? Quels moyens sont mis en France au sein des hôpitaux et des start-up ?</strong></em> Une émission diffusée jeudi 12 janvier 2023.</p>
<p>&nbsp;</p>
<h2>Valeurs et convictions</h2>
<p>Toutes les réponses dans notre émission Libre Échange en partenariat avec le Midi Libre. Chaque semaine, un invité nous partage ses valeurs, ses convictions et ses engagements au micro de Olivier Biscaye, Directeur de la rédaction du Midi Libre.</p>
<p>https://youtu.be/Gbd1qPUoZZ4</p>
