{"id":6860,"date":"2023-02-15T15:58:02","date_gmt":"2023-02-15T14:58:02","guid":{"rendered":"https:\/\/radio-aviva.com\/nimes\/blog\/podcast\/renaud-van-ruymbeke-magistrat-francais-juge-dinstruction-auteur-16-02-23\/"},"modified":"2023-02-15T15:58:02","modified_gmt":"2023-02-15T14:58:02","slug":"renaud-van-ruymbeke-magistrat-francais-juge-dinstruction-auteur-16-02-23","status":"publish","type":"podcast","link":"https:\/\/radio-aviva.com\/nimes\/podcast\/renaud-van-ruymbeke-magistrat-francais-juge-dinstruction-auteur-16-02-23\/","title":{"rendered":"RENAUD VAN RUYMBEKE, MAGISTRAT FRANCAIS, JUGE D&rsquo;INSTRUCTION, AUTEUR \u2013 16\/02\/23"},"content":{"rendered":"<p>Renaud VAN RUYMBEKE, magistrat fran\u00e7ais, juge d&rsquo;instruction et auteur \u00e9tait au micro d\u2019<strong>Olivier Biscaye<\/strong> pour r\u00e9pondre \u00e0 ses questions.<\/p>\n<p>Renaud Van Ruymbeke, magistrat fran\u00e7ais et juge d&rsquo;instruction, \u00e9tait au Grain des mots \u00e0 Montpellier, le 15 f\u00e9vrier \u00e0 19h, pour la sortie de \u00ab\u00a0OFFSHORE. Dans les coulisses \u00e9difiantes des paradis fiscaux\u00a0\u00bb, \u00e9ditions Les Liens qui Lib\u00e8rent.<\/p>\n<p>Visionnez d\u00e8s maintenant l\u2019\u00e9mission,\u00a0<strong>Radio Aviva<\/strong>,<strong>\u00a0Libre \u00e9change<\/strong>, en partenariat avec\u00a0<strong>Midi Libre<\/strong>.<\/p>\n<p>&nbsp;<\/p>\n<p><img fetchpriority=\"high\" decoding=\"async\" class=\"alignnone size-medium wp-image-6862\" src=\"http:\/\/radio-aviva.com\/nimes\/wp-content\/uploads\/sites\/5\/2023\/06\/RENAUD-VAN-RUYMBEKE-160223-1-770x578.jpg\" alt=\"\" width=\"770\" height=\"578\" srcset=\"https:\/\/radio-aviva.com\/nimes\/wp-content\/uploads\/sites\/5\/2023\/06\/RENAUD-VAN-RUYMBEKE-160223-1-770x578.jpg 770w, https:\/\/radio-aviva.com\/nimes\/wp-content\/uploads\/sites\/5\/2023\/06\/RENAUD-VAN-RUYMBEKE-160223-1-768x576.jpg 768w, https:\/\/radio-aviva.com\/nimes\/wp-content\/uploads\/sites\/5\/2023\/06\/RENAUD-VAN-RUYMBEKE-160223-1.jpg 1024w\" sizes=\"(max-width: 770px) 100vw, 770px\" \/> <img decoding=\"async\" class=\"alignnone size-medium wp-image-6861\" src=\"http:\/\/radio-aviva.com\/nimes\/wp-content\/uploads\/sites\/5\/2023\/06\/RENAUD-VAN-RUYMBEKE-160223-4-770x578.jpg\" alt=\"\" width=\"770\" height=\"578\" srcset=\"https:\/\/radio-aviva.com\/nimes\/wp-content\/uploads\/sites\/5\/2023\/06\/RENAUD-VAN-RUYMBEKE-160223-4-770x578.jpg 770w, https:\/\/radio-aviva.com\/nimes\/wp-content\/uploads\/sites\/5\/2023\/06\/RENAUD-VAN-RUYMBEKE-160223-4-768x576.jpg 768w, https:\/\/radio-aviva.com\/nimes\/wp-content\/uploads\/sites\/5\/2023\/06\/RENAUD-VAN-RUYMBEKE-160223-4.jpg 1024w\" sizes=\"(max-width: 770px) 100vw, 770px\" \/><\/p>\n","protected":false},"author":333,"featured_media":6863,"template":"","tags":[],"podcastfilter":[156,157,158,132,5,145],"class_list":["post-6860","podcast","type-podcast","status-publish","has-post-thumbnail","hentry","podcastfilter-libre-echange","podcastfilter-magazine-economique-politique","podcastfilter-midi-libre","podcastfilter-montpellier","podcastfilter-nimes","podcastfilter-perpignan"],"_links":{"self":[{"href":"https:\/\/radio-aviva.com\/nimes\/wp-json\/wp\/v2\/podcast\/6860","targetHints":{"allow":["GET"]}}],"collection":[{"href":"https:\/\/radio-aviva.com\/nimes\/wp-json\/wp\/v2\/podcast"}],"about":[{"href":"https:\/\/radio-aviva.com\/nimes\/wp-json\/wp\/v2\/types\/podcast"}],"author":[{"embeddable":true,"href":"https:\/\/radio-aviva.com\/nimes\/wp-json\/wp\/v2\/users\/333"}],"version-history":[{"count":0,"href":"https:\/\/radio-aviva.com\/nimes\/wp-json\/wp\/v2\/podcast\/6860\/revisions"}],"wp:featuredmedia":[{"embeddable":true,"href":"https:\/\/radio-aviva.com\/nimes\/wp-json\/wp\/v2\/media\/6863"}],"wp:attachment":[{"href":"https:\/\/radio-aviva.com\/nimes\/wp-json\/wp\/v2\/media?parent=6860"}],"wp:term":[{"taxonomy":"post_tag","embeddable":true,"href":"https:\/\/radio-aviva.com\/nimes\/wp-json\/wp\/v2\/tags?post=6860"},{"taxonomy":"podcastfilter","embeddable":true,"href":"https:\/\/radio-aviva.com\/nimes\/wp-json\/wp\/v2\/podcastfilter?post=6860"}],"curies":[{"name":"wp","href":"https:\/\/api.w.org\/{rel}","templated":true}]}}

<p>Renaud VAN RUYMBEKE, magistrat français, juge d&rsquo;instruction et auteur était au micro d’<strong>Olivier Biscaye</strong> pour répondre à ses questions.</p>
<p>Renaud Van Ruymbeke, magistrat français et juge d&rsquo;instruction, était au Grain des mots à Montpellier, le 15 février à 19h, pour la sortie de « OFFSHORE. Dans les coulisses édifiantes des paradis fiscaux », éditions Les Liens qui Libèrent.</p>
<p>Visionnez dès maintenant l’émission, <strong>Radio Aviva</strong>,<strong> Libre échange</strong>, en partenariat avec <strong>Midi Libre</strong>.</p>
<p>&nbsp;</p>
<p><img fetchpriority="high" decoding="async" class="alignnone size-medium wp-image-6862" src="http://radio-aviva.com/nimes/wp-content/uploads/sites/5/2023/06/RENAUD-VAN-RUYMBEKE-160223-1-770x578.jpg" alt="" width="770" height="578" srcset="https://radio-aviva.com/nimes/wp-content/uploads/sites/5/2023/06/RENAUD-VAN-RUYMBEKE-160223-1-770x578.jpg 770w, https://radio-aviva.com/nimes/wp-content/uploads/sites/5/2023/06/RENAUD-VAN-RUYMBEKE-160223-1-768x576.jpg 768w, https://radio-aviva.com/nimes/wp-content/uploads/sites/5/2023/06/RENAUD-VAN-RUYMBEKE-160223-1.jpg 1024w" sizes="(max-width: 770px) 100vw, 770px" /> <img decoding="async" class="alignnone size-medium wp-image-6861" src="http://radio-aviva.com/nimes/wp-content/uploads/sites/5/2023/06/RENAUD-VAN-RUYMBEKE-160223-4-770x578.jpg" alt="" width="770" height="578" srcset="https://radio-aviva.com/nimes/wp-content/uploads/sites/5/2023/06/RENAUD-VAN-RUYMBEKE-160223-4-770x578.jpg 770w, https://radio-aviva.com/nimes/wp-content/uploads/sites/5/2023/06/RENAUD-VAN-RUYMBEKE-160223-4-768x576.jpg 768w, https://radio-aviva.com/nimes/wp-content/uploads/sites/5/2023/06/RENAUD-VAN-RUYMBEKE-160223-4.jpg 1024w" sizes="(max-width: 770px) 100vw, 770px" /></p>
