{"id":6867,"date":"2023-02-06T14:16:20","date_gmt":"2023-02-06T12:16:20","guid":{"rendered":"https:\/\/radio-aviva.com\/nimes\/blog\/podcast\/elrick-irastorza-general-darmee-francais-la-politique-internationale-a-la-guerre-02-02-23-biscaye-libre-echange\/"},"modified":"2023-06-21T18:35:19","modified_gmt":"2023-06-21T16:35:19","slug":"elrick-irastorza-general-darmee-francais-la-politique-internationale-a-la-guerre-02-02-23-biscaye-libre-echange","status":"publish","type":"podcast","link":"https:\/\/radio-aviva.com\/nimes\/podcast\/elrick-irastorza-general-darmee-francais-la-politique-internationale-a-la-guerre-02-02-23-biscaye-libre-echange\/","title":{"rendered":"ELRICK IRASTORZA, GENERAL D&rsquo;ARMEE FRANCAIS &#8211; LA POLITIQUE INTERNATIONALE A LA GUERRE"},"content":{"rendered":"<p>Quelles sont les racines des conflits d&rsquo;aujourd&rsquo;hui ?<\/p>\n<p>Quelle place pour la m\u00e9moire ?<\/p>\n<p><b>Elrick IRASTORZA<\/b>, ancien chef d&rsquo;\u00e9tat-major de l&rsquo;arm\u00e9e de terre et pr\u00e9sident de la mission du centenaire de la Premi\u00e8re Guerre mondiale \u00e9tait au micro d\u2019<strong>Olivier Biscaye<\/strong>\u00a0pour r\u00e9pondre \u00e0 ses questions sur le <b>vivre ensemble,<\/b> et le<strong> conflit Ukraine-Russie.<\/strong><\/p>\n<p>Visionnez d\u00e8s maintenant l\u2019\u00e9mission,\u00a0<strong>Radio Aviva<\/strong>,<strong>\u00a0Libre \u00e9change<\/strong>, en partenariat avec\u00a0<strong>Midi Libre<\/strong>.<\/p>\n","protected":false},"author":333,"featured_media":6868,"template":"","tags":[],"podcastfilter":[156,157,158,132,5,145],"class_list":["post-6867","podcast","type-podcast","status-publish","has-post-thumbnail","hentry","podcastfilter-libre-echange","podcastfilter-magazine-economique-politique","podcastfilter-midi-libre","podcastfilter-montpellier","podcastfilter-nimes","podcastfilter-perpignan"],"_links":{"self":[{"href":"https:\/\/radio-aviva.com\/nimes\/wp-json\/wp\/v2\/podcast\/6867","targetHints":{"allow":["GET"]}}],"collection":[{"href":"https:\/\/radio-aviva.com\/nimes\/wp-json\/wp\/v2\/podcast"}],"about":[{"href":"https:\/\/radio-aviva.com\/nimes\/wp-json\/wp\/v2\/types\/podcast"}],"author":[{"embeddable":true,"href":"https:\/\/radio-aviva.com\/nimes\/wp-json\/wp\/v2\/users\/333"}],"version-history":[{"count":0,"href":"https:\/\/radio-aviva.com\/nimes\/wp-json\/wp\/v2\/podcast\/6867\/revisions"}],"wp:featuredmedia":[{"embeddable":true,"href":"https:\/\/radio-aviva.com\/nimes\/wp-json\/wp\/v2\/media\/6868"}],"wp:attachment":[{"href":"https:\/\/radio-aviva.com\/nimes\/wp-json\/wp\/v2\/media?parent=6867"}],"wp:term":[{"taxonomy":"post_tag","embeddable":true,"href":"https:\/\/radio-aviva.com\/nimes\/wp-json\/wp\/v2\/tags?post=6867"},{"taxonomy":"podcastfilter","embeddable":true,"href":"https:\/\/radio-aviva.com\/nimes\/wp-json\/wp\/v2\/podcastfilter?post=6867"}],"curies":[{"name":"wp","href":"https:\/\/api.w.org\/{rel}","templated":true}]}}

<p>Quelles sont les racines des conflits d&rsquo;aujourd&rsquo;hui ?</p>
<p>Quelle place pour la mémoire ?</p>
<p><b>Elrick IRASTORZA</b>, ancien chef d&rsquo;état-major de l&rsquo;armée de terre et président de la mission du centenaire de la Première Guerre mondiale était au micro d’<strong>Olivier Biscaye</strong> pour répondre à ses questions sur le <b>vivre ensemble,</b> et le<strong> conflit Ukraine-Russie.</strong></p>
<p>Visionnez dès maintenant l’émission, <strong>Radio Aviva</strong>,<strong> Libre échange</strong>, en partenariat avec <strong>Midi Libre</strong>.</p>
