{"id":6880,"date":"2023-06-23T16:04:23","date_gmt":"2023-06-23T14:04:23","guid":{"rendered":"https:\/\/radio-aviva.com\/nimes\/?post_type=podcast&#038;p=6880"},"modified":"2024-05-14T14:13:48","modified_gmt":"2024-05-14T12:13:48","slug":"yannick-pelloux-fondateur-total-festum-du-rouret","status":"publish","type":"podcast","link":"https:\/\/radio-aviva.com\/nimes\/podcast\/yannick-pelloux-fondateur-total-festum-du-rouret\/","title":{"rendered":"YANNICK PELLOUX, FONDATEUR &#8211; TOTAL FESTUM DU ROURET"},"content":{"rendered":"<p><strong>Yannick Pelloux<\/strong> nous pr\u00e9sente le <strong>Total Festum du Rouret<\/strong>, \u00e9v\u00e9nement \u00e9clectique et f\u00e9d\u00e9rateur qui aura lieu le <strong>samedi 24 juin<\/strong> \u00e0 partir de 14h \u00e0 <strong>Saint-Christol-lez-Al\u00e8s<\/strong>.<\/p>\n<p>Cet \u00e9v\u00e9nement est essentiellement destin\u00e9 aux <strong>enfants<\/strong> avec plusieurs activit\u00e9s telles qu&rsquo;une sieste musicale, une d\u00e9monstration de cirque, de quilles, un spectacle pour enfants ou encore une d\u00e9monstration de tambourins. Mais les adultes ne seront pas en reste avec notamment : un march\u00e9 artisan, des concerts, dj set ou encore le saut du feu de la Saint-Jean. Petits et grands sont donc assur\u00e9s de passer une belle apr\u00e8s-midi\/soir\u00e9e.<\/p>\n<p>&nbsp;<\/p>\n","protected":false},"author":336,"featured_media":6599,"template":"","tags":[],"podcastfilter":[8,23,175,241,11,205,183,234,152,212,133,5,211,191],"class_list":["post-6880","podcast","type-podcast","status-publish","has-post-thumbnail","hentry","podcastfilter-art","podcastfilter-artisanat","podcastfilter-artiste","podcastfilter-benevoles","podcastfilter-concert","podcastfilter-dj-set","podcastfilter-gard","podcastfilter-jeune-public","podcastfilter-linvite-de-la-matinale","podcastfilter-langue-occitane","podcastfilter-musique","podcastfilter-nimes","podcastfilter-occitanie","podcastfilter-spectacle"],"_links":{"self":[{"href":"https:\/\/radio-aviva.com\/nimes\/wp-json\/wp\/v2\/podcast\/6880","targetHints":{"allow":["GET"]}}],"collection":[{"href":"https:\/\/radio-aviva.com\/nimes\/wp-json\/wp\/v2\/podcast"}],"about":[{"href":"https:\/\/radio-aviva.com\/nimes\/wp-json\/wp\/v2\/types\/podcast"}],"author":[{"embeddable":true,"href":"https:\/\/radio-aviva.com\/nimes\/wp-json\/wp\/v2\/users\/336"}],"version-history":[{"count":1,"href":"https:\/\/radio-aviva.com\/nimes\/wp-json\/wp\/v2\/podcast\/6880\/revisions"}],"predecessor-version":[{"id":8651,"href":"https:\/\/radio-aviva.com\/nimes\/wp-json\/wp\/v2\/podcast\/6880\/revisions\/8651"}],"wp:featuredmedia":[{"embeddable":true,"href":"https:\/\/radio-aviva.com\/nimes\/wp-json\/wp\/v2\/media\/6599"}],"wp:attachment":[{"href":"https:\/\/radio-aviva.com\/nimes\/wp-json\/wp\/v2\/media?parent=6880"}],"wp:term":[{"taxonomy":"post_tag","embeddable":true,"href":"https:\/\/radio-aviva.com\/nimes\/wp-json\/wp\/v2\/tags?post=6880"},{"taxonomy":"podcastfilter","embeddable":true,"href":"https:\/\/radio-aviva.com\/nimes\/wp-json\/wp\/v2\/podcastfilter?post=6880"}],"curies":[{"name":"wp","href":"https:\/\/api.w.org\/{rel}","templated":true}]}}

<p><strong>Yannick Pelloux</strong> nous présente le <strong>Total Festum du Rouret</strong>, événement éclectique et fédérateur qui aura lieu le <strong>samedi 24 juin</strong> à partir de 14h à <strong>Saint-Christol-lez-Alès</strong>.</p>
<p>Cet événement est essentiellement destiné aux <strong>enfants</strong> avec plusieurs activités telles qu&rsquo;une sieste musicale, une démonstration de cirque, de quilles, un spectacle pour enfants ou encore une démonstration de tambourins. Mais les adultes ne seront pas en reste avec notamment : un marché artisan, des concerts, dj set ou encore le saut du feu de la Saint-Jean. Petits et grands sont donc assurés de passer une belle après-midi/soirée.</p>
<p>&nbsp;</p>
