{"id":6884,"date":"2023-06-27T12:20:01","date_gmt":"2023-06-27T10:20:01","guid":{"rendered":"https:\/\/radio-aviva.com\/nimes\/?post_type=podcast&#038;p=6884"},"modified":"2023-07-21T15:05:57","modified_gmt":"2023-07-21T13:05:57","slug":"stephan-coste-tresorier-et-entreneur-du-vandemian-tambourin-tournoi-final","status":"publish","type":"podcast","link":"https:\/\/radio-aviva.com\/nimes\/podcast\/stephan-coste-tresorier-et-entreneur-du-vandemian-tambourin-tournoi-final\/","title":{"rendered":"ST\u00c9PHAN COSTE, TR\u00c9SORIER ET ENTRENEUR DU VEND\u00c9MIAN TAMBOURIN &#8211; TOURNOI FINAL"},"content":{"rendered":"<p>&nbsp;<\/p>\n<p>Ce lundi 3 juillet, l&rsquo;invit\u00e9 sportif de Sydney BITON est <strong>Mr St\u00e9phan COSTE<\/strong>, tr\u00e9sorier et <strong>entraineur de l&rsquo;\u00e9quipe de Tambourin\u00a0 de Vend\u00e9mian<\/strong>. Il nous parle de ce sport, de son \u00e9quipe ainsi que leur <strong>Tournoi Final f\u00e9minin<\/strong> qui se d\u00e9roulera le <strong>7 juillet<\/strong>, en nocturne, \u00e0 partir de <strong>22h \u00e0 Vend\u00e9mian<\/strong>. Le lendemain, ce sera \u00e0 l&rsquo;<strong>\u00e9quipe masculine<\/strong> de jouer la finale.<\/p>\n","protected":false},"author":1,"featured_media":0,"template":"","tags":[],"podcastfilter":[174,19,253],"class_list":["post-6884","podcast","type-podcast","status-publish","hentry","podcastfilter-linvite-sportif","podcastfilter-sport","podcastfilter-tournoi"],"_links":{"self":[{"href":"https:\/\/radio-aviva.com\/nimes\/wp-json\/wp\/v2\/podcast\/6884","targetHints":{"allow":["GET"]}}],"collection":[{"href":"https:\/\/radio-aviva.com\/nimes\/wp-json\/wp\/v2\/podcast"}],"about":[{"href":"https:\/\/radio-aviva.com\/nimes\/wp-json\/wp\/v2\/types\/podcast"}],"author":[{"embeddable":true,"href":"https:\/\/radio-aviva.com\/nimes\/wp-json\/wp\/v2\/users\/1"}],"version-history":[{"count":0,"href":"https:\/\/radio-aviva.com\/nimes\/wp-json\/wp\/v2\/podcast\/6884\/revisions"}],"wp:attachment":[{"href":"https:\/\/radio-aviva.com\/nimes\/wp-json\/wp\/v2\/media?parent=6884"}],"wp:term":[{"taxonomy":"post_tag","embeddable":true,"href":"https:\/\/radio-aviva.com\/nimes\/wp-json\/wp\/v2\/tags?post=6884"},{"taxonomy":"podcastfilter","embeddable":true,"href":"https:\/\/radio-aviva.com\/nimes\/wp-json\/wp\/v2\/podcastfilter?post=6884"}],"curies":[{"name":"wp","href":"https:\/\/api.w.org\/{rel}","templated":true}]}}

STÉPHAN COSTE, TRÉSORIER ET ENTRENEUR DU VENDÉMIAN TAMBOURIN &#8211; TOURNOI FINAL

<p>&nbsp;</p>
<p>Ce lundi 3 juillet, l&rsquo;invité sportif de Sydney BITON est <strong>Mr Stéphan COSTE</strong>, trésorier et <strong>entraineur de l&rsquo;équipe de Tambourin  de Vendémian</strong>. Il nous parle de ce sport, de son équipe ainsi que leur <strong>Tournoi Final féminin</strong> qui se déroulera le <strong>7 juillet</strong>, en nocturne, à partir de <strong>22h à Vendémian</strong>. Le lendemain, ce sera à l&rsquo;<strong>équipe masculine</strong> de jouer la finale.</p>
