{"id":6886,"date":"2023-06-27T12:37:27","date_gmt":"2023-06-27T10:37:27","guid":{"rendered":"https:\/\/radio-aviva.com\/nimes\/blog\/podcast\/nordine-maktoubi-president-et-createur-du-fc-pas-du-loup-une-equipe-feminine-honoree-et-decoree\/"},"modified":"2023-07-21T14:59:30","modified_gmt":"2023-07-21T12:59:30","slug":"nordine-maktoubi-president-et-createur-du-fc-pas-du-loup-une-equipe-feminine-honoree-et-decoree","status":"publish","type":"podcast","link":"https:\/\/radio-aviva.com\/nimes\/podcast\/nordine-maktoubi-president-et-createur-du-fc-pas-du-loup-une-equipe-feminine-honoree-et-decoree\/","title":{"rendered":"NORDINE MAKTOUBI, PR\u00c9SIDENT ET CR\u00c9ATEUR DU FC PAS DU LOUP &#8211; UNE \u00c9QUIPE F\u00c9MININE HONOR\u00c9E ET D\u00c9COR\u00c9E"},"content":{"rendered":"<p>&nbsp;<\/p>\n<p>Ce mardi 27 juin, notre invit\u00e9 sportif est <strong>Mr Nordine MAKTOUBI<\/strong>, le pr\u00e9sident et cr\u00e9ateur de club de <strong>football montpelli\u00e9rain<\/strong>, le <strong>FC Pas du Loup<\/strong>. Il est tr\u00e8s fier de nous parler de son <strong>\u00e9quipe f\u00e9minine<\/strong> qui a \u00e9t\u00e9 <strong>honor\u00e9e et d\u00e9cor\u00e9e du troph\u00e9 du prix national \u00ab\u00a0Sensation&rsquo;elles\u00a0\u00bb<\/strong>. Ce dernier est d\u00e9cern\u00e9 par la <strong>f\u00e9d\u00e9ration fran\u00e7aise de football (FFF)<\/strong>, en partenariat avec <strong>Intermarch\u00e9<\/strong>, lors de la f\u00eate du sport de la Ville de <strong>Montpellier ZEST<\/strong> \u00ab Zone d\u2019Ev\u00e9nementiel Sportif Temporaire \u00bb, au c\u0153ur du <strong>quartier Croix d\u2019Argent<\/strong>, ce <strong>dimanche 25 juin<\/strong> 2023.<\/p>\n","protected":false},"author":1,"featured_media":0,"template":"","tags":[],"podcastfilter":[172,174,132,19],"class_list":["post-6886","podcast","type-podcast","status-publish","hentry","podcastfilter-femme","podcastfilter-linvite-sportif","podcastfilter-montpellier","podcastfilter-sport"],"_links":{"self":[{"href":"https:\/\/radio-aviva.com\/nimes\/wp-json\/wp\/v2\/podcast\/6886","targetHints":{"allow":["GET"]}}],"collection":[{"href":"https:\/\/radio-aviva.com\/nimes\/wp-json\/wp\/v2\/podcast"}],"about":[{"href":"https:\/\/radio-aviva.com\/nimes\/wp-json\/wp\/v2\/types\/podcast"}],"author":[{"embeddable":true,"href":"https:\/\/radio-aviva.com\/nimes\/wp-json\/wp\/v2\/users\/1"}],"version-history":[{"count":0,"href":"https:\/\/radio-aviva.com\/nimes\/wp-json\/wp\/v2\/podcast\/6886\/revisions"}],"wp:attachment":[{"href":"https:\/\/radio-aviva.com\/nimes\/wp-json\/wp\/v2\/media?parent=6886"}],"wp:term":[{"taxonomy":"post_tag","embeddable":true,"href":"https:\/\/radio-aviva.com\/nimes\/wp-json\/wp\/v2\/tags?post=6886"},{"taxonomy":"podcastfilter","embeddable":true,"href":"https:\/\/radio-aviva.com\/nimes\/wp-json\/wp\/v2\/podcastfilter?post=6886"}],"curies":[{"name":"wp","href":"https:\/\/api.w.org\/{rel}","templated":true}]}}

NORDINE MAKTOUBI, PRÉSIDENT ET CRÉATEUR DU FC PAS DU LOUP &#8211; UNE ÉQUIPE FÉMININE HONORÉE ET DÉCORÉE

<p>&nbsp;</p>
<p>Ce mardi 27 juin, notre invité sportif est <strong>Mr Nordine MAKTOUBI</strong>, le président et créateur de club de <strong>football montpelliérain</strong>, le <strong>FC Pas du Loup</strong>. Il est très fier de nous parler de son <strong>équipe féminine</strong> qui a été <strong>honorée et décorée du trophé du prix national « Sensation&rsquo;elles »</strong>. Ce dernier est décerné par la <strong>fédération française de football (FFF)</strong>, en partenariat avec <strong>Intermarché</strong>, lors de la fête du sport de la Ville de <strong>Montpellier ZEST</strong> « Zone d’Evénementiel Sportif Temporaire », au cœur du <strong>quartier Croix d’Argent</strong>, ce <strong>dimanche 25 juin</strong> 2023.</p>
