{"id":6890,"date":"2023-06-27T15:30:12","date_gmt":"2023-06-27T13:30:12","guid":{"rendered":"https:\/\/radio-aviva.com\/nimes\/?post_type=podcast&#038;p=6890"},"modified":"2023-06-27T15:30:12","modified_gmt":"2023-06-27T13:30:12","slug":"cris-herny-president-association-super-heros-grand-coeur","status":"publish","type":"podcast","link":"https:\/\/radio-aviva.com\/nimes\/podcast\/cris-herny-president-association-super-heros-grand-coeur\/","title":{"rendered":"CRIS HERNY, PRESIDENT ASSOCIATION &#8211; SUPER HEROS GRAND COEUR"},"content":{"rendered":"<p><strong>Cris Herny<\/strong> vous pr\u00e9sente l\u2019association <strong>Super h\u00e9ros grand c\u0153ur<\/strong>, une \u00e9quipe compos\u00e9e d\u2019anciens membres du Raid, du GIPN et d\u2019une infirmi\u00e8re qui se cache sous les <strong>d\u00e9guisements des Super-H\u00e9ros<\/strong>. Ils souhaitent offrir un moment de ga\u00eet\u00e9 aux <strong>enfants hospitalis\u00e9s<\/strong>, les voir surpris, les voir sourire, les sortir un instant de leur quotidien souvent pesant. Ils descendent les fa\u00e7ades des h\u00f4pitaux en rappel. Le spectacle est impressionnant. Ils se rendent ensuite dans chaque chambre pour que les enfants puissent prendre des photos avec leur h\u00e9ros pr\u00e9f\u00e9r\u00e9. Cr\u00e9\u00e9e en <strong>juin 2022<\/strong>, d\u00e9j\u00e0 plus de mille enfants ont re\u00e7u leur visite.<\/p>\n","protected":false},"author":336,"featured_media":6891,"template":"","tags":[],"podcastfilter":[150,241,254,183,250,2,132,5,211,29,226,6],"class_list":["post-6890","podcast","type-podcast","status-publish","has-post-thumbnail","hentry","podcastfilter-association","podcastfilter-benevoles","podcastfilter-enfants-hospitalises","podcastfilter-gard","podcastfilter-handicap","podcastfilter-la-voix-des-assos","podcastfilter-montpellier","podcastfilter-nimes","podcastfilter-occitanie","podcastfilter-sante","podcastfilter-solidaire","podcastfilter-solidarite"],"_links":{"self":[{"href":"https:\/\/radio-aviva.com\/nimes\/wp-json\/wp\/v2\/podcast\/6890","targetHints":{"allow":["GET"]}}],"collection":[{"href":"https:\/\/radio-aviva.com\/nimes\/wp-json\/wp\/v2\/podcast"}],"about":[{"href":"https:\/\/radio-aviva.com\/nimes\/wp-json\/wp\/v2\/types\/podcast"}],"author":[{"embeddable":true,"href":"https:\/\/radio-aviva.com\/nimes\/wp-json\/wp\/v2\/users\/336"}],"version-history":[{"count":0,"href":"https:\/\/radio-aviva.com\/nimes\/wp-json\/wp\/v2\/podcast\/6890\/revisions"}],"wp:featuredmedia":[{"embeddable":true,"href":"https:\/\/radio-aviva.com\/nimes\/wp-json\/wp\/v2\/media\/6891"}],"wp:attachment":[{"href":"https:\/\/radio-aviva.com\/nimes\/wp-json\/wp\/v2\/media?parent=6890"}],"wp:term":[{"taxonomy":"post_tag","embeddable":true,"href":"https:\/\/radio-aviva.com\/nimes\/wp-json\/wp\/v2\/tags?post=6890"},{"taxonomy":"podcastfilter","embeddable":true,"href":"https:\/\/radio-aviva.com\/nimes\/wp-json\/wp\/v2\/podcastfilter?post=6890"}],"curies":[{"name":"wp","href":"https:\/\/api.w.org\/{rel}","templated":true}]}}

<p><strong>Cris Herny</strong> vous présente l’association <strong>Super héros grand cœur</strong>, une équipe composée d’anciens membres du Raid, du GIPN et d’une infirmière qui se cache sous les <strong>déguisements des Super-Héros</strong>. Ils souhaitent offrir un moment de gaîté aux <strong>enfants hospitalisés</strong>, les voir surpris, les voir sourire, les sortir un instant de leur quotidien souvent pesant. Ils descendent les façades des hôpitaux en rappel. Le spectacle est impressionnant. Ils se rendent ensuite dans chaque chambre pour que les enfants puissent prendre des photos avec leur héros préféré. Créée en <strong>juin 2022</strong>, déjà plus de mille enfants ont reçu leur visite.</p>
