{"id":6899,"date":"2023-06-28T12:27:27","date_gmt":"2023-06-28T10:27:27","guid":{"rendered":"https:\/\/radio-aviva.com\/nimes\/blog\/podcast\/fabrice-canet-charge-de-communication-a-la-ffbb-match-france-montenegro\/"},"modified":"2023-06-28T12:27:27","modified_gmt":"2023-06-28T10:27:27","slug":"fabrice-canet-charge-de-communication-a-la-ffbb-match-france-montenegro","status":"publish","type":"podcast","link":"https:\/\/radio-aviva.com\/nimes\/podcast\/fabrice-canet-charge-de-communication-a-la-ffbb-match-france-montenegro\/","title":{"rendered":"FABRICE CANET, CHARG\u00c9 DE COMMUNICATION \u00c0 LA FFBB &#8211; MATCH FRANCE MONTENEGRO"},"content":{"rendered":"<p>&nbsp;<\/p>\n<p>Ce mardi 4 juillet 2023, notre Invit\u00e9 Sportif est Mr <strong>Fabrice CANET<\/strong>, charg\u00e9 de communication et des relations publiques \u00e0 la <strong>FFBB ( F\u00e9d\u00e9ration Fran\u00e7aise de BasketBall )<\/strong>. Il nous parle de sa vision du <strong>Basket<\/strong>, en France notamment, et du <strong>match<\/strong> qui se d\u00e9roulera \u00e0 l&rsquo;<strong>Arena Sud de France<\/strong> \u00e0 <strong>Montpellier<\/strong> le <strong>2 ao\u00fbt<\/strong> prochain : <strong>France &#8211; Montenegro.<\/strong><\/p>\n<p>Pour plus d&rsquo;informations : <a href=\"https:\/\/billetterie.ffbb.com\/fr\">https:\/\/billetterie.ffbb.com\/fr<\/a><\/p>\n","protected":false},"author":1,"featured_media":6900,"template":"","tags":[],"podcastfilter":[174,263,132],"class_list":["post-6899","podcast","type-podcast","status-publish","has-post-thumbnail","hentry","podcastfilter-linvite-sportif","podcastfilter-match","podcastfilter-montpellier"],"_links":{"self":[{"href":"https:\/\/radio-aviva.com\/nimes\/wp-json\/wp\/v2\/podcast\/6899","targetHints":{"allow":["GET"]}}],"collection":[{"href":"https:\/\/radio-aviva.com\/nimes\/wp-json\/wp\/v2\/podcast"}],"about":[{"href":"https:\/\/radio-aviva.com\/nimes\/wp-json\/wp\/v2\/types\/podcast"}],"author":[{"embeddable":true,"href":"https:\/\/radio-aviva.com\/nimes\/wp-json\/wp\/v2\/users\/1"}],"version-history":[{"count":0,"href":"https:\/\/radio-aviva.com\/nimes\/wp-json\/wp\/v2\/podcast\/6899\/revisions"}],"wp:featuredmedia":[{"embeddable":true,"href":"https:\/\/radio-aviva.com\/nimes\/wp-json\/wp\/v2\/media\/6900"}],"wp:attachment":[{"href":"https:\/\/radio-aviva.com\/nimes\/wp-json\/wp\/v2\/media?parent=6899"}],"wp:term":[{"taxonomy":"post_tag","embeddable":true,"href":"https:\/\/radio-aviva.com\/nimes\/wp-json\/wp\/v2\/tags?post=6899"},{"taxonomy":"podcastfilter","embeddable":true,"href":"https:\/\/radio-aviva.com\/nimes\/wp-json\/wp\/v2\/podcastfilter?post=6899"}],"curies":[{"name":"wp","href":"https:\/\/api.w.org\/{rel}","templated":true}]}}

FABRICE CANET, CHARGÉ DE COMMUNICATION À LA FFBB &#8211; MATCH FRANCE MONTENEGRO

<p>&nbsp;</p>
<p>Ce mardi 4 juillet 2023, notre Invité Sportif est Mr <strong>Fabrice CANET</strong>, chargé de communication et des relations publiques à la <strong>FFBB ( Fédération Française de BasketBall )</strong>. Il nous parle de sa vision du <strong>Basket</strong>, en France notamment, et du <strong>match</strong> qui se déroulera à l&rsquo;<strong>Arena Sud de France</strong> à <strong>Montpellier</strong> le <strong>2 août</strong> prochain : <strong>France &#8211; Montenegro.</strong></p>
<p>Pour plus d&rsquo;informations : <a href="https://billetterie.ffbb.com/fr">https://billetterie.ffbb.com/fr</a></p>
