{"id":6916,"date":"2023-06-30T15:06:04","date_gmt":"2023-06-30T13:06:04","guid":{"rendered":"https:\/\/radio-aviva.com\/nimes\/?post_type=podcast&#038;p=6916"},"modified":"2024-05-14T14:08:01","modified_gmt":"2024-05-14T12:08:01","slug":"le-labo-ivan-de-nimes-apero-vernissage-larene-des-fiertes","status":"publish","type":"podcast","link":"https:\/\/radio-aviva.com\/nimes\/podcast\/le-labo-ivan-de-nimes-apero-vernissage-larene-des-fiertes\/","title":{"rendered":"LE LABO, IVAN DE NIMES &#8211; APERO VERNISSAGE L&rsquo;ARENE DES FIERTES"},"content":{"rendered":"<p><strong>Ivan de N\u00eemes<\/strong>, artiste, nous pr\u00e9sente <strong>Le Labo<\/strong>, lieu d&rsquo;exposition et de manifestations artistiques o\u00f9 il accueille des artistes de tous les domaines mais aussi des associations. Vous pourrez notamment y retrouver le <strong>vendredi 7 juillet<\/strong> le vernissage de l&rsquo;exposition \u00ab\u00a0Walk for your rights\u00a0\u00bb du <strong>photographe Alex Allegri<\/strong>. Cet \u00e9v\u00e9nement aura lieu durant le festival LGBTQI+ et en collaboration avec <strong>L&rsquo;Ar\u00e8nes des fiert\u00e9s<\/strong>.<\/p>\n<p>&nbsp;<\/p>\n","protected":false},"author":336,"featured_media":6599,"template":"","tags":[],"podcastfilter":[8,175,150,22,183,152,5,257,271],"class_list":["post-6916","podcast","type-podcast","status-publish","has-post-thumbnail","hentry","podcastfilter-art","podcastfilter-artiste","podcastfilter-association","podcastfilter-exposition","podcastfilter-gard","podcastfilter-linvite-de-la-matinale","podcastfilter-nimes","podcastfilter-photographie","podcastfilter-vernissage"],"_links":{"self":[{"href":"https:\/\/radio-aviva.com\/nimes\/wp-json\/wp\/v2\/podcast\/6916","targetHints":{"allow":["GET"]}}],"collection":[{"href":"https:\/\/radio-aviva.com\/nimes\/wp-json\/wp\/v2\/podcast"}],"about":[{"href":"https:\/\/radio-aviva.com\/nimes\/wp-json\/wp\/v2\/types\/podcast"}],"author":[{"embeddable":true,"href":"https:\/\/radio-aviva.com\/nimes\/wp-json\/wp\/v2\/users\/336"}],"version-history":[{"count":1,"href":"https:\/\/radio-aviva.com\/nimes\/wp-json\/wp\/v2\/podcast\/6916\/revisions"}],"predecessor-version":[{"id":8647,"href":"https:\/\/radio-aviva.com\/nimes\/wp-json\/wp\/v2\/podcast\/6916\/revisions\/8647"}],"wp:featuredmedia":[{"embeddable":true,"href":"https:\/\/radio-aviva.com\/nimes\/wp-json\/wp\/v2\/media\/6599"}],"wp:attachment":[{"href":"https:\/\/radio-aviva.com\/nimes\/wp-json\/wp\/v2\/media?parent=6916"}],"wp:term":[{"taxonomy":"post_tag","embeddable":true,"href":"https:\/\/radio-aviva.com\/nimes\/wp-json\/wp\/v2\/tags?post=6916"},{"taxonomy":"podcastfilter","embeddable":true,"href":"https:\/\/radio-aviva.com\/nimes\/wp-json\/wp\/v2\/podcastfilter?post=6916"}],"curies":[{"name":"wp","href":"https:\/\/api.w.org\/{rel}","templated":true}]}}

<p><strong>Ivan de Nîmes</strong>, artiste, nous présente <strong>Le Labo</strong>, lieu d&rsquo;exposition et de manifestations artistiques où il accueille des artistes de tous les domaines mais aussi des associations. Vous pourrez notamment y retrouver le <strong>vendredi 7 juillet</strong> le vernissage de l&rsquo;exposition « Walk for your rights » du <strong>photographe Alex Allegri</strong>. Cet événement aura lieu durant le festival LGBTQI+ et en collaboration avec <strong>L&rsquo;Arènes des fiertés</strong>.</p>
<p>&nbsp;</p>
