{"id":6921,"date":"2023-07-03T17:11:41","date_gmt":"2023-07-03T15:11:41","guid":{"rendered":"https:\/\/radio-aviva.com\/nimes\/?post_type=podcast&#038;p=6921"},"modified":"2023-07-03T17:11:41","modified_gmt":"2023-07-03T15:11:41","slug":"julien-tourel-co-organisateur-cicada-festival","status":"publish","type":"podcast","link":"https:\/\/radio-aviva.com\/nimes\/podcast\/julien-tourel-co-organisateur-cicada-festival\/","title":{"rendered":"JULIEN TOUREL, CO ORGANISATEUR &#8211; CICADA FESTIVAL"},"content":{"rendered":"<p><strong>Julien Tourel<\/strong>, co-organisateur nous pr\u00e9sente le <strong>Cicada Festival <\/strong>de sa cr\u00e9ation il y a 6ans \u00e0 la programmation de cette \u00e9dition 2023 qui aura lieu les <strong>7 et 8 juillet<\/strong> \u00e0 <strong>Uz\u00e8s<\/strong>. Plus que de la musique, vous pourrez assister \u00e0 des ateliers, d\u00e9couvrir des foodtrucks locaux, faire une p\u00e9tanque ou encore initier les plus petits au mix, de quoi combler toutes les g\u00e9n\u00e9rations.<\/p>\n","protected":false},"author":336,"featured_media":6599,"template":"","tags":[],"podcastfilter":[175,11,204,205,173,262,183,152,133,5,213],"class_list":["post-6921","podcast","type-podcast","status-publish","has-post-thumbnail","hentry","podcastfilter-artiste","podcastfilter-concert","podcastfilter-dj","podcastfilter-dj-set","podcastfilter-festival","podcastfilter-food-truck","podcastfilter-gard","podcastfilter-linvite-de-la-matinale","podcastfilter-musique","podcastfilter-nimes","podcastfilter-uzes"],"_links":{"self":[{"href":"https:\/\/radio-aviva.com\/nimes\/wp-json\/wp\/v2\/podcast\/6921","targetHints":{"allow":["GET"]}}],"collection":[{"href":"https:\/\/radio-aviva.com\/nimes\/wp-json\/wp\/v2\/podcast"}],"about":[{"href":"https:\/\/radio-aviva.com\/nimes\/wp-json\/wp\/v2\/types\/podcast"}],"author":[{"embeddable":true,"href":"https:\/\/radio-aviva.com\/nimes\/wp-json\/wp\/v2\/users\/336"}],"version-history":[{"count":0,"href":"https:\/\/radio-aviva.com\/nimes\/wp-json\/wp\/v2\/podcast\/6921\/revisions"}],"wp:featuredmedia":[{"embeddable":true,"href":"https:\/\/radio-aviva.com\/nimes\/wp-json\/wp\/v2\/media\/6599"}],"wp:attachment":[{"href":"https:\/\/radio-aviva.com\/nimes\/wp-json\/wp\/v2\/media?parent=6921"}],"wp:term":[{"taxonomy":"post_tag","embeddable":true,"href":"https:\/\/radio-aviva.com\/nimes\/wp-json\/wp\/v2\/tags?post=6921"},{"taxonomy":"podcastfilter","embeddable":true,"href":"https:\/\/radio-aviva.com\/nimes\/wp-json\/wp\/v2\/podcastfilter?post=6921"}],"curies":[{"name":"wp","href":"https:\/\/api.w.org\/{rel}","templated":true}]}}

<p><strong>Julien Tourel</strong>, co-organisateur nous présente le <strong>Cicada Festival </strong>de sa création il y a 6ans à la programmation de cette édition 2023 qui aura lieu les <strong>7 et 8 juillet</strong> à <strong>Uzès</strong>. Plus que de la musique, vous pourrez assister à des ateliers, découvrir des foodtrucks locaux, faire une pétanque ou encore initier les plus petits au mix, de quoi combler toutes les générations.</p>
