{"id":6922,"date":"2023-07-04T11:59:53","date_gmt":"2023-07-04T09:59:53","guid":{"rendered":"https:\/\/radio-aviva.com\/nimes\/?post_type=podcast&#038;p=6922"},"modified":"2023-07-04T11:59:53","modified_gmt":"2023-07-04T09:59:53","slug":"patrick-bonnet-ancien-coureur-du-tour-de-france-le-cyclisme-et-le-tour-de-france-2023","status":"publish","type":"podcast","link":"https:\/\/radio-aviva.com\/nimes\/podcast\/patrick-bonnet-ancien-coureur-du-tour-de-france-le-cyclisme-et-le-tour-de-france-2023\/","title":{"rendered":"PATRICK BONNET, ANCIEN COUREUR DU TOUR DE FRANCE &#8211; LE CYCLISME ET LE TOUR DE FRANCE 2023"},"content":{"rendered":"<p>&nbsp;<\/p>\n<p>Ce mardi 4 juillet 2023, l&rsquo;<strong>Invit\u00e9 Sportif<\/strong> de Sydney BITON est <strong>Mr Patrick BONNET<\/strong>, un <strong>Montpelli\u00e9rain et ancien coureur professionnel<\/strong>. Il nous parle de sa discipline, le cyclisme, et du <strong>Tour de France 2023<\/strong>, qui a d\u00e9but\u00e9 \u00e0 <strong>Bilbao le 1er juillet<\/strong>.<\/p>\n","protected":false},"author":1,"featured_media":0,"template":"","tags":[],"podcastfilter":[174,19,272],"class_list":["post-6922","podcast","type-podcast","status-publish","hentry","podcastfilter-linvite-sportif","podcastfilter-sport","podcastfilter-tour-de-france"],"_links":{"self":[{"href":"https:\/\/radio-aviva.com\/nimes\/wp-json\/wp\/v2\/podcast\/6922","targetHints":{"allow":["GET"]}}],"collection":[{"href":"https:\/\/radio-aviva.com\/nimes\/wp-json\/wp\/v2\/podcast"}],"about":[{"href":"https:\/\/radio-aviva.com\/nimes\/wp-json\/wp\/v2\/types\/podcast"}],"author":[{"embeddable":true,"href":"https:\/\/radio-aviva.com\/nimes\/wp-json\/wp\/v2\/users\/1"}],"version-history":[{"count":0,"href":"https:\/\/radio-aviva.com\/nimes\/wp-json\/wp\/v2\/podcast\/6922\/revisions"}],"wp:attachment":[{"href":"https:\/\/radio-aviva.com\/nimes\/wp-json\/wp\/v2\/media?parent=6922"}],"wp:term":[{"taxonomy":"post_tag","embeddable":true,"href":"https:\/\/radio-aviva.com\/nimes\/wp-json\/wp\/v2\/tags?post=6922"},{"taxonomy":"podcastfilter","embeddable":true,"href":"https:\/\/radio-aviva.com\/nimes\/wp-json\/wp\/v2\/podcastfilter?post=6922"}],"curies":[{"name":"wp","href":"https:\/\/api.w.org\/{rel}","templated":true}]}}

<p>&nbsp;</p>
<p>Ce mardi 4 juillet 2023, l&rsquo;<strong>Invité Sportif</strong> de Sydney BITON est <strong>Mr Patrick BONNET</strong>, un <strong>Montpelliérain et ancien coureur professionnel</strong>. Il nous parle de sa discipline, le cyclisme, et du <strong>Tour de France 2023</strong>, qui a débuté à <strong>Bilbao le 1er juillet</strong>.</p>
