{"id":6952,"date":"2023-07-17T16:38:38","date_gmt":"2023-07-17T14:38:38","guid":{"rendered":"https:\/\/radio-aviva.com\/nimes\/?post_type=podcast&#038;p=6952"},"modified":"2023-07-17T16:38:38","modified_gmt":"2023-07-17T14:38:38","slug":"arno-maxx-createur-et-directeur-la-comedie-de-nimes-festival-dete","status":"publish","type":"podcast","link":"https:\/\/radio-aviva.com\/nimes\/podcast\/arno-maxx-createur-et-directeur-la-comedie-de-nimes-festival-dete\/","title":{"rendered":"ARNO MAXX, CREATEUR ET DIRECTEUR LA COMEDIE DE NIMES &#8211; FESTIVAL D\u2019ETE"},"content":{"rendered":"<p><strong>Arno Maxx<\/strong>, cr\u00e9ateur et directeur du caf\u00e9 th\u00e9\u00e2tre <strong>La Com\u00e9die de N\u00eemes<\/strong>, nous pr\u00e9sente sa structure et notamment la <strong>2\u00e8me \u00e9dition du festival d&rsquo;\u00e9t\u00e9<\/strong> <strong>\u00ab\u00a0Le mercredi, c&rsquo;est com\u00e9die\u00a0\u00bb<\/strong> qui aura lieu du <strong>5 juillet au 30 ao\u00fbt\u00a0<\/strong>avec un rendez-vous hebdomadaire, vous l&rsquo;aurez compris, tous les mercredis.<\/p>\n","protected":false},"author":336,"featured_media":6954,"template":"","tags":[],"podcastfilter":[8,175,236,160,11,28,204,205,246,173,183,234,248,133,5,211,191,25],"class_list":["post-6952","podcast","type-podcast","status-publish","has-post-thumbnail","hentry","podcastfilter-art","podcastfilter-artiste","podcastfilter-comedie","podcastfilter-comedien","podcastfilter-concert","podcastfilter-culture","podcastfilter-dj","podcastfilter-dj-set","podcastfilter-entracte","podcastfilter-festival","podcastfilter-gard","podcastfilter-jeune-public","podcastfilter-la-comedie-de-nimes","podcastfilter-musique","podcastfilter-nimes","podcastfilter-occitanie","podcastfilter-spectacle","podcastfilter-theatre"],"_links":{"self":[{"href":"https:\/\/radio-aviva.com\/nimes\/wp-json\/wp\/v2\/podcast\/6952","targetHints":{"allow":["GET"]}}],"collection":[{"href":"https:\/\/radio-aviva.com\/nimes\/wp-json\/wp\/v2\/podcast"}],"about":[{"href":"https:\/\/radio-aviva.com\/nimes\/wp-json\/wp\/v2\/types\/podcast"}],"author":[{"embeddable":true,"href":"https:\/\/radio-aviva.com\/nimes\/wp-json\/wp\/v2\/users\/336"}],"version-history":[{"count":0,"href":"https:\/\/radio-aviva.com\/nimes\/wp-json\/wp\/v2\/podcast\/6952\/revisions"}],"wp:featuredmedia":[{"embeddable":true,"href":"https:\/\/radio-aviva.com\/nimes\/wp-json\/wp\/v2\/media\/6954"}],"wp:attachment":[{"href":"https:\/\/radio-aviva.com\/nimes\/wp-json\/wp\/v2\/media?parent=6952"}],"wp:term":[{"taxonomy":"post_tag","embeddable":true,"href":"https:\/\/radio-aviva.com\/nimes\/wp-json\/wp\/v2\/tags?post=6952"},{"taxonomy":"podcastfilter","embeddable":true,"href":"https:\/\/radio-aviva.com\/nimes\/wp-json\/wp\/v2\/podcastfilter?post=6952"}],"curies":[{"name":"wp","href":"https:\/\/api.w.org\/{rel}","templated":true}]}}

<p><strong>Arno Maxx</strong>, créateur et directeur du café théâtre <strong>La Comédie de Nîmes</strong>, nous présente sa structure et notamment la <strong>2ème édition du festival d&rsquo;été</strong> <strong>« Le mercredi, c&rsquo;est comédie »</strong> qui aura lieu du <strong>5 juillet au 30 août </strong>avec un rendez-vous hebdomadaire, vous l&rsquo;aurez compris, tous les mercredis.</p>
