{"id":6955,"date":"2023-07-18T12:25:39","date_gmt":"2023-07-18T10:25:39","guid":{"rendered":"https:\/\/radio-aviva.com\/nimes\/blog\/podcast\/gilles-bonutti-president-de-palavas-petanque-international-feminin-2023-du-27-au-30-juillet\/"},"modified":"2023-07-18T12:25:39","modified_gmt":"2023-07-18T10:25:39","slug":"gilles-bonutti-president-de-palavas-petanque-international-feminin-2023-du-27-au-30-juillet","status":"publish","type":"podcast","link":"https:\/\/radio-aviva.com\/nimes\/podcast\/gilles-bonutti-president-de-palavas-petanque-international-feminin-2023-du-27-au-30-juillet\/","title":{"rendered":"GILLES BONUTTI, PR\u00c9SIDENT DE PALAVAS P\u00c9TANQUE &#8211; INTERNATIONAL F\u00c9MININ 2023 DU 27 AU 30 JUILLET"},"content":{"rendered":"<p>&nbsp;<\/p>\n<p>Ce mercredi 19 juillet, notre <strong>Invit\u00e9 Sportif<\/strong> est <strong>Mr Gilles BONUTTI<\/strong>, le pr\u00e9sident de <strong>Palavas P\u00e9tanque<\/strong>, pour qu&rsquo;il nous pr\u00e9sente leur prochain grand \u00e9v\u00e8nement : <strong>l&rsquo;International F\u00e9minin 2023<\/strong>, qui se d\u00e9roule du <strong>jeudi 27 au dimanche 30 juillet<\/strong> \u00e0 Palavas-les-Flots.<\/p>\n","protected":false},"author":1,"featured_media":6956,"template":"","tags":[],"podcastfilter":[174,132,19],"class_list":["post-6955","podcast","type-podcast","status-publish","has-post-thumbnail","hentry","podcastfilter-linvite-sportif","podcastfilter-montpellier","podcastfilter-sport"],"_links":{"self":[{"href":"https:\/\/radio-aviva.com\/nimes\/wp-json\/wp\/v2\/podcast\/6955","targetHints":{"allow":["GET"]}}],"collection":[{"href":"https:\/\/radio-aviva.com\/nimes\/wp-json\/wp\/v2\/podcast"}],"about":[{"href":"https:\/\/radio-aviva.com\/nimes\/wp-json\/wp\/v2\/types\/podcast"}],"author":[{"embeddable":true,"href":"https:\/\/radio-aviva.com\/nimes\/wp-json\/wp\/v2\/users\/1"}],"version-history":[{"count":0,"href":"https:\/\/radio-aviva.com\/nimes\/wp-json\/wp\/v2\/podcast\/6955\/revisions"}],"wp:featuredmedia":[{"embeddable":true,"href":"https:\/\/radio-aviva.com\/nimes\/wp-json\/wp\/v2\/media\/6956"}],"wp:attachment":[{"href":"https:\/\/radio-aviva.com\/nimes\/wp-json\/wp\/v2\/media?parent=6955"}],"wp:term":[{"taxonomy":"post_tag","embeddable":true,"href":"https:\/\/radio-aviva.com\/nimes\/wp-json\/wp\/v2\/tags?post=6955"},{"taxonomy":"podcastfilter","embeddable":true,"href":"https:\/\/radio-aviva.com\/nimes\/wp-json\/wp\/v2\/podcastfilter?post=6955"}],"curies":[{"name":"wp","href":"https:\/\/api.w.org\/{rel}","templated":true}]}}

GILLES BONUTTI, PRÉSIDENT DE PALAVAS PÉTANQUE &#8211; INTERNATIONAL FÉMININ 2023 DU 27 AU 30 JUILLET

<p>&nbsp;</p>
<p>Ce mercredi 19 juillet, notre <strong>Invité Sportif</strong> est <strong>Mr Gilles BONUTTI</strong>, le président de <strong>Palavas Pétanque</strong>, pour qu&rsquo;il nous présente leur prochain grand évènement : <strong>l&rsquo;International Féminin 2023</strong>, qui se déroule du <strong>jeudi 27 au dimanche 30 juillet</strong> à Palavas-les-Flots.</p>
