{"id":6960,"date":"2023-07-18T15:20:31","date_gmt":"2023-07-18T13:20:31","guid":{"rendered":"https:\/\/radio-aviva.com\/nimes\/?post_type=podcast&#038;p=6960"},"modified":"2023-07-18T15:20:31","modified_gmt":"2023-07-18T13:20:31","slug":"claire-beaujouan-charge-com-secretaire-bric-a-broc-solidr","status":"publish","type":"podcast","link":"https:\/\/radio-aviva.com\/nimes\/podcast\/claire-beaujouan-charge-com-secretaire-bric-a-broc-solidr\/","title":{"rendered":"CLAIRE BEAUJOUAN, CHARGE COM, SECRETAIRE &#8211; BRIC A BROC SOLID\u2019R"},"content":{"rendered":"<p><strong>Claire Beaujouan<\/strong>, secr\u00e9taire de l&rsquo;association <strong>Bric \u00e0 Broc Solid&rsquo;r<\/strong>, nous pr\u00e9sente ce <strong>vide grenier permanent \u00e0 but caritatif<\/strong> qui plus qu&rsquo;un magasin est un v\u00e9ritable lieu de convivialit\u00e9 et de rencontres. De sa cr\u00e9ation le 6 septembre 2021 \u00e0 leur d\u00e9m\u00e9nagement pour agrandissement en juin 2023, d\u00e9couvrez cet endroit o\u00f9 le lien social prime. Vous pourrez \u00e9galement y retrouver les associations <strong>La Goutte d&rsquo;eau solidarit\u00e9 France Vietnam<\/strong> et <strong>Solidar&rsquo;Birmanie<\/strong>.<\/p>\n<p>&nbsp;<\/p>\n","protected":false},"author":336,"featured_media":6961,"template":"","tags":[],"podcastfilter":[150,241,279,183,2,5,226,6],"class_list":["post-6960","podcast","type-podcast","status-publish","has-post-thumbnail","hentry","podcastfilter-association","podcastfilter-benevoles","podcastfilter-echanges","podcastfilter-gard","podcastfilter-la-voix-des-assos","podcastfilter-nimes","podcastfilter-solidaire","podcastfilter-solidarite"],"_links":{"self":[{"href":"https:\/\/radio-aviva.com\/nimes\/wp-json\/wp\/v2\/podcast\/6960","targetHints":{"allow":["GET"]}}],"collection":[{"href":"https:\/\/radio-aviva.com\/nimes\/wp-json\/wp\/v2\/podcast"}],"about":[{"href":"https:\/\/radio-aviva.com\/nimes\/wp-json\/wp\/v2\/types\/podcast"}],"author":[{"embeddable":true,"href":"https:\/\/radio-aviva.com\/nimes\/wp-json\/wp\/v2\/users\/336"}],"version-history":[{"count":0,"href":"https:\/\/radio-aviva.com\/nimes\/wp-json\/wp\/v2\/podcast\/6960\/revisions"}],"wp:featuredmedia":[{"embeddable":true,"href":"https:\/\/radio-aviva.com\/nimes\/wp-json\/wp\/v2\/media\/6961"}],"wp:attachment":[{"href":"https:\/\/radio-aviva.com\/nimes\/wp-json\/wp\/v2\/media?parent=6960"}],"wp:term":[{"taxonomy":"post_tag","embeddable":true,"href":"https:\/\/radio-aviva.com\/nimes\/wp-json\/wp\/v2\/tags?post=6960"},{"taxonomy":"podcastfilter","embeddable":true,"href":"https:\/\/radio-aviva.com\/nimes\/wp-json\/wp\/v2\/podcastfilter?post=6960"}],"curies":[{"name":"wp","href":"https:\/\/api.w.org\/{rel}","templated":true}]}}

<p><strong>Claire Beaujouan</strong>, secrétaire de l&rsquo;association <strong>Bric à Broc Solid&rsquo;r</strong>, nous présente ce <strong>vide grenier permanent à but caritatif</strong> qui plus qu&rsquo;un magasin est un véritable lieu de convivialité et de rencontres. De sa création le 6 septembre 2021 à leur déménagement pour agrandissement en juin 2023, découvrez cet endroit où le lien social prime. Vous pourrez également y retrouver les associations <strong>La Goutte d&rsquo;eau solidarité France Vietnam</strong> et <strong>Solidar&rsquo;Birmanie</strong>.</p>
<p>&nbsp;</p>
