{"id":6965,"date":"2023-07-19T14:31:04","date_gmt":"2023-07-19T12:31:04","guid":{"rendered":"https:\/\/radio-aviva.com\/nimes\/?post_type=podcast&#038;p=6965"},"modified":"2023-07-19T14:31:04","modified_gmt":"2023-07-19T12:31:04","slug":"david-storper-president-collectif-histoire-et-memoire-presentation","status":"publish","type":"podcast","link":"https:\/\/radio-aviva.com\/nimes\/podcast\/david-storper-president-collectif-histoire-et-memoire-presentation\/","title":{"rendered":"DAVID STORPER, PRESIDENT COLLECTIF HISTOIRE ET MEMOIRE &#8211; PRESENTATION"},"content":{"rendered":"<p><strong>David Storper<\/strong> a \u00e9t\u00e9 nomm\u00e9 <strong>pr\u00e9sident<\/strong> du <strong>Collectif histoire et m\u00e9moire<\/strong> r\u00e9cemment. Dans ce <strong>portrait<\/strong> vous pourrez d\u00e9couvrir son <strong>parcours<\/strong>, les <strong>actions<\/strong> qu&rsquo;il m\u00e8ne ou encore ses <strong>ambitions<\/strong>.<\/p>\n","protected":false},"author":336,"featured_media":6963,"template":"","tags":[],"podcastfilter":[150,241,232,183,189,167,274,176,30,7,5,283],"class_list":["post-6965","podcast","type-podcast","status-publish","has-post-thumbnail","hentry","podcastfilter-association","podcastfilter-benevoles","podcastfilter-commemoration","podcastfilter-gard","podcastfilter-histoire","podcastfilter-histoire-juive","podcastfilter-hommage","podcastfilter-invite-de-la-redaction","podcastfilter-linvite-de-la-redaction","podcastfilter-lutte-contre-l-antisemitisme","podcastfilter-nimes","podcastfilter-portrait"],"_links":{"self":[{"href":"https:\/\/radio-aviva.com\/nimes\/wp-json\/wp\/v2\/podcast\/6965","targetHints":{"allow":["GET"]}}],"collection":[{"href":"https:\/\/radio-aviva.com\/nimes\/wp-json\/wp\/v2\/podcast"}],"about":[{"href":"https:\/\/radio-aviva.com\/nimes\/wp-json\/wp\/v2\/types\/podcast"}],"author":[{"embeddable":true,"href":"https:\/\/radio-aviva.com\/nimes\/wp-json\/wp\/v2\/users\/336"}],"version-history":[{"count":0,"href":"https:\/\/radio-aviva.com\/nimes\/wp-json\/wp\/v2\/podcast\/6965\/revisions"}],"wp:featuredmedia":[{"embeddable":true,"href":"https:\/\/radio-aviva.com\/nimes\/wp-json\/wp\/v2\/media\/6963"}],"wp:attachment":[{"href":"https:\/\/radio-aviva.com\/nimes\/wp-json\/wp\/v2\/media?parent=6965"}],"wp:term":[{"taxonomy":"post_tag","embeddable":true,"href":"https:\/\/radio-aviva.com\/nimes\/wp-json\/wp\/v2\/tags?post=6965"},{"taxonomy":"podcastfilter","embeddable":true,"href":"https:\/\/radio-aviva.com\/nimes\/wp-json\/wp\/v2\/podcastfilter?post=6965"}],"curies":[{"name":"wp","href":"https:\/\/api.w.org\/{rel}","templated":true}]}}

<p><strong>David Storper</strong> a été nommé <strong>président</strong> du <strong>Collectif histoire et mémoire</strong> récemment. Dans ce <strong>portrait</strong> vous pourrez découvrir son <strong>parcours</strong>, les <strong>actions</strong> qu&rsquo;il mène ou encore ses <strong>ambitions</strong>.</p>
