{"id":6967,"date":"2023-07-19T15:15:29","date_gmt":"2023-07-19T13:15:29","guid":{"rendered":"https:\/\/radio-aviva.com\/nimes\/?post_type=podcast&#038;p=6967"},"modified":"2023-07-19T15:15:29","modified_gmt":"2023-07-19T13:15:29","slug":"gregoire-girard-directeur-artistique-festival-rosa-musica","status":"publish","type":"podcast","link":"https:\/\/radio-aviva.com\/nimes\/podcast\/gregoire-girard-directeur-artistique-festival-rosa-musica\/","title":{"rendered":"GREGOIRE GIRARD, DIRECTEUR ARTISTIQUE &#8211; FESTIVAL ROSA MUSICA"},"content":{"rendered":"<p><strong>Gr\u00e9goire Girard<\/strong>, directeur artistique, vous pr\u00e9sente le <strong>Festival Rosa Musica<\/strong> qui f\u00eate cette ann\u00e9e sa quatri\u00e8me \u00e9dition. Cr\u00e9er une \u00e9nergie entre musique classique et territoire est l&rsquo;objectif de ce festival qui se d\u00e9place tout l&rsquo;\u00e9t\u00e9 le long du Rh\u00f4ne.<\/p>\n<p>Les dates gardoises \u00e0 retenir sont le <strong>26 juillet<\/strong> pour la soir\u00e9e \u00ab\u00a0Terres d&rsquo;espoir\u00a0\u00bb \u00e0 l&rsquo;Ermitage de Mayran \u00e0 Saint-Victor-la-Coste, le <strong>8 ao\u00fbt<\/strong> pour la soir\u00e9e \u00ab\u00a0L&rsquo;amour et la nature\u00a0\u00bb au domaine Le Chanoine Rambert de Saint-Andr\u00e9-d&rsquo;Ol\u00e9rargues et le <strong>11 ao\u00fbt<\/strong> pour un \u00ab\u00a0Itin\u00e9raire romantique\u00a0\u00bb \u00e0 la Chapelle St Julien-de-Pistrin de Sabran.<\/p>\n","protected":false},"author":336,"featured_media":6782,"template":"","tags":[],"podcastfilter":[8,175,11,28,24,173,183,133,284,5],"class_list":["post-6967","podcast","type-podcast","status-publish","has-post-thumbnail","hentry","podcastfilter-art","podcastfilter-artiste","podcastfilter-concert","podcastfilter-culture","podcastfilter-culture-et-compagnie","podcastfilter-festival","podcastfilter-gard","podcastfilter-musique","podcastfilter-musique-classique","podcastfilter-nimes"],"_links":{"self":[{"href":"https:\/\/radio-aviva.com\/nimes\/wp-json\/wp\/v2\/podcast\/6967","targetHints":{"allow":["GET"]}}],"collection":[{"href":"https:\/\/radio-aviva.com\/nimes\/wp-json\/wp\/v2\/podcast"}],"about":[{"href":"https:\/\/radio-aviva.com\/nimes\/wp-json\/wp\/v2\/types\/podcast"}],"author":[{"embeddable":true,"href":"https:\/\/radio-aviva.com\/nimes\/wp-json\/wp\/v2\/users\/336"}],"version-history":[{"count":0,"href":"https:\/\/radio-aviva.com\/nimes\/wp-json\/wp\/v2\/podcast\/6967\/revisions"}],"wp:featuredmedia":[{"embeddable":true,"href":"https:\/\/radio-aviva.com\/nimes\/wp-json\/wp\/v2\/media\/6782"}],"wp:attachment":[{"href":"https:\/\/radio-aviva.com\/nimes\/wp-json\/wp\/v2\/media?parent=6967"}],"wp:term":[{"taxonomy":"post_tag","embeddable":true,"href":"https:\/\/radio-aviva.com\/nimes\/wp-json\/wp\/v2\/tags?post=6967"},{"taxonomy":"podcastfilter","embeddable":true,"href":"https:\/\/radio-aviva.com\/nimes\/wp-json\/wp\/v2\/podcastfilter?post=6967"}],"curies":[{"name":"wp","href":"https:\/\/api.w.org\/{rel}","templated":true}]}}

<p><strong>Grégoire Girard</strong>, directeur artistique, vous présente le <strong>Festival Rosa Musica</strong> qui fête cette année sa quatrième édition. Créer une énergie entre musique classique et territoire est l&rsquo;objectif de ce festival qui se déplace tout l&rsquo;été le long du Rhône.</p>
<p>Les dates gardoises à retenir sont le <strong>26 juillet</strong> pour la soirée « Terres d&rsquo;espoir » à l&rsquo;Ermitage de Mayran à Saint-Victor-la-Coste, le <strong>8 août</strong> pour la soirée « L&rsquo;amour et la nature » au domaine Le Chanoine Rambert de Saint-André-d&rsquo;Olérargues et le <strong>11 août</strong> pour un « Itinéraire romantique » à la Chapelle St Julien-de-Pistrin de Sabran.</p>
