{"id":6973,"date":"2023-07-20T11:58:52","date_gmt":"2023-07-20T09:58:52","guid":{"rendered":"https:\/\/radio-aviva.com\/nimes\/?post_type=podcast&#038;p=6973"},"modified":"2023-07-20T12:11:46","modified_gmt":"2023-07-20T10:11:46","slug":"la-semaine-internationale-des-ecoles-de-rugby-2023-cedric-pisano-directeur-des-ecoles-de-rugby-a-xv-de-france","status":"publish","type":"podcast","link":"https:\/\/radio-aviva.com\/nimes\/podcast\/la-semaine-internationale-des-ecoles-de-rugby-2023-cedric-pisano-directeur-des-ecoles-de-rugby-a-xv-de-france\/","title":{"rendered":"LA SEMAINE NATIONALE DES \u00c9COLES DE RUGBY 2023 &#8211; C\u00c9DRIC PISONI, DIRECTEUR DES \u00c9COLES DE RUGBY \u00c0 XV DE FRANCE"},"content":{"rendered":"<p>&nbsp;<\/p>\n<p>Ce vendredi 21 juillet 2023, notre <strong>Invit\u00e9 Sportif<\/strong> est <strong>Mr C\u00e9dric PISONI<\/strong>, directeur des <strong>\u00c9coles de Rugby \u00e0 XV de France<\/strong>. Il nous pr\u00e9sente la<strong> 7\u00e8me \u00e9dition<\/strong> de la <strong>Semaine Nationale des \u00c9coles de Rugby<\/strong>, qui se d\u00e9roule du <strong>6 au 13 septembre 2023<\/strong>. Il s&rsquo;agit d&rsquo;une semaine dans l&rsquo;ann\u00e9e o\u00f9 <strong>tous les clubs de France<\/strong> ouvrent leur portes pour permettre \u00e0 leurs licenci\u00e9s d&rsquo;inviter leurs amis, qui ont entre <strong>3 et 15 ans<\/strong> et qui souhaitent s&rsquo;essayer \u00e0 a ce sport.<\/p>\n","protected":false},"author":1,"featured_media":6976,"template":"","tags":[],"podcastfilter":[174,285,19],"class_list":["post-6973","podcast","type-podcast","status-publish","has-post-thumbnail","hentry","podcastfilter-linvite-sportif","podcastfilter-rugby","podcastfilter-sport"],"_links":{"self":[{"href":"https:\/\/radio-aviva.com\/nimes\/wp-json\/wp\/v2\/podcast\/6973","targetHints":{"allow":["GET"]}}],"collection":[{"href":"https:\/\/radio-aviva.com\/nimes\/wp-json\/wp\/v2\/podcast"}],"about":[{"href":"https:\/\/radio-aviva.com\/nimes\/wp-json\/wp\/v2\/types\/podcast"}],"author":[{"embeddable":true,"href":"https:\/\/radio-aviva.com\/nimes\/wp-json\/wp\/v2\/users\/1"}],"version-history":[{"count":0,"href":"https:\/\/radio-aviva.com\/nimes\/wp-json\/wp\/v2\/podcast\/6973\/revisions"}],"wp:featuredmedia":[{"embeddable":true,"href":"https:\/\/radio-aviva.com\/nimes\/wp-json\/wp\/v2\/media\/6976"}],"wp:attachment":[{"href":"https:\/\/radio-aviva.com\/nimes\/wp-json\/wp\/v2\/media?parent=6973"}],"wp:term":[{"taxonomy":"post_tag","embeddable":true,"href":"https:\/\/radio-aviva.com\/nimes\/wp-json\/wp\/v2\/tags?post=6973"},{"taxonomy":"podcastfilter","embeddable":true,"href":"https:\/\/radio-aviva.com\/nimes\/wp-json\/wp\/v2\/podcastfilter?post=6973"}],"curies":[{"name":"wp","href":"https:\/\/api.w.org\/{rel}","templated":true}]}}

LA SEMAINE NATIONALE DES ÉCOLES DE RUGBY 2023 &#8211; CÉDRIC PISONI, DIRECTEUR DES ÉCOLES DE RUGBY À XV DE FRANCE

<p>&nbsp;</p>
<p>Ce vendredi 21 juillet 2023, notre <strong>Invité Sportif</strong> est <strong>Mr Cédric PISONI</strong>, directeur des <strong>Écoles de Rugby à XV de France</strong>. Il nous présente la<strong> 7ème édition</strong> de la <strong>Semaine Nationale des Écoles de Rugby</strong>, qui se déroule du <strong>6 au 13 septembre 2023</strong>. Il s&rsquo;agit d&rsquo;une semaine dans l&rsquo;année où <strong>tous les clubs de France</strong> ouvrent leur portes pour permettre à leurs licenciés d&rsquo;inviter leurs amis, qui ont entre <strong>3 et 15 ans</strong> et qui souhaitent s&rsquo;essayer à a ce sport.</p>
