{"id":6999,"date":"2023-07-26T15:21:23","date_gmt":"2023-07-26T14:21:23","guid":{"rendered":"https:\/\/radio-aviva.com\/nimes\/blog\/podcast\/festival-les-nuits-do-audrey-reina-responsable-communication\/"},"modified":"2024-12-20T16:16:04","modified_gmt":"2024-12-20T15:16:04","slug":"festival-les-nuits-do-audrey-reina-coordinatrice-artistique-prog-musique-et-cinema","status":"publish","type":"podcast","link":"https:\/\/radio-aviva.com\/nimes\/podcast\/festival-les-nuits-do-audrey-reina-coordinatrice-artistique-prog-musique-et-cinema\/","title":{"rendered":"FESTIVAL LES NUITS D&rsquo;O &#8211; AUDREY REINA, COORDINATRICE ARTISTIQUE, PROG MUSIQUE ET CINEMA"},"content":{"rendered":"<p>Dans cette \u00e9mission Culture &amp; Compagnie, nous recevons Audrey Reina, coordinatrice artistique &amp; programmatrice Musique et Cin\u00e9ma. Elle pr\u00e9sente la programmation 2023 des Nuits d&rsquo;O, qui ont lieu du 23 au 26 ao\u00fbt.<\/p>\n","protected":false},"author":1,"featured_media":9379,"template":"","tags":[],"podcastfilter":[9,171,133],"class_list":["post-6999","podcast","type-podcast","status-publish","has-post-thumbnail","hentry","podcastfilter-cinema","podcastfilter-culture-compagnie","podcastfilter-musique"],"_links":{"self":[{"href":"https:\/\/radio-aviva.com\/nimes\/wp-json\/wp\/v2\/podcast\/6999","targetHints":{"allow":["GET"]}}],"collection":[{"href":"https:\/\/radio-aviva.com\/nimes\/wp-json\/wp\/v2\/podcast"}],"about":[{"href":"https:\/\/radio-aviva.com\/nimes\/wp-json\/wp\/v2\/types\/podcast"}],"author":[{"embeddable":true,"href":"https:\/\/radio-aviva.com\/nimes\/wp-json\/wp\/v2\/users\/1"}],"version-history":[{"count":1,"href":"https:\/\/radio-aviva.com\/nimes\/wp-json\/wp\/v2\/podcast\/6999\/revisions"}],"predecessor-version":[{"id":9377,"href":"https:\/\/radio-aviva.com\/nimes\/wp-json\/wp\/v2\/podcast\/6999\/revisions\/9377"}],"wp:featuredmedia":[{"embeddable":true,"href":"https:\/\/radio-aviva.com\/nimes\/wp-json\/wp\/v2\/media\/9379"}],"wp:attachment":[{"href":"https:\/\/radio-aviva.com\/nimes\/wp-json\/wp\/v2\/media?parent=6999"}],"wp:term":[{"taxonomy":"post_tag","embeddable":true,"href":"https:\/\/radio-aviva.com\/nimes\/wp-json\/wp\/v2\/tags?post=6999"},{"taxonomy":"podcastfilter","embeddable":true,"href":"https:\/\/radio-aviva.com\/nimes\/wp-json\/wp\/v2\/podcastfilter?post=6999"}],"curies":[{"name":"wp","href":"https:\/\/api.w.org\/{rel}","templated":true}]}}

<p>Dans cette émission Culture &amp; Compagnie, nous recevons Audrey Reina, coordinatrice artistique &amp; programmatrice Musique et Cinéma. Elle présente la programmation 2023 des Nuits d&rsquo;O, qui ont lieu du 23 au 26 août.</p>
