{"id":7005,"date":"2023-07-31T10:08:01","date_gmt":"2023-07-31T08:08:01","guid":{"rendered":"https:\/\/radio-aviva.com\/nimes\/blog\/podcast\/109eme-anniversaire-de-lassassinat-de-jean-jaures-31-juillet\/"},"modified":"2023-07-31T10:08:38","modified_gmt":"2023-07-31T08:08:38","slug":"109eme-anniversaire-de-lassassinat-de-jean-jaures-31-juillet","status":"publish","type":"podcast","link":"https:\/\/radio-aviva.com\/nimes\/podcast\/109eme-anniversaire-de-lassassinat-de-jean-jaures-31-juillet\/","title":{"rendered":"109 \u00c8ME ANNIVERSAIRE DE L&rsquo;ASSASSINAT DE JEAN JAUR\u00c8S &#8211; 31 JUILLET"},"content":{"rendered":"<p>&nbsp;<\/p>\n<p>Pour ce lundi 31 juillet 2023, nous consacrons cet \u00e9pisode d&rsquo;<strong>Hier et Aujourd&rsquo;hui<\/strong> \u00e0 <strong>Jean Jaur\u00e8s<\/strong>. Il y a 109 ans, le <strong>31 juillet 1914<\/strong>, il fut assassin\u00e9 par un \u00e9tudiant, \u00e0 l&rsquo;aube de la <strong>Premi\u00e8re Guerre Mondiale<\/strong>, qu&rsquo;il essayait alors de pr\u00e9venir. <strong>Jean Jaur\u00e8s<\/strong> est une grande figure pacifiste, et ce jour l\u00e0, le <strong>pacifisme<\/strong> a \u00e9t\u00e9 tu\u00e9 avec lui. Nous vous proposons d&rsquo;\u00e9couter cet <strong>hommage<\/strong>, au micro de Camille Tabet.<\/p>\n","protected":false},"author":1,"featured_media":7006,"template":"","tags":[],"podcastfilter":[232,192,189,274],"class_list":["post-7005","podcast","type-podcast","status-publish","has-post-thumbnail","hentry","podcastfilter-commemoration","podcastfilter-hier-et-aujourdhui","podcastfilter-histoire","podcastfilter-hommage"],"_links":{"self":[{"href":"https:\/\/radio-aviva.com\/nimes\/wp-json\/wp\/v2\/podcast\/7005","targetHints":{"allow":["GET"]}}],"collection":[{"href":"https:\/\/radio-aviva.com\/nimes\/wp-json\/wp\/v2\/podcast"}],"about":[{"href":"https:\/\/radio-aviva.com\/nimes\/wp-json\/wp\/v2\/types\/podcast"}],"author":[{"embeddable":true,"href":"https:\/\/radio-aviva.com\/nimes\/wp-json\/wp\/v2\/users\/1"}],"version-history":[{"count":0,"href":"https:\/\/radio-aviva.com\/nimes\/wp-json\/wp\/v2\/podcast\/7005\/revisions"}],"wp:featuredmedia":[{"embeddable":true,"href":"https:\/\/radio-aviva.com\/nimes\/wp-json\/wp\/v2\/media\/7006"}],"wp:attachment":[{"href":"https:\/\/radio-aviva.com\/nimes\/wp-json\/wp\/v2\/media?parent=7005"}],"wp:term":[{"taxonomy":"post_tag","embeddable":true,"href":"https:\/\/radio-aviva.com\/nimes\/wp-json\/wp\/v2\/tags?post=7005"},{"taxonomy":"podcastfilter","embeddable":true,"href":"https:\/\/radio-aviva.com\/nimes\/wp-json\/wp\/v2\/podcastfilter?post=7005"}],"curies":[{"name":"wp","href":"https:\/\/api.w.org\/{rel}","templated":true}]}}

109 ÈME ANNIVERSAIRE DE L&rsquo;ASSASSINAT DE JEAN JAURÈS &#8211; 31 JUILLET

<p>&nbsp;</p>
<p>Pour ce lundi 31 juillet 2023, nous consacrons cet épisode d&rsquo;<strong>Hier et Aujourd&rsquo;hui</strong> à <strong>Jean Jaurès</strong>. Il y a 109 ans, le <strong>31 juillet 1914</strong>, il fut assassiné par un étudiant, à l&rsquo;aube de la <strong>Première Guerre Mondiale</strong>, qu&rsquo;il essayait alors de prévenir. <strong>Jean Jaurès</strong> est une grande figure pacifiste, et ce jour là, le <strong>pacifisme</strong> a été tué avec lui. Nous vous proposons d&rsquo;écouter cet <strong>hommage</strong>, au micro de Camille Tabet.</p>
