{"id":7017,"date":"2023-08-03T11:44:43","date_gmt":"2023-08-03T09:44:43","guid":{"rendered":"https:\/\/radio-aviva.com\/nimes\/blog\/podcast\/master-tambourin-jean-philippe-simongiovanni-president-club-tambourin-cournonterral\/"},"modified":"2023-08-03T12:03:52","modified_gmt":"2023-08-03T10:03:52","slug":"master-tambourin-jean-philippe-simongiovanni-president-club-tambourin-cournonterral","status":"publish","type":"podcast","link":"https:\/\/radio-aviva.com\/nimes\/podcast\/master-tambourin-jean-philippe-simongiovanni-president-club-tambourin-cournonterral\/","title":{"rendered":"13\u00c8 MASTERS TAMBOURIN &#8211; JEAN-PHILIPPE SIMONGIOVANNI, PR\u00c9SIDENT DU CLUB DE TAMBOURIN DE COURNONTERRAL"},"content":{"rendered":"<p>&nbsp;<\/p>\n<p>Dans l&rsquo;<strong>Invit\u00e9 Sportif<\/strong> de ce mercredi 2 ao\u00fbt,\u00a0 <strong>Sydney BITON<\/strong> re\u00e7oit <strong>Mr<\/strong> <strong>Jean-Philippe SIMONGIOVANNI<\/strong>, Pr\u00e9sident du club de <strong>Tambourin de Cournonterral<\/strong> et organisateur de leur prochain \u00e9v\u00e8nement : la <strong>13\u00e8me \u00e9dition des Masters Tambourin<\/strong>. Elle se d\u00e9roule du <strong>1er au 3 ao\u00fbt 2023<\/strong> au Terrain Max Rouquette \u00e0 <strong>Cournonterral<\/strong>. Cet \u00e9v\u00e9nement sportif est organis\u00e9 en partenariat avec <strong>Montpellier M\u00e9diterran\u00e9e M\u00e9tropole<\/strong>.<\/p>\n<p>Au programme, des matchs de qualit\u00e9 village d&rsquo;animations &#8211; buvette et restauration sur place<br \/>\nSoir\u00e9es anim\u00e9es par Ricoune et Dj Cassou.<\/p>\n","protected":false},"author":1,"featured_media":0,"template":"","tags":[],"podcastfilter":[174,132,19,253],"class_list":["post-7017","podcast","type-podcast","status-publish","hentry","podcastfilter-linvite-sportif","podcastfilter-montpellier","podcastfilter-sport","podcastfilter-tournoi"],"_links":{"self":[{"href":"https:\/\/radio-aviva.com\/nimes\/wp-json\/wp\/v2\/podcast\/7017","targetHints":{"allow":["GET"]}}],"collection":[{"href":"https:\/\/radio-aviva.com\/nimes\/wp-json\/wp\/v2\/podcast"}],"about":[{"href":"https:\/\/radio-aviva.com\/nimes\/wp-json\/wp\/v2\/types\/podcast"}],"author":[{"embeddable":true,"href":"https:\/\/radio-aviva.com\/nimes\/wp-json\/wp\/v2\/users\/1"}],"version-history":[{"count":0,"href":"https:\/\/radio-aviva.com\/nimes\/wp-json\/wp\/v2\/podcast\/7017\/revisions"}],"wp:attachment":[{"href":"https:\/\/radio-aviva.com\/nimes\/wp-json\/wp\/v2\/media?parent=7017"}],"wp:term":[{"taxonomy":"post_tag","embeddable":true,"href":"https:\/\/radio-aviva.com\/nimes\/wp-json\/wp\/v2\/tags?post=7017"},{"taxonomy":"podcastfilter","embeddable":true,"href":"https:\/\/radio-aviva.com\/nimes\/wp-json\/wp\/v2\/podcastfilter?post=7017"}],"curies":[{"name":"wp","href":"https:\/\/api.w.org\/{rel}","templated":true}]}}

13È MASTERS TAMBOURIN &#8211; JEAN-PHILIPPE SIMONGIOVANNI, PRÉSIDENT DU CLUB DE TAMBOURIN DE COURNONTERRAL

<p>&nbsp;</p>
<p>Dans l&rsquo;<strong>Invité Sportif</strong> de ce mercredi 2 août,  <strong>Sydney BITON</strong> reçoit <strong>Mr</strong> <strong>Jean-Philippe SIMONGIOVANNI</strong>, Président du club de <strong>Tambourin de Cournonterral</strong> et organisateur de leur prochain évènement : la <strong>13ème édition des Masters Tambourin</strong>. Elle se déroule du <strong>1er au 3 août 2023</strong> au Terrain Max Rouquette à <strong>Cournonterral</strong>. Cet événement sportif est organisé en partenariat avec <strong>Montpellier Méditerranée Métropole</strong>.</p>
<p>Au programme, des matchs de qualité village d&rsquo;animations &#8211; buvette et restauration sur place<br />
Soirées animées par Ricoune et Dj Cassou.</p>
