{"id":7019,"date":"2023-08-03T11:49:40","date_gmt":"2023-08-03T09:49:40","guid":{"rendered":"https:\/\/radio-aviva.com\/nimes\/blog\/podcast\/fete-de-la-mer-sam-5-aout-j-bouladou-adj-villeneuve-delegue-festivites\/"},"modified":"2023-08-03T11:50:46","modified_gmt":"2023-08-03T09:50:46","slug":"fete-de-la-mer-sam-5-aout-j-bouladou-adj-villeneuve-delegue-festivites","status":"publish","type":"podcast","link":"https:\/\/radio-aviva.com\/nimes\/podcast\/fete-de-la-mer-sam-5-aout-j-bouladou-adj-villeneuve-delegue-festivites\/","title":{"rendered":"FE\u0302TE DE LA MER, PROGRAMME DU SAMEDI 5 AO\u00dbT &#8211; J\u00c9R\u00c9MY BOULADOU, ADJOINT VILLENEUVE-L\u00c8S-MAGUELONE, D\u00c9L\u00c9GU\u00c9 FESTIVITE\u0301S"},"content":{"rendered":"<p>&nbsp;<\/p>\n<p>Ce jeudi 3 ao\u00fbt, l&rsquo;Invit\u00e9 Sportif de Sydney BITON est Mr J\u00e9r\u00e9my BOULADOU, 3\u00e8me adjoint \u00e0 la Mairie de Villeneuve-l\u00e8s-Maguelone, d\u00e9l\u00e9gu\u00e9 aux festivit\u00e9s ; il vient nous parler l&rsquo;\u00e9v\u00e8nement qui prendra place dans sa ville les vendredi 4 et samedi 5 ao\u00fbt 2023 : c&rsquo;est La F\u00eate de la Mer. Dans cette \u00e9mission, il nous pr\u00e9sente le programme du samedi, avec notamment toutes les activit\u00e9s sportives pr\u00e9sentes.<\/p>\n<p>&nbsp;<\/p>\n<p>Pour plus d&rsquo;infos :\u00a0<a href=\"https:\/\/www.villeneuvelesmaguelone.fr\/evenement\/fete-de-la-mer-et-de-la-plage-2023\/\">https:\/\/www.villeneuvelesmaguelone.fr\/evenement\/fete-de-la-mer-et-de-la-plage-2023\/<\/a><\/p>\n","protected":false},"author":1,"featured_media":7016,"template":"","tags":[],"podcastfilter":[270,174,132,19],"class_list":["post-7019","podcast","type-podcast","status-publish","has-post-thumbnail","hentry","podcastfilter-fete","podcastfilter-linvite-sportif","podcastfilter-montpellier","podcastfilter-sport"],"_links":{"self":[{"href":"https:\/\/radio-aviva.com\/nimes\/wp-json\/wp\/v2\/podcast\/7019","targetHints":{"allow":["GET"]}}],"collection":[{"href":"https:\/\/radio-aviva.com\/nimes\/wp-json\/wp\/v2\/podcast"}],"about":[{"href":"https:\/\/radio-aviva.com\/nimes\/wp-json\/wp\/v2\/types\/podcast"}],"author":[{"embeddable":true,"href":"https:\/\/radio-aviva.com\/nimes\/wp-json\/wp\/v2\/users\/1"}],"version-history":[{"count":0,"href":"https:\/\/radio-aviva.com\/nimes\/wp-json\/wp\/v2\/podcast\/7019\/revisions"}],"wp:featuredmedia":[{"embeddable":true,"href":"https:\/\/radio-aviva.com\/nimes\/wp-json\/wp\/v2\/media\/7016"}],"wp:attachment":[{"href":"https:\/\/radio-aviva.com\/nimes\/wp-json\/wp\/v2\/media?parent=7019"}],"wp:term":[{"taxonomy":"post_tag","embeddable":true,"href":"https:\/\/radio-aviva.com\/nimes\/wp-json\/wp\/v2\/tags?post=7019"},{"taxonomy":"podcastfilter","embeddable":true,"href":"https:\/\/radio-aviva.com\/nimes\/wp-json\/wp\/v2\/podcastfilter?post=7019"}],"curies":[{"name":"wp","href":"https:\/\/api.w.org\/{rel}","templated":true}]}}

FÊTE DE LA MER, PROGRAMME DU SAMEDI 5 AOÛT &#8211; JÉRÉMY BOULADOU, ADJOINT VILLENEUVE-LÈS-MAGUELONE, DÉLÉGUÉ FESTIVITÉS

<p>&nbsp;</p>
<p>Ce jeudi 3 août, l&rsquo;Invité Sportif de Sydney BITON est Mr Jérémy BOULADOU, 3ème adjoint à la Mairie de Villeneuve-lès-Maguelone, délégué aux festivités ; il vient nous parler l&rsquo;évènement qui prendra place dans sa ville les vendredi 4 et samedi 5 août 2023 : c&rsquo;est La Fête de la Mer. Dans cette émission, il nous présente le programme du samedi, avec notamment toutes les activités sportives présentes.</p>
<p>&nbsp;</p>
<p>Pour plus d&rsquo;infos : <a href="https://www.villeneuvelesmaguelone.fr/evenement/fete-de-la-mer-et-de-la-plage-2023/">https://www.villeneuvelesmaguelone.fr/evenement/fete-de-la-mer-et-de-la-plage-2023/</a></p>
