{"id":7443,"date":"2023-09-26T15:07:27","date_gmt":"2023-09-26T13:07:27","guid":{"rendered":"https:\/\/radio-aviva.com\/nimes\/?post_type=podcast&#038;p=7443"},"modified":"2023-10-02T18:06:22","modified_gmt":"2023-10-02T16:06:22","slug":"nouveaux-magistrats-tristan-gervais-de-lafond-1er-president-cour-dappel-de-montpellier-jean-marie-beney-procureur-general-de-montpellier","status":"publish","type":"podcast","link":"https:\/\/radio-aviva.com\/nimes\/podcast\/nouveaux-magistrats-tristan-gervais-de-lafond-1er-president-cour-dappel-de-montpellier-jean-marie-beney-procureur-general-de-montpellier\/","title":{"rendered":"NOUVEAUX MAGISTRATS &#8211; TRISTAN GERVAIS DE LAFOND, 1ER PRESIDENT DE LA COUR D&rsquo;APPEL DE MONTPELLIER, JEAN-MARIE BENEY, PROCUREUR GENERAL DE MONTPELLIER"},"content":{"rendered":"<p><img fetchpriority=\"high\" decoding=\"async\" class=\"alignnone size-full wp-image-7465\" src=\"https:\/\/radio-aviva.com\/nimes\/wp-content\/uploads\/sites\/5\/2023\/09\/PHOTO-2023-09-06-14-36-41.jpg\" alt=\"\" width=\"1600\" height=\"1124\" srcset=\"https:\/\/radio-aviva.com\/nimes\/wp-content\/uploads\/sites\/5\/2023\/09\/PHOTO-2023-09-06-14-36-41.jpg 1600w, https:\/\/radio-aviva.com\/nimes\/wp-content\/uploads\/sites\/5\/2023\/09\/PHOTO-2023-09-06-14-36-41-770x541.jpg 770w, https:\/\/radio-aviva.com\/nimes\/wp-content\/uploads\/sites\/5\/2023\/09\/PHOTO-2023-09-06-14-36-41-1170x822.jpg 1170w, https:\/\/radio-aviva.com\/nimes\/wp-content\/uploads\/sites\/5\/2023\/09\/PHOTO-2023-09-06-14-36-41-768x540.jpg 768w, https:\/\/radio-aviva.com\/nimes\/wp-content\/uploads\/sites\/5\/2023\/09\/PHOTO-2023-09-06-14-36-41-1536x1079.jpg 1536w\" sizes=\"(max-width: 1600px) 100vw, 1600px\" \/><\/p>\n<p>Ce mercredi 6 septembre, Radio Aviva s&rsquo;est rendue \u00e0 la cour d&rsquo;appel de Montpellier pour assister \u00e0 l&rsquo;audience solennelle d\u2019installation des nouveaux magistrats de Montpellier. A cette occasion, nous nous sommes entretenus avec Tristan Gervais de Lafond, Premier pr\u00e9sident \u00e0 la cour d\u2019appel de Montpellier et Jean Marie Beney, Procureur g\u00e9n\u00e9ral aupr\u00e8s de la Cour d\u2019appel de Montpellier, deux entretiens enregistr\u00e9s au micro de Liliane Dray.<\/p>\n<p style=\"font-weight: 400;\">\n","protected":false},"author":1,"featured_media":7466,"template":"","tags":[],"podcastfilter":[199,132],"class_list":["post-7443","podcast","type-podcast","status-publish","has-post-thumbnail","hentry","podcastfilter-mag-de-la-redac","podcastfilter-montpellier"],"_links":{"self":[{"href":"https:\/\/radio-aviva.com\/nimes\/wp-json\/wp\/v2\/podcast\/7443","targetHints":{"allow":["GET"]}}],"collection":[{"href":"https:\/\/radio-aviva.com\/nimes\/wp-json\/wp\/v2\/podcast"}],"about":[{"href":"https:\/\/radio-aviva.com\/nimes\/wp-json\/wp\/v2\/types\/podcast"}],"author":[{"embeddable":true,"href":"https:\/\/radio-aviva.com\/nimes\/wp-json\/wp\/v2\/users\/1"}],"version-history":[{"count":0,"href":"https:\/\/radio-aviva.com\/nimes\/wp-json\/wp\/v2\/podcast\/7443\/revisions"}],"wp:featuredmedia":[{"embeddable":true,"href":"https:\/\/radio-aviva.com\/nimes\/wp-json\/wp\/v2\/media\/7466"}],"wp:attachment":[{"href":"https:\/\/radio-aviva.com\/nimes\/wp-json\/wp\/v2\/media?parent=7443"}],"wp:term":[{"taxonomy":"post_tag","embeddable":true,"href":"https:\/\/radio-aviva.com\/nimes\/wp-json\/wp\/v2\/tags?post=7443"},{"taxonomy":"podcastfilter","embeddable":true,"href":"https:\/\/radio-aviva.com\/nimes\/wp-json\/wp\/v2\/podcastfilter?post=7443"}],"curies":[{"name":"wp","href":"https:\/\/api.w.org\/{rel}","templated":true}]}}

<p><img fetchpriority="high" decoding="async" class="alignnone size-full wp-image-7465" src="https://radio-aviva.com/nimes/wp-content/uploads/sites/5/2023/09/PHOTO-2023-09-06-14-36-41.jpg" alt="" width="1600" height="1124" srcset="https://radio-aviva.com/nimes/wp-content/uploads/sites/5/2023/09/PHOTO-2023-09-06-14-36-41.jpg 1600w, https://radio-aviva.com/nimes/wp-content/uploads/sites/5/2023/09/PHOTO-2023-09-06-14-36-41-770x541.jpg 770w, https://radio-aviva.com/nimes/wp-content/uploads/sites/5/2023/09/PHOTO-2023-09-06-14-36-41-1170x822.jpg 1170w, https://radio-aviva.com/nimes/wp-content/uploads/sites/5/2023/09/PHOTO-2023-09-06-14-36-41-768x540.jpg 768w, https://radio-aviva.com/nimes/wp-content/uploads/sites/5/2023/09/PHOTO-2023-09-06-14-36-41-1536x1079.jpg 1536w" sizes="(max-width: 1600px) 100vw, 1600px" /></p>
<p>Ce mercredi 6 septembre, Radio Aviva s&rsquo;est rendue à la cour d&rsquo;appel de Montpellier pour assister à l&rsquo;audience solennelle d’installation des nouveaux magistrats de Montpellier. A cette occasion, nous nous sommes entretenus avec Tristan Gervais de Lafond, Premier président à la cour d’appel de Montpellier et Jean Marie Beney, Procureur général auprès de la Cour d’appel de Montpellier, deux entretiens enregistrés au micro de Liliane Dray.</p>
<p style="font-weight: 400;">
