{"id":7502,"date":"2023-09-29T13:08:40","date_gmt":"2023-09-29T11:08:40","guid":{"rendered":"https:\/\/radio-aviva.com\/nimes\/?post_type=podcast&#038;p=7502"},"modified":"2023-09-29T13:08:40","modified_gmt":"2023-09-29T11:08:40","slug":"toutes-en-moto-occitania-nadege-nedorezoff-membre-collegial","status":"publish","type":"podcast","link":"https:\/\/radio-aviva.com\/nimes\/podcast\/toutes-en-moto-occitania-nadege-nedorezoff-membre-collegial\/","title":{"rendered":"TOUTES EN MOTO OCCITANIA &#8211; NADEGE NEDOREZOFF, MEMBRE COLLEGIAL"},"content":{"rendered":"<p><strong>Nad\u00e8ge Nedorezoff<\/strong>, membre coll\u00e9gial de l&rsquo;association <strong>Toutes en Moto Occitania<\/strong> nous pr\u00e9sente cette association ainsi que les diff\u00e9rents \u00e9v\u00e9nements caritatifs qu&rsquo;ils organisent tout au long de l&rsquo;ann\u00e9e.<\/p>\n","protected":false},"author":336,"featured_media":6891,"template":"","tags":[],"podcastfilter":[150,241,302,183,2,5,211,226,6],"class_list":["post-7502","podcast","type-podcast","status-publish","has-post-thumbnail","hentry","podcastfilter-association","podcastfilter-benevoles","podcastfilter-caritatif","podcastfilter-gard","podcastfilter-la-voix-des-assos","podcastfilter-nimes","podcastfilter-occitanie","podcastfilter-solidaire","podcastfilter-solidarite"],"_links":{"self":[{"href":"https:\/\/radio-aviva.com\/nimes\/wp-json\/wp\/v2\/podcast\/7502","targetHints":{"allow":["GET"]}}],"collection":[{"href":"https:\/\/radio-aviva.com\/nimes\/wp-json\/wp\/v2\/podcast"}],"about":[{"href":"https:\/\/radio-aviva.com\/nimes\/wp-json\/wp\/v2\/types\/podcast"}],"author":[{"embeddable":true,"href":"https:\/\/radio-aviva.com\/nimes\/wp-json\/wp\/v2\/users\/336"}],"version-history":[{"count":0,"href":"https:\/\/radio-aviva.com\/nimes\/wp-json\/wp\/v2\/podcast\/7502\/revisions"}],"wp:featuredmedia":[{"embeddable":true,"href":"https:\/\/radio-aviva.com\/nimes\/wp-json\/wp\/v2\/media\/6891"}],"wp:attachment":[{"href":"https:\/\/radio-aviva.com\/nimes\/wp-json\/wp\/v2\/media?parent=7502"}],"wp:term":[{"taxonomy":"post_tag","embeddable":true,"href":"https:\/\/radio-aviva.com\/nimes\/wp-json\/wp\/v2\/tags?post=7502"},{"taxonomy":"podcastfilter","embeddable":true,"href":"https:\/\/radio-aviva.com\/nimes\/wp-json\/wp\/v2\/podcastfilter?post=7502"}],"curies":[{"name":"wp","href":"https:\/\/api.w.org\/{rel}","templated":true}]}}

<p><strong>Nadège Nedorezoff</strong>, membre collégial de l&rsquo;association <strong>Toutes en Moto Occitania</strong> nous présente cette association ainsi que les différents événements caritatifs qu&rsquo;ils organisent tout au long de l&rsquo;année.</p>
