{"id":7551,"date":"2023-10-10T15:59:01","date_gmt":"2023-10-10T13:59:01","guid":{"rendered":"https:\/\/radio-aviva.com\/nimes\/?post_type=podcast&#038;p=7551"},"modified":"2023-10-10T15:59:01","modified_gmt":"2023-10-10T13:59:01","slug":"toutes-en-moto-event-octobre-rose-nadege-nedorezoff-membre-collegial","status":"publish","type":"podcast","link":"https:\/\/radio-aviva.com\/nimes\/podcast\/toutes-en-moto-event-octobre-rose-nadege-nedorezoff-membre-collegial\/","title":{"rendered":"TOUTES EN MOTO EVENT OCTOBRE ROSE &#8211; NADEGE NEDOREZOFF, MEMBRE COLLEGIAL"},"content":{"rendered":"<p><strong>Nad\u00e8ge Nedorezoff<\/strong>, membre coll\u00e9gial de l&rsquo;association <strong>Toutes en Moto Occitania<\/strong>, nous pr\u00e9sente son association ainsi que l&rsquo;\u00e9v\u00e9nement caritatif qu&rsquo;ils organisent dans la cadre d&rsquo;<strong>Octobre Rose<\/strong>, une balade en moto qui se tiendra le samedi 14 octobre.<\/p>\n","protected":false},"author":336,"featured_media":7552,"template":"","tags":[],"podcastfilter":[150,302,300,183,2,5,211,318,29,226,6,319],"class_list":["post-7551","podcast","type-podcast","status-publish","has-post-thumbnail","hentry","podcastfilter-association","podcastfilter-caritatif","podcastfilter-evenement","podcastfilter-gard","podcastfilter-la-voix-des-assos","podcastfilter-nimes","podcastfilter-occitanie","podcastfilter-octobre-rose","podcastfilter-sante","podcastfilter-solidaire","podcastfilter-solidarite","podcastfilter-toutes-en-moto-occitania"],"_links":{"self":[{"href":"https:\/\/radio-aviva.com\/nimes\/wp-json\/wp\/v2\/podcast\/7551","targetHints":{"allow":["GET"]}}],"collection":[{"href":"https:\/\/radio-aviva.com\/nimes\/wp-json\/wp\/v2\/podcast"}],"about":[{"href":"https:\/\/radio-aviva.com\/nimes\/wp-json\/wp\/v2\/types\/podcast"}],"author":[{"embeddable":true,"href":"https:\/\/radio-aviva.com\/nimes\/wp-json\/wp\/v2\/users\/336"}],"version-history":[{"count":0,"href":"https:\/\/radio-aviva.com\/nimes\/wp-json\/wp\/v2\/podcast\/7551\/revisions"}],"wp:featuredmedia":[{"embeddable":true,"href":"https:\/\/radio-aviva.com\/nimes\/wp-json\/wp\/v2\/media\/7552"}],"wp:attachment":[{"href":"https:\/\/radio-aviva.com\/nimes\/wp-json\/wp\/v2\/media?parent=7551"}],"wp:term":[{"taxonomy":"post_tag","embeddable":true,"href":"https:\/\/radio-aviva.com\/nimes\/wp-json\/wp\/v2\/tags?post=7551"},{"taxonomy":"podcastfilter","embeddable":true,"href":"https:\/\/radio-aviva.com\/nimes\/wp-json\/wp\/v2\/podcastfilter?post=7551"}],"curies":[{"name":"wp","href":"https:\/\/api.w.org\/{rel}","templated":true}]}}

<p><strong>Nadège Nedorezoff</strong>, membre collégial de l&rsquo;association <strong>Toutes en Moto Occitania</strong>, nous présente son association ainsi que l&rsquo;événement caritatif qu&rsquo;ils organisent dans la cadre d&rsquo;<strong>Octobre Rose</strong>, une balade en moto qui se tiendra le samedi 14 octobre.</p>
