{"id":7558,"date":"2023-10-11T15:03:18","date_gmt":"2023-10-11T13:03:18","guid":{"rendered":"https:\/\/radio-aviva.com\/nimes\/podcast\/nouveau-patron-thomas-duprecq-colonel\/"},"modified":"2023-10-16T14:52:53","modified_gmt":"2023-10-16T12:52:53","slug":"nouveau-patron-thomas-deprecq-colonel","status":"publish","type":"podcast","link":"https:\/\/radio-aviva.com\/nimes\/podcast\/nouveau-patron-thomas-deprecq-colonel\/","title":{"rendered":"NOUVEAU PATRON GROUPEMENT GENDARMERIE L&rsquo;HERAULT &#8211; THOMAS DUPRECQ, COLONEL"},"content":{"rendered":"<p><img fetchpriority=\"high\" decoding=\"async\" class=\"alignnone size-full wp-image-23266\" src=\"https:\/\/radio-aviva.com\/wp-content\/uploads\/2023\/10\/PHOTO-2023-10-10-19-21-21.jpg\" alt=\"\" width=\"1528\" height=\"1600\" \/><\/p>\n<p style=\"font-weight: 400;\">Le Colonel <strong>Thomas Deprecq<\/strong> a \u00e9t\u00e9 install\u00e9 officiellement \u00e0 la <strong>Caserne Lepic<\/strong> de Montpellier, dans ses fonctions de commandant du groupement de <em>gendarmerie<\/em>\u00a0du d\u00e9partement de l&rsquo;H\u00e9rault\u00a0en pr\u00e9sence du <strong>G\u00e9n\u00e9ral Arnaud Girault<\/strong> et du Pr\u00e9fet de l\u2019H\u00e9rault <strong>Fran\u00e7ois Xavier Lauch<\/strong>,\u00a0succ\u00e9dant ainsi\u00a0au g\u00e9n\u00e9ral <strong>Sylvain Laniel<\/strong>, parti\u00a0prendre les commandes du groupement de gendarmerie\u00a0en Bourgogne-Franche-Comt\u00e9.<\/p>\n<p style=\"font-weight: 400;\">Radio Aviva \u00e9tait invit\u00e9e \u00e0 cette prise de commandement et nous vous proposons dans cette \u00e9mission l\u2019interview du Colonel Thomas Deprecq, enregistr\u00e9e au micro de Liliane Dray.<\/p>\n","protected":false},"author":1,"featured_media":7579,"template":"","tags":[],"podcastfilter":[310,132,5,145],"class_list":["post-7558","podcast","type-podcast","status-publish","has-post-thumbnail","hentry","podcastfilter-herault","podcastfilter-montpellier","podcastfilter-nimes","podcastfilter-perpignan"],"_links":{"self":[{"href":"https:\/\/radio-aviva.com\/nimes\/wp-json\/wp\/v2\/podcast\/7558","targetHints":{"allow":["GET"]}}],"collection":[{"href":"https:\/\/radio-aviva.com\/nimes\/wp-json\/wp\/v2\/podcast"}],"about":[{"href":"https:\/\/radio-aviva.com\/nimes\/wp-json\/wp\/v2\/types\/podcast"}],"author":[{"embeddable":true,"href":"https:\/\/radio-aviva.com\/nimes\/wp-json\/wp\/v2\/users\/1"}],"version-history":[{"count":0,"href":"https:\/\/radio-aviva.com\/nimes\/wp-json\/wp\/v2\/podcast\/7558\/revisions"}],"wp:featuredmedia":[{"embeddable":true,"href":"https:\/\/radio-aviva.com\/nimes\/wp-json\/wp\/v2\/media\/7579"}],"wp:attachment":[{"href":"https:\/\/radio-aviva.com\/nimes\/wp-json\/wp\/v2\/media?parent=7558"}],"wp:term":[{"taxonomy":"post_tag","embeddable":true,"href":"https:\/\/radio-aviva.com\/nimes\/wp-json\/wp\/v2\/tags?post=7558"},{"taxonomy":"podcastfilter","embeddable":true,"href":"https:\/\/radio-aviva.com\/nimes\/wp-json\/wp\/v2\/podcastfilter?post=7558"}],"curies":[{"name":"wp","href":"https:\/\/api.w.org\/{rel}","templated":true}]}}

<p><img fetchpriority="high" decoding="async" class="alignnone size-full wp-image-23266" src="https://radio-aviva.com/wp-content/uploads/2023/10/PHOTO-2023-10-10-19-21-21.jpg" alt="" width="1528" height="1600" /></p>
<p style="font-weight: 400;">Le Colonel <strong>Thomas Deprecq</strong> a été installé officiellement à la <strong>Caserne Lepic</strong> de Montpellier, dans ses fonctions de commandant du groupement de <em>gendarmerie</em> du département de l&rsquo;Hérault en présence du <strong>Général Arnaud Girault</strong> et du Préfet de l’Hérault <strong>François Xavier Lauch</strong>, succédant ainsi au général <strong>Sylvain Laniel</strong>, parti prendre les commandes du groupement de gendarmerie en Bourgogne-Franche-Comté.</p>
<p style="font-weight: 400;">Radio Aviva était invitée à cette prise de commandement et nous vous proposons dans cette émission l’interview du Colonel Thomas Deprecq, enregistrée au micro de Liliane Dray.</p>
