{"id":7559,"date":"2023-10-11T15:59:10","date_gmt":"2023-10-11T13:59:10","guid":{"rendered":"https:\/\/radio-aviva.com\/nimes\/podcast\/nouveau-prefet-xavier-lauch-prefet-herault\/"},"modified":"2023-10-29T13:18:25","modified_gmt":"2023-10-29T12:18:25","slug":"installation-officielle-nouveau-prefet-herault","status":"publish","type":"podcast","link":"https:\/\/radio-aviva.com\/nimes\/podcast\/installation-officielle-nouveau-prefet-herault\/","title":{"rendered":"INSTALLATION OFFICIELLE DU NOUVEAU PR\u00c9FET DE L&rsquo;H\u00c9RAULT &#8211; FRAN\u00c7OIS XAVIER LAUCH, PR\u00c9FET DE L&rsquo;H\u00c9RAULT"},"content":{"rendered":"<p><img fetchpriority=\"high\" decoding=\"async\" class=\"alignnone size-full wp-image-7606\" src=\"https:\/\/radio-aviva.com\/wp-content\/uploads\/2023\/10\/Installation-officielle-de-Francois-Xavier-LAUCH-dans-ses-fonctions-de-Prefet-de-lHerault-09-10-23--scaled.jpeg\" alt=\"\" width=\"2560\" height=\"1440\" srcset=\"https:\/\/radio-aviva.com\/nimes\/wp-content\/uploads\/sites\/5\/2023\/10\/Installation-officielle-de-Francois-Xavier-LAUCH-dans-ses-fonctions-de-Prefet-de-lHerault-09-10-23--scaled.jpeg 2560w, https:\/\/radio-aviva.com\/nimes\/wp-content\/uploads\/sites\/5\/2023\/10\/Installation-officielle-de-Francois-Xavier-LAUCH-dans-ses-fonctions-de-Prefet-de-lHerault-09-10-23--scaled-770x433.jpeg 770w, https:\/\/radio-aviva.com\/nimes\/wp-content\/uploads\/sites\/5\/2023\/10\/Installation-officielle-de-Francois-Xavier-LAUCH-dans-ses-fonctions-de-Prefet-de-lHerault-09-10-23--scaled-1170x658.jpeg 1170w, https:\/\/radio-aviva.com\/nimes\/wp-content\/uploads\/sites\/5\/2023\/10\/Installation-officielle-de-Francois-Xavier-LAUCH-dans-ses-fonctions-de-Prefet-de-lHerault-09-10-23--scaled-768x432.jpeg 768w, https:\/\/radio-aviva.com\/nimes\/wp-content\/uploads\/sites\/5\/2023\/10\/Installation-officielle-de-Francois-Xavier-LAUCH-dans-ses-fonctions-de-Prefet-de-lHerault-09-10-23--scaled-1536x864.jpeg 1536w, https:\/\/radio-aviva.com\/nimes\/wp-content\/uploads\/sites\/5\/2023\/10\/Installation-officielle-de-Francois-Xavier-LAUCH-dans-ses-fonctions-de-Prefet-de-lHerault-09-10-23--scaled-2048x1152.jpeg 2048w\" sizes=\"(max-width: 2560px) 100vw, 2560px\" \/><\/p>\n<p>Ce lundi 9 octobre, l&rsquo;Invit\u00e9 de la R\u00e9daction est <strong>Mr Fran\u00e7ois Xavier Lauch<\/strong>, une interview enregistr\u00e9e \u00e0 l&rsquo;occasion de la c\u00e9r\u00e9monie de son installation officielle dans ses nouvelles fonctions de Pr\u00e9fet de l&rsquo;H\u00e9rault, au micro de Liliane Dray.<\/p>\n","protected":false},"author":1,"featured_media":0,"template":"","tags":[],"podcastfilter":[247,310,176,132,322],"class_list":["post-7559","podcast","type-podcast","status-publish","hentry","podcastfilter-ceremonie","podcastfilter-herault","podcastfilter-invite-de-la-redaction","podcastfilter-montpellier","podcastfilter-prefecture"],"_links":{"self":[{"href":"https:\/\/radio-aviva.com\/nimes\/wp-json\/wp\/v2\/podcast\/7559","targetHints":{"allow":["GET"]}}],"collection":[{"href":"https:\/\/radio-aviva.com\/nimes\/wp-json\/wp\/v2\/podcast"}],"about":[{"href":"https:\/\/radio-aviva.com\/nimes\/wp-json\/wp\/v2\/types\/podcast"}],"author":[{"embeddable":true,"href":"https:\/\/radio-aviva.com\/nimes\/wp-json\/wp\/v2\/users\/1"}],"version-history":[{"count":0,"href":"https:\/\/radio-aviva.com\/nimes\/wp-json\/wp\/v2\/podcast\/7559\/revisions"}],"wp:attachment":[{"href":"https:\/\/radio-aviva.com\/nimes\/wp-json\/wp\/v2\/media?parent=7559"}],"wp:term":[{"taxonomy":"post_tag","embeddable":true,"href":"https:\/\/radio-aviva.com\/nimes\/wp-json\/wp\/v2\/tags?post=7559"},{"taxonomy":"podcastfilter","embeddable":true,"href":"https:\/\/radio-aviva.com\/nimes\/wp-json\/wp\/v2\/podcastfilter?post=7559"}],"curies":[{"name":"wp","href":"https:\/\/api.w.org\/{rel}","templated":true}]}}

INSTALLATION OFFICIELLE DU NOUVEAU PRÉFET DE L&rsquo;HÉRAULT &#8211; FRANÇOIS XAVIER LAUCH, PRÉFET DE L&rsquo;HÉRAULT

<p><img fetchpriority="high" decoding="async" class="alignnone size-full wp-image-7606" src="https://radio-aviva.com/wp-content/uploads/2023/10/Installation-officielle-de-Francois-Xavier-LAUCH-dans-ses-fonctions-de-Prefet-de-lHerault-09-10-23--scaled.jpeg" alt="" width="2560" height="1440" srcset="https://radio-aviva.com/nimes/wp-content/uploads/sites/5/2023/10/Installation-officielle-de-Francois-Xavier-LAUCH-dans-ses-fonctions-de-Prefet-de-lHerault-09-10-23--scaled.jpeg 2560w, https://radio-aviva.com/nimes/wp-content/uploads/sites/5/2023/10/Installation-officielle-de-Francois-Xavier-LAUCH-dans-ses-fonctions-de-Prefet-de-lHerault-09-10-23--scaled-770x433.jpeg 770w, https://radio-aviva.com/nimes/wp-content/uploads/sites/5/2023/10/Installation-officielle-de-Francois-Xavier-LAUCH-dans-ses-fonctions-de-Prefet-de-lHerault-09-10-23--scaled-1170x658.jpeg 1170w, https://radio-aviva.com/nimes/wp-content/uploads/sites/5/2023/10/Installation-officielle-de-Francois-Xavier-LAUCH-dans-ses-fonctions-de-Prefet-de-lHerault-09-10-23--scaled-768x432.jpeg 768w, https://radio-aviva.com/nimes/wp-content/uploads/sites/5/2023/10/Installation-officielle-de-Francois-Xavier-LAUCH-dans-ses-fonctions-de-Prefet-de-lHerault-09-10-23--scaled-1536x864.jpeg 1536w, https://radio-aviva.com/nimes/wp-content/uploads/sites/5/2023/10/Installation-officielle-de-Francois-Xavier-LAUCH-dans-ses-fonctions-de-Prefet-de-lHerault-09-10-23--scaled-2048x1152.jpeg 2048w" sizes="(max-width: 2560px) 100vw, 2560px" /></p>
<p>Ce lundi 9 octobre, l&rsquo;Invité de la Rédaction est <strong>Mr François Xavier Lauch</strong>, une interview enregistrée à l&rsquo;occasion de la cérémonie de son installation officielle dans ses nouvelles fonctions de Préfet de l&rsquo;Hérault, au micro de Liliane Dray.</p>
