{"id":7630,"date":"2023-10-16T16:29:04","date_gmt":"2023-10-16T14:29:04","guid":{"rendered":"https:\/\/radio-aviva.com\/nimes\/?post_type=podcast&#038;p=7630"},"modified":"2023-10-16T17:49:37","modified_gmt":"2023-10-16T15:49:37","slug":"forum-association-alain-cecotti-coordinateur-pedagogie-ecole-chorus","status":"publish","type":"podcast","link":"https:\/\/radio-aviva.com\/nimes\/podcast\/forum-association-alain-cecotti-coordinateur-pedagogie-ecole-chorus\/","title":{"rendered":"FORUM DES ASSOCIATIONS &#8211; ALAIN CECOTTI, COORDINATEUR PEDAGOGIQUE ECOLE CHORUS"},"content":{"rendered":"<p>Alain Cecotti, coordinateur p\u00e9dagogique de l&rsquo;\u00e9cole Chorus pr\u00e9sente au micro de Radio Aviva l&rsquo;\u00e9cole de musique actuelle qui f\u00eate ses 30 ans cette ann\u00e9e.<\/p>\n","protected":false},"author":336,"featured_media":6891,"template":"","tags":[],"podcastfilter":[8,175,150,238,11,28,183,166,234,2,133,5,191,277],"class_list":["post-7630","podcast","type-podcast","status-publish","has-post-thumbnail","hentry","podcastfilter-art","podcastfilter-artiste","podcastfilter-association","podcastfilter-ateliers","podcastfilter-concert","podcastfilter-culture","podcastfilter-gard","podcastfilter-jazz","podcastfilter-jeune-public","podcastfilter-la-voix-des-assos","podcastfilter-musique","podcastfilter-nimes","podcastfilter-spectacle","podcastfilter-stage"],"_links":{"self":[{"href":"https:\/\/radio-aviva.com\/nimes\/wp-json\/wp\/v2\/podcast\/7630","targetHints":{"allow":["GET"]}}],"collection":[{"href":"https:\/\/radio-aviva.com\/nimes\/wp-json\/wp\/v2\/podcast"}],"about":[{"href":"https:\/\/radio-aviva.com\/nimes\/wp-json\/wp\/v2\/types\/podcast"}],"author":[{"embeddable":true,"href":"https:\/\/radio-aviva.com\/nimes\/wp-json\/wp\/v2\/users\/336"}],"version-history":[{"count":0,"href":"https:\/\/radio-aviva.com\/nimes\/wp-json\/wp\/v2\/podcast\/7630\/revisions"}],"wp:featuredmedia":[{"embeddable":true,"href":"https:\/\/radio-aviva.com\/nimes\/wp-json\/wp\/v2\/media\/6891"}],"wp:attachment":[{"href":"https:\/\/radio-aviva.com\/nimes\/wp-json\/wp\/v2\/media?parent=7630"}],"wp:term":[{"taxonomy":"post_tag","embeddable":true,"href":"https:\/\/radio-aviva.com\/nimes\/wp-json\/wp\/v2\/tags?post=7630"},{"taxonomy":"podcastfilter","embeddable":true,"href":"https:\/\/radio-aviva.com\/nimes\/wp-json\/wp\/v2\/podcastfilter?post=7630"}],"curies":[{"name":"wp","href":"https:\/\/api.w.org\/{rel}","templated":true}]}}

<p>Alain Cecotti, coordinateur pédagogique de l&rsquo;école Chorus présente au micro de Radio Aviva l&rsquo;école de musique actuelle qui fête ses 30 ans cette année.</p>
