{"id":7638,"date":"2023-10-16T16:59:25","date_gmt":"2023-10-16T14:59:25","guid":{"rendered":"https:\/\/radio-aviva.com\/nimes\/?post_type=podcast&#038;p=7638"},"modified":"2023-10-16T17:50:58","modified_gmt":"2023-10-16T15:50:58","slug":"forum-association-aurelie-suau-fondatrice-et-presidente-parents-de-france","status":"publish","type":"podcast","link":"https:\/\/radio-aviva.com\/nimes\/podcast\/forum-association-aurelie-suau-fondatrice-et-presidente-parents-de-france\/","title":{"rendered":"FORUM DES ASSOCIATIONS &#8211; AURELIE SUAU, FONDATRICE ET PRESIDENTE PARENTS DE FRANCE"},"content":{"rendered":"<p>Aur\u00e9lie Suau, fondatrice et pr\u00e9sidente de l&rsquo;association Parents de France pr\u00e9sente au micro de Radio Aviva cette toute jeune association.<\/p>\n","protected":false},"author":336,"featured_media":6891,"template":"","tags":[],"podcastfilter":[150,20,183,2,335,5,336,6],"class_list":["post-7638","podcast","type-podcast","status-publish","has-post-thumbnail","hentry","podcastfilter-association","podcastfilter-environnement","podcastfilter-gard","podcastfilter-la-voix-des-assos","podcastfilter-lutte-contre-les-violences","podcastfilter-nimes","podcastfilter-sensibilisation","podcastfilter-solidarite"],"_links":{"self":[{"href":"https:\/\/radio-aviva.com\/nimes\/wp-json\/wp\/v2\/podcast\/7638","targetHints":{"allow":["GET"]}}],"collection":[{"href":"https:\/\/radio-aviva.com\/nimes\/wp-json\/wp\/v2\/podcast"}],"about":[{"href":"https:\/\/radio-aviva.com\/nimes\/wp-json\/wp\/v2\/types\/podcast"}],"author":[{"embeddable":true,"href":"https:\/\/radio-aviva.com\/nimes\/wp-json\/wp\/v2\/users\/336"}],"version-history":[{"count":0,"href":"https:\/\/radio-aviva.com\/nimes\/wp-json\/wp\/v2\/podcast\/7638\/revisions"}],"wp:featuredmedia":[{"embeddable":true,"href":"https:\/\/radio-aviva.com\/nimes\/wp-json\/wp\/v2\/media\/6891"}],"wp:attachment":[{"href":"https:\/\/radio-aviva.com\/nimes\/wp-json\/wp\/v2\/media?parent=7638"}],"wp:term":[{"taxonomy":"post_tag","embeddable":true,"href":"https:\/\/radio-aviva.com\/nimes\/wp-json\/wp\/v2\/tags?post=7638"},{"taxonomy":"podcastfilter","embeddable":true,"href":"https:\/\/radio-aviva.com\/nimes\/wp-json\/wp\/v2\/podcastfilter?post=7638"}],"curies":[{"name":"wp","href":"https:\/\/api.w.org\/{rel}","templated":true}]}}

<p>Aurélie Suau, fondatrice et présidente de l&rsquo;association Parents de France présente au micro de Radio Aviva cette toute jeune association.</p>
