{"id":7640,"date":"2023-10-16T17:10:24","date_gmt":"2023-10-16T15:10:24","guid":{"rendered":"https:\/\/radio-aviva.com\/nimes\/?post_type=podcast&#038;p=7640"},"modified":"2023-10-16T17:51:34","modified_gmt":"2023-10-16T15:51:34","slug":"forum-association-anne-laure-giran-coordinatrice-ressourcerie-rea-nimes","status":"publish","type":"podcast","link":"https:\/\/radio-aviva.com\/nimes\/podcast\/forum-association-anne-laure-giran-coordinatrice-ressourcerie-rea-nimes\/","title":{"rendered":"FORUM DES ASSOCIATIONS &#8211; ANNE-LAURE GIRAN, COORDINATRICE RESSOURCERIE REA NIMES"},"content":{"rendered":"<p>Anne-Laure Giran, coordinatrice de la Ressourcerie REA N\u00eemes pr\u00e9sente au micro de Radio Aviva le principe m\u00eame d&rsquo;une ressourcerie mais aussi la ressourcerie REA N\u00eemes qui se trouve sur le route d&rsquo;Arles \u00e0 N\u00eemes.<\/p>\n","protected":false},"author":336,"featured_media":6891,"template":"","tags":[],"podcastfilter":[150,238,241,14,20,300,183,2,331,5,6],"class_list":["post-7640","podcast","type-podcast","status-publish","has-post-thumbnail","hentry","podcastfilter-association","podcastfilter-ateliers","podcastfilter-benevoles","podcastfilter-ecologie","podcastfilter-environnement","podcastfilter-evenement","podcastfilter-gard","podcastfilter-la-voix-des-assos","podcastfilter-lien-social","podcastfilter-nimes","podcastfilter-solidarite"],"_links":{"self":[{"href":"https:\/\/radio-aviva.com\/nimes\/wp-json\/wp\/v2\/podcast\/7640","targetHints":{"allow":["GET"]}}],"collection":[{"href":"https:\/\/radio-aviva.com\/nimes\/wp-json\/wp\/v2\/podcast"}],"about":[{"href":"https:\/\/radio-aviva.com\/nimes\/wp-json\/wp\/v2\/types\/podcast"}],"author":[{"embeddable":true,"href":"https:\/\/radio-aviva.com\/nimes\/wp-json\/wp\/v2\/users\/336"}],"version-history":[{"count":0,"href":"https:\/\/radio-aviva.com\/nimes\/wp-json\/wp\/v2\/podcast\/7640\/revisions"}],"wp:featuredmedia":[{"embeddable":true,"href":"https:\/\/radio-aviva.com\/nimes\/wp-json\/wp\/v2\/media\/6891"}],"wp:attachment":[{"href":"https:\/\/radio-aviva.com\/nimes\/wp-json\/wp\/v2\/media?parent=7640"}],"wp:term":[{"taxonomy":"post_tag","embeddable":true,"href":"https:\/\/radio-aviva.com\/nimes\/wp-json\/wp\/v2\/tags?post=7640"},{"taxonomy":"podcastfilter","embeddable":true,"href":"https:\/\/radio-aviva.com\/nimes\/wp-json\/wp\/v2\/podcastfilter?post=7640"}],"curies":[{"name":"wp","href":"https:\/\/api.w.org\/{rel}","templated":true}]}}

<p>Anne-Laure Giran, coordinatrice de la Ressourcerie REA Nîmes présente au micro de Radio Aviva le principe même d&rsquo;une ressourcerie mais aussi la ressourcerie REA Nîmes qui se trouve sur le route d&rsquo;Arles à Nîmes.</p>
