{"id":7665,"date":"2023-10-17T13:43:21","date_gmt":"2023-10-17T11:43:21","guid":{"rendered":"https:\/\/radio-aviva.com\/nimes\/?post_type=podcast&#038;p=7665"},"modified":"2023-10-17T13:43:21","modified_gmt":"2023-10-17T11:43:21","slug":"forum-des-associations-frederic-laulan-delegue-regional-energie-jeunes","status":"publish","type":"podcast","link":"https:\/\/radio-aviva.com\/nimes\/podcast\/forum-des-associations-frederic-laulan-delegue-regional-energie-jeunes\/","title":{"rendered":"FORUM DES ASSOCIATIONS &#8211; FREDERIC LAULAN, DELEGUE REGIONAL ENERGIE JEUNES"},"content":{"rendered":"<p>Fr\u00e9d\u00e9ric Laulan, d\u00e9l\u00e9gu\u00e9 r\u00e9gional, pr\u00e9sente au micro de Radio Aviva l&rsquo;association Energie Jeunes qui lutte contre le d\u00e9crochage scolaire et le fatalisme social.<\/p>\n","protected":false},"author":336,"featured_media":6891,"template":"","tags":[],"podcastfilter":[150,186,165,183,234,2,338,218,5,211,221,6],"class_list":["post-7665","podcast","type-podcast","status-publish","has-post-thumbnail","hentry","podcastfilter-association","podcastfilter-bien-etre-2","podcastfilter-education","podcastfilter-gard","podcastfilter-jeune-public","podcastfilter-la-voix-des-assos","podcastfilter-lutte-contre-le-decrochage-scolaire","podcastfilter-lycee","podcastfilter-nimes","podcastfilter-occitanie","podcastfilter-orientation","podcastfilter-solidarite"],"_links":{"self":[{"href":"https:\/\/radio-aviva.com\/nimes\/wp-json\/wp\/v2\/podcast\/7665","targetHints":{"allow":["GET"]}}],"collection":[{"href":"https:\/\/radio-aviva.com\/nimes\/wp-json\/wp\/v2\/podcast"}],"about":[{"href":"https:\/\/radio-aviva.com\/nimes\/wp-json\/wp\/v2\/types\/podcast"}],"author":[{"embeddable":true,"href":"https:\/\/radio-aviva.com\/nimes\/wp-json\/wp\/v2\/users\/336"}],"version-history":[{"count":0,"href":"https:\/\/radio-aviva.com\/nimes\/wp-json\/wp\/v2\/podcast\/7665\/revisions"}],"wp:featuredmedia":[{"embeddable":true,"href":"https:\/\/radio-aviva.com\/nimes\/wp-json\/wp\/v2\/media\/6891"}],"wp:attachment":[{"href":"https:\/\/radio-aviva.com\/nimes\/wp-json\/wp\/v2\/media?parent=7665"}],"wp:term":[{"taxonomy":"post_tag","embeddable":true,"href":"https:\/\/radio-aviva.com\/nimes\/wp-json\/wp\/v2\/tags?post=7665"},{"taxonomy":"podcastfilter","embeddable":true,"href":"https:\/\/radio-aviva.com\/nimes\/wp-json\/wp\/v2\/podcastfilter?post=7665"}],"curies":[{"name":"wp","href":"https:\/\/api.w.org\/{rel}","templated":true}]}}

<p>Frédéric Laulan, délégué régional, présente au micro de Radio Aviva l&rsquo;association Energie Jeunes qui lutte contre le décrochage scolaire et le fatalisme social.</p>
