{"id":7667,"date":"2023-10-19T09:45:57","date_gmt":"2023-10-19T07:45:57","guid":{"rendered":"https:\/\/radio-aviva.com\/nimes\/?post_type=podcast&#038;p=7667"},"modified":"2023-10-17T13:48:52","modified_gmt":"2023-10-17T11:48:52","slug":"anniversaire-en-traits-libres-miquel-clemente-gerant-de-la-librairie","status":"publish","type":"podcast","link":"https:\/\/radio-aviva.com\/nimes\/podcast\/anniversaire-en-traits-libres-miquel-clemente-gerant-de-la-librairie\/","title":{"rendered":"ANNIVERSAIRE EN TRAITS LIBRES &#8211; MIQUEL CLEMENTE, GERANT DE LA LIBRAIRIE"},"content":{"rendered":"<p>La librairie montp\u00e9llieraine \u00ab\u00a0En Traits Libres\u00a0\u00bb souffle sa premi\u00e8re bougie. Librairie alternative, proposant de la BD, des expositions d&rsquo;artistes et des conf\u00e9rences. Son g\u00e9rant, nous parle de ses prochaines animations qui ravira les lecteurs.<\/p>\n","protected":false},"author":337,"featured_media":7669,"template":"","tags":[],"podcastfilter":[21,24,256,144,209],"class_list":["post-7667","podcast","type-podcast","status-publish","has-post-thumbnail","hentry","podcastfilter-alternatif","podcastfilter-culture-et-compagnie","podcastfilter-lecture","podcastfilter-litterature","podcastfilter-livre"],"_links":{"self":[{"href":"https:\/\/radio-aviva.com\/nimes\/wp-json\/wp\/v2\/podcast\/7667","targetHints":{"allow":["GET"]}}],"collection":[{"href":"https:\/\/radio-aviva.com\/nimes\/wp-json\/wp\/v2\/podcast"}],"about":[{"href":"https:\/\/radio-aviva.com\/nimes\/wp-json\/wp\/v2\/types\/podcast"}],"author":[{"embeddable":true,"href":"https:\/\/radio-aviva.com\/nimes\/wp-json\/wp\/v2\/users\/337"}],"version-history":[{"count":0,"href":"https:\/\/radio-aviva.com\/nimes\/wp-json\/wp\/v2\/podcast\/7667\/revisions"}],"wp:featuredmedia":[{"embeddable":true,"href":"https:\/\/radio-aviva.com\/nimes\/wp-json\/wp\/v2\/media\/7669"}],"wp:attachment":[{"href":"https:\/\/radio-aviva.com\/nimes\/wp-json\/wp\/v2\/media?parent=7667"}],"wp:term":[{"taxonomy":"post_tag","embeddable":true,"href":"https:\/\/radio-aviva.com\/nimes\/wp-json\/wp\/v2\/tags?post=7667"},{"taxonomy":"podcastfilter","embeddable":true,"href":"https:\/\/radio-aviva.com\/nimes\/wp-json\/wp\/v2\/podcastfilter?post=7667"}],"curies":[{"name":"wp","href":"https:\/\/api.w.org\/{rel}","templated":true}]}}

<p>La librairie montpéllieraine « En Traits Libres » souffle sa première bougie. Librairie alternative, proposant de la BD, des expositions d&rsquo;artistes et des conférences. Son gérant, nous parle de ses prochaines animations qui ravira les lecteurs.</p>
