{"id":7705,"date":"2023-10-23T14:26:53","date_gmt":"2023-10-23T12:26:53","guid":{"rendered":"https:\/\/radio-aviva.com\/nimes\/?post_type=podcast&#038;p=7705"},"modified":"2023-10-23T14:26:53","modified_gmt":"2023-10-23T12:26:53","slug":"forum-des-associations-joseph-pronesti-president-banque-alimentaire-du-gard","status":"publish","type":"podcast","link":"https:\/\/radio-aviva.com\/nimes\/podcast\/forum-des-associations-joseph-pronesti-president-banque-alimentaire-du-gard\/","title":{"rendered":"FORUM DES ASSOCIATIONS &#8211; JOSEPH PRONESTI, PRESIDENT BANQUE ALIMENTAIRE DU GARD"},"content":{"rendered":"<p>Joseph Pronesti, pr\u00e9sident de la banque alimentaire du Gard pr\u00e9sente les diff\u00e9rentes actions annuelles de son association. La banque alimentaire a besoin de denr\u00e9es mais \u00e9galement de b\u00e9n\u00e9voles, n&rsquo;h\u00e9sitez pas \u00e0 vous rapprocher d&rsquo;eux pour donner un peu de votre temps en faveur des plus d\u00e9munis.<\/p>\n","protected":false},"author":336,"featured_media":6891,"template":"","tags":[],"podcastfilter":[150,241,343,183,2,342,5,6],"class_list":["post-7705","podcast","type-podcast","status-publish","has-post-thumbnail","hentry","podcastfilter-association","podcastfilter-benevoles","podcastfilter-collecte","podcastfilter-gard","podcastfilter-la-voix-des-assos","podcastfilter-lutte-contre-le-gaspillage-alimentaire","podcastfilter-nimes","podcastfilter-solidarite"],"_links":{"self":[{"href":"https:\/\/radio-aviva.com\/nimes\/wp-json\/wp\/v2\/podcast\/7705","targetHints":{"allow":["GET"]}}],"collection":[{"href":"https:\/\/radio-aviva.com\/nimes\/wp-json\/wp\/v2\/podcast"}],"about":[{"href":"https:\/\/radio-aviva.com\/nimes\/wp-json\/wp\/v2\/types\/podcast"}],"author":[{"embeddable":true,"href":"https:\/\/radio-aviva.com\/nimes\/wp-json\/wp\/v2\/users\/336"}],"version-history":[{"count":0,"href":"https:\/\/radio-aviva.com\/nimes\/wp-json\/wp\/v2\/podcast\/7705\/revisions"}],"wp:featuredmedia":[{"embeddable":true,"href":"https:\/\/radio-aviva.com\/nimes\/wp-json\/wp\/v2\/media\/6891"}],"wp:attachment":[{"href":"https:\/\/radio-aviva.com\/nimes\/wp-json\/wp\/v2\/media?parent=7705"}],"wp:term":[{"taxonomy":"post_tag","embeddable":true,"href":"https:\/\/radio-aviva.com\/nimes\/wp-json\/wp\/v2\/tags?post=7705"},{"taxonomy":"podcastfilter","embeddable":true,"href":"https:\/\/radio-aviva.com\/nimes\/wp-json\/wp\/v2\/podcastfilter?post=7705"}],"curies":[{"name":"wp","href":"https:\/\/api.w.org\/{rel}","templated":true}]}}

<p>Joseph Pronesti, président de la banque alimentaire du Gard présente les différentes actions annuelles de son association. La banque alimentaire a besoin de denrées mais également de bénévoles, n&rsquo;hésitez pas à vous rapprocher d&rsquo;eux pour donner un peu de votre temps en faveur des plus démunis.</p>
