{"id":7710,"date":"2023-10-23T14:49:31","date_gmt":"2023-10-23T12:49:31","guid":{"rendered":"https:\/\/radio-aviva.com\/nimes\/?post_type=podcast&#038;p=7710"},"modified":"2023-10-23T14:49:55","modified_gmt":"2023-10-23T12:49:55","slug":"forum-des-associations-jean-jacques-mollie-vice-president-du-gard-croix-rouge","status":"publish","type":"podcast","link":"https:\/\/radio-aviva.com\/nimes\/podcast\/forum-des-associations-jean-jacques-mollie-vice-president-du-gard-croix-rouge\/","title":{"rendered":"FORUM DES ASSOCIATIONS &#8211; JEAN-JACQUES MOLLIE, VICE PRESIDENT DU GARD CROIX ROUGE"},"content":{"rendered":"<p>Jean-Jacques Mollie, vice pr\u00e9sident de la d\u00e9l\u00e9gation gardoise rappelle les diff\u00e9rentes actions annuelles de la Croix-Rouge fran\u00e7aise. Il lance aussi un appel aux b\u00e9n\u00e9voles afin de garnir les rangs de l&rsquo;association.<\/p>\n","protected":false},"author":336,"featured_media":6891,"template":"","tags":[],"podcastfilter":[150,241,346,348,347,183,2,5,29,6],"class_list":["post-7710","podcast","type-podcast","status-publish","has-post-thumbnail","hentry","podcastfilter-association","podcastfilter-benevoles","podcastfilter-croix-rouge","podcastfilter-dons","podcastfilter-formation-aux-premiers-secours","podcastfilter-gard","podcastfilter-la-voix-des-assos","podcastfilter-nimes","podcastfilter-sante","podcastfilter-solidarite"],"_links":{"self":[{"href":"https:\/\/radio-aviva.com\/nimes\/wp-json\/wp\/v2\/podcast\/7710","targetHints":{"allow":["GET"]}}],"collection":[{"href":"https:\/\/radio-aviva.com\/nimes\/wp-json\/wp\/v2\/podcast"}],"about":[{"href":"https:\/\/radio-aviva.com\/nimes\/wp-json\/wp\/v2\/types\/podcast"}],"author":[{"embeddable":true,"href":"https:\/\/radio-aviva.com\/nimes\/wp-json\/wp\/v2\/users\/336"}],"version-history":[{"count":0,"href":"https:\/\/radio-aviva.com\/nimes\/wp-json\/wp\/v2\/podcast\/7710\/revisions"}],"wp:featuredmedia":[{"embeddable":true,"href":"https:\/\/radio-aviva.com\/nimes\/wp-json\/wp\/v2\/media\/6891"}],"wp:attachment":[{"href":"https:\/\/radio-aviva.com\/nimes\/wp-json\/wp\/v2\/media?parent=7710"}],"wp:term":[{"taxonomy":"post_tag","embeddable":true,"href":"https:\/\/radio-aviva.com\/nimes\/wp-json\/wp\/v2\/tags?post=7710"},{"taxonomy":"podcastfilter","embeddable":true,"href":"https:\/\/radio-aviva.com\/nimes\/wp-json\/wp\/v2\/podcastfilter?post=7710"}],"curies":[{"name":"wp","href":"https:\/\/api.w.org\/{rel}","templated":true}]}}

<p>Jean-Jacques Mollie, vice président de la délégation gardoise rappelle les différentes actions annuelles de la Croix-Rouge française. Il lance aussi un appel aux bénévoles afin de garnir les rangs de l&rsquo;association.</p>
