{"id":7725,"date":"2023-10-23T15:33:09","date_gmt":"2023-10-23T13:33:09","guid":{"rendered":"https:\/\/radio-aviva.com\/nimes\/?post_type=podcast&#038;p=7725"},"modified":"2023-10-23T15:33:09","modified_gmt":"2023-10-23T13:33:09","slug":"forum-des-associations-jean-marc-frit-benevole-etre-la-asp-gard","status":"publish","type":"podcast","link":"https:\/\/radio-aviva.com\/nimes\/podcast\/forum-des-associations-jean-marc-frit-benevole-etre-la-asp-gard\/","title":{"rendered":"FORUM DES ASSOCIATIONS &#8211; JEAN-MARC FRIT, BENEVOLE ETRE LA ASP GARD"},"content":{"rendered":"<p>Jean-Marc Frit, b\u00e9n\u00e9vole, pr\u00e9sente l&rsquo;association \u00catre l\u00e0 ASP Gard (Association de Soins Palliatifs). Cette association \u00e0 pour but d&rsquo;aider et d&rsquo;accompagner les personnes en fin de vie. Constamment \u00e0 la recherche de b\u00e9n\u00e9voles et de dons, n&rsquo;h\u00e9sitez pas \u00e0 vous rapprocher de l&rsquo;association.<\/p>\n","protected":false},"author":336,"featured_media":6891,"template":"","tags":[],"podcastfilter":[150,241,183,2,339,331,5,29,6],"class_list":["post-7725","podcast","type-podcast","status-publish","has-post-thumbnail","hentry","podcastfilter-association","podcastfilter-benevoles","podcastfilter-gard","podcastfilter-la-voix-des-assos","podcastfilter-lien-intergenerationnel","podcastfilter-lien-social","podcastfilter-nimes","podcastfilter-sante","podcastfilter-solidarite"],"_links":{"self":[{"href":"https:\/\/radio-aviva.com\/nimes\/wp-json\/wp\/v2\/podcast\/7725","targetHints":{"allow":["GET"]}}],"collection":[{"href":"https:\/\/radio-aviva.com\/nimes\/wp-json\/wp\/v2\/podcast"}],"about":[{"href":"https:\/\/radio-aviva.com\/nimes\/wp-json\/wp\/v2\/types\/podcast"}],"author":[{"embeddable":true,"href":"https:\/\/radio-aviva.com\/nimes\/wp-json\/wp\/v2\/users\/336"}],"version-history":[{"count":0,"href":"https:\/\/radio-aviva.com\/nimes\/wp-json\/wp\/v2\/podcast\/7725\/revisions"}],"wp:featuredmedia":[{"embeddable":true,"href":"https:\/\/radio-aviva.com\/nimes\/wp-json\/wp\/v2\/media\/6891"}],"wp:attachment":[{"href":"https:\/\/radio-aviva.com\/nimes\/wp-json\/wp\/v2\/media?parent=7725"}],"wp:term":[{"taxonomy":"post_tag","embeddable":true,"href":"https:\/\/radio-aviva.com\/nimes\/wp-json\/wp\/v2\/tags?post=7725"},{"taxonomy":"podcastfilter","embeddable":true,"href":"https:\/\/radio-aviva.com\/nimes\/wp-json\/wp\/v2\/podcastfilter?post=7725"}],"curies":[{"name":"wp","href":"https:\/\/api.w.org\/{rel}","templated":true}]}}

<p>Jean-Marc Frit, bénévole, présente l&rsquo;association Être là ASP Gard (Association de Soins Palliatifs). Cette association à pour but d&rsquo;aider et d&rsquo;accompagner les personnes en fin de vie. Constamment à la recherche de bénévoles et de dons, n&rsquo;hésitez pas à vous rapprocher de l&rsquo;association.</p>
