{"id":7729,"date":"2023-10-23T16:00:38","date_gmt":"2023-10-23T14:00:38","guid":{"rendered":"https:\/\/radio-aviva.com\/nimes\/?post_type=podcast&#038;p=7729"},"modified":"2023-10-23T16:00:38","modified_gmt":"2023-10-23T14:00:38","slug":"forum-des-associations-marc-guittard-president-c-h-a-n-nimes","status":"publish","type":"podcast","link":"https:\/\/radio-aviva.com\/nimes\/podcast\/forum-des-associations-marc-guittard-president-c-h-a-n-nimes\/","title":{"rendered":"FORUM DES ASSOCIATIONS &#8211; MARC GUITTARD, PRESIDENT C.H.A.N NIMES"},"content":{"rendered":"<p>Marc Guittard est le pr\u00e9sident du C.H.A.N (Conservatoire Historique de l&rsquo;A\u00e9ronavale) de N\u00eemes. Il pr\u00e9sente au micro de Radio Aviva ce conservatoire que l&rsquo;on peut d\u00e9couvrir sur la base a\u00e9ronavale de Garons.<\/p>\n","protected":false},"author":336,"featured_media":6891,"template":"","tags":[],"podcastfilter":[150,352,183,189,2,349,149,5,258],"class_list":["post-7729","podcast","type-podcast","status-publish","has-post-thumbnail","hentry","podcastfilter-association","podcastfilter-conservatoire","podcastfilter-gard","podcastfilter-histoire","podcastfilter-la-voix-des-assos","podcastfilter-memoire","podcastfilter-musee","podcastfilter-nimes","podcastfilter-patrimoine"],"_links":{"self":[{"href":"https:\/\/radio-aviva.com\/nimes\/wp-json\/wp\/v2\/podcast\/7729","targetHints":{"allow":["GET"]}}],"collection":[{"href":"https:\/\/radio-aviva.com\/nimes\/wp-json\/wp\/v2\/podcast"}],"about":[{"href":"https:\/\/radio-aviva.com\/nimes\/wp-json\/wp\/v2\/types\/podcast"}],"author":[{"embeddable":true,"href":"https:\/\/radio-aviva.com\/nimes\/wp-json\/wp\/v2\/users\/336"}],"version-history":[{"count":0,"href":"https:\/\/radio-aviva.com\/nimes\/wp-json\/wp\/v2\/podcast\/7729\/revisions"}],"wp:featuredmedia":[{"embeddable":true,"href":"https:\/\/radio-aviva.com\/nimes\/wp-json\/wp\/v2\/media\/6891"}],"wp:attachment":[{"href":"https:\/\/radio-aviva.com\/nimes\/wp-json\/wp\/v2\/media?parent=7729"}],"wp:term":[{"taxonomy":"post_tag","embeddable":true,"href":"https:\/\/radio-aviva.com\/nimes\/wp-json\/wp\/v2\/tags?post=7729"},{"taxonomy":"podcastfilter","embeddable":true,"href":"https:\/\/radio-aviva.com\/nimes\/wp-json\/wp\/v2\/podcastfilter?post=7729"}],"curies":[{"name":"wp","href":"https:\/\/api.w.org\/{rel}","templated":true}]}}

<p>Marc Guittard est le président du C.H.A.N (Conservatoire Historique de l&rsquo;Aéronavale) de Nîmes. Il présente au micro de Radio Aviva ce conservatoire que l&rsquo;on peut découvrir sur la base aéronavale de Garons.</p>
