{"id":7731,"date":"2023-10-23T16:10:51","date_gmt":"2023-10-23T14:10:51","guid":{"rendered":"https:\/\/radio-aviva.com\/nimes\/?post_type=podcast&#038;p=7731"},"modified":"2023-10-23T16:10:51","modified_gmt":"2023-10-23T14:10:51","slug":"forum-des-associations-magali-ramos-benevole-petits-freres-des-pauvres","status":"publish","type":"podcast","link":"https:\/\/radio-aviva.com\/nimes\/podcast\/forum-des-associations-magali-ramos-benevole-petits-freres-des-pauvres\/","title":{"rendered":"FORUM DES ASSOCIATIONS &#8211; MAGALI RAMOS, BENEVOLE PETITS FRERES DES PAUVRES"},"content":{"rendered":"<p>Magali Ramos est b\u00e9n\u00e9vole de l&rsquo;association Les Petits Fr\u00e8res des Pauvres. Elle pr\u00e9sente au micro de Radio Aviva les diff\u00e9rentes actions qu&rsquo;ils m\u00e8nent au quotidien. Elle lance \u00e9galement un appel aux b\u00e9n\u00e9voles qui souhaiteraient lutter \u00e0 ses c\u00f4tes contre l&rsquo;exclusion sociale.<\/p>\n","protected":false},"author":336,"featured_media":6891,"template":"","tags":[],"podcastfilter":[150,241,183,2,339,331,353,5,311,6],"class_list":["post-7731","podcast","type-podcast","status-publish","has-post-thumbnail","hentry","podcastfilter-association","podcastfilter-benevoles","podcastfilter-gard","podcastfilter-la-voix-des-assos","podcastfilter-lien-intergenerationnel","podcastfilter-lien-social","podcastfilter-lutte-contre-lexclusion","podcastfilter-nimes","podcastfilter-social","podcastfilter-solidarite"],"_links":{"self":[{"href":"https:\/\/radio-aviva.com\/nimes\/wp-json\/wp\/v2\/podcast\/7731","targetHints":{"allow":["GET"]}}],"collection":[{"href":"https:\/\/radio-aviva.com\/nimes\/wp-json\/wp\/v2\/podcast"}],"about":[{"href":"https:\/\/radio-aviva.com\/nimes\/wp-json\/wp\/v2\/types\/podcast"}],"author":[{"embeddable":true,"href":"https:\/\/radio-aviva.com\/nimes\/wp-json\/wp\/v2\/users\/336"}],"version-history":[{"count":0,"href":"https:\/\/radio-aviva.com\/nimes\/wp-json\/wp\/v2\/podcast\/7731\/revisions"}],"wp:featuredmedia":[{"embeddable":true,"href":"https:\/\/radio-aviva.com\/nimes\/wp-json\/wp\/v2\/media\/6891"}],"wp:attachment":[{"href":"https:\/\/radio-aviva.com\/nimes\/wp-json\/wp\/v2\/media?parent=7731"}],"wp:term":[{"taxonomy":"post_tag","embeddable":true,"href":"https:\/\/radio-aviva.com\/nimes\/wp-json\/wp\/v2\/tags?post=7731"},{"taxonomy":"podcastfilter","embeddable":true,"href":"https:\/\/radio-aviva.com\/nimes\/wp-json\/wp\/v2\/podcastfilter?post=7731"}],"curies":[{"name":"wp","href":"https:\/\/api.w.org\/{rel}","templated":true}]}}

<p>Magali Ramos est bénévole de l&rsquo;association Les Petits Frères des Pauvres. Elle présente au micro de Radio Aviva les différentes actions qu&rsquo;ils mènent au quotidien. Elle lance également un appel aux bénévoles qui souhaiteraient lutter à ses côtes contre l&rsquo;exclusion sociale.</p>
