{"id":7737,"date":"2023-10-23T16:39:40","date_gmt":"2023-10-23T14:39:40","guid":{"rendered":"https:\/\/radio-aviva.com\/nimes\/?post_type=podcast&#038;p=7737"},"modified":"2023-10-23T16:39:40","modified_gmt":"2023-10-23T14:39:40","slug":"forum-des-associations-patricia-rigal-deleguee-departementale-gard-et-herault-association-reves","status":"publish","type":"podcast","link":"https:\/\/radio-aviva.com\/nimes\/podcast\/forum-des-associations-patricia-rigal-deleguee-departementale-gard-et-herault-association-reves\/","title":{"rendered":"FORUM DES ASSOCIATIONS &#8211; PATRICIA RIGAL, DELEGUEE DEPARTEMENTALE GARD ET HERAULT ASSOCIATION REVES"},"content":{"rendered":"<p>Patricial Rigal est d\u00e9l\u00e9gu\u00e9e d\u00e9partementale pour le Gard et l&rsquo;H\u00e9rault de l&rsquo;association R\u00eaves. Elle pr\u00e9sente, au micro de Radio Aviva, cette association cr\u00e9\u00e9e en 1994 qui a pour vocation de r\u00e9aliser les r\u00eaves des enfants gravement malades.<\/p>\n","protected":false},"author":336,"featured_media":6891,"template":"","tags":[],"podcastfilter":[150,241,348,254,183,310,2,5,356,29],"class_list":["post-7737","podcast","type-podcast","status-publish","has-post-thumbnail","hentry","podcastfilter-association","podcastfilter-benevoles","podcastfilter-dons","podcastfilter-enfants-hospitalises","podcastfilter-gard","podcastfilter-herault","podcastfilter-la-voix-des-assos","podcastfilter-nimes","podcastfilter-reves","podcastfilter-sante"],"_links":{"self":[{"href":"https:\/\/radio-aviva.com\/nimes\/wp-json\/wp\/v2\/podcast\/7737","targetHints":{"allow":["GET"]}}],"collection":[{"href":"https:\/\/radio-aviva.com\/nimes\/wp-json\/wp\/v2\/podcast"}],"about":[{"href":"https:\/\/radio-aviva.com\/nimes\/wp-json\/wp\/v2\/types\/podcast"}],"author":[{"embeddable":true,"href":"https:\/\/radio-aviva.com\/nimes\/wp-json\/wp\/v2\/users\/336"}],"version-history":[{"count":0,"href":"https:\/\/radio-aviva.com\/nimes\/wp-json\/wp\/v2\/podcast\/7737\/revisions"}],"wp:featuredmedia":[{"embeddable":true,"href":"https:\/\/radio-aviva.com\/nimes\/wp-json\/wp\/v2\/media\/6891"}],"wp:attachment":[{"href":"https:\/\/radio-aviva.com\/nimes\/wp-json\/wp\/v2\/media?parent=7737"}],"wp:term":[{"taxonomy":"post_tag","embeddable":true,"href":"https:\/\/radio-aviva.com\/nimes\/wp-json\/wp\/v2\/tags?post=7737"},{"taxonomy":"podcastfilter","embeddable":true,"href":"https:\/\/radio-aviva.com\/nimes\/wp-json\/wp\/v2\/podcastfilter?post=7737"}],"curies":[{"name":"wp","href":"https:\/\/api.w.org\/{rel}","templated":true}]}}

<p>Patricial Rigal est déléguée départementale pour le Gard et l&rsquo;Hérault de l&rsquo;association Rêves. Elle présente, au micro de Radio Aviva, cette association créée en 1994 qui a pour vocation de réaliser les rêves des enfants gravement malades.</p>
