{"id":7739,"date":"2023-10-23T16:57:25","date_gmt":"2023-10-23T14:57:25","guid":{"rendered":"https:\/\/radio-aviva.com\/nimes\/?post_type=podcast&#038;p=7739"},"modified":"2023-10-23T16:57:25","modified_gmt":"2023-10-23T14:57:25","slug":"forum-des-associations-serge-cherault-fondateur-urgence-tibet-solidarite","status":"publish","type":"podcast","link":"https:\/\/radio-aviva.com\/nimes\/podcast\/forum-des-associations-serge-cherault-fondateur-urgence-tibet-solidarite\/","title":{"rendered":"FORUM DES ASSOCIATIONS &#8211; SERGE CHERAULT, FONDATEUR URGENCE TIBET SOLIDARITE"},"content":{"rendered":"<p>Serge Cherault, fondateur de l&rsquo;association Urgence Tibet Solidarit\u00e9 pr\u00e9sence au micro de Radio Aviva l&rsquo;association qu&rsquo;il a cr\u00e9e en 2012. L&rsquo;association organise des \u00e9v\u00e9nements culturels mais surtout parraine et finance la scolarit\u00e9 des enfants au Tibet.<\/p>\n","protected":false},"author":336,"featured_media":6891,"template":"","tags":[],"podcastfilter":[150,28,183,2,5,6,357],"class_list":["post-7739","podcast","type-podcast","status-publish","has-post-thumbnail","hentry","podcastfilter-association","podcastfilter-culture","podcastfilter-gard","podcastfilter-la-voix-des-assos","podcastfilter-nimes","podcastfilter-solidarite","podcastfilter-urgence-tibet-solidarite"],"_links":{"self":[{"href":"https:\/\/radio-aviva.com\/nimes\/wp-json\/wp\/v2\/podcast\/7739","targetHints":{"allow":["GET"]}}],"collection":[{"href":"https:\/\/radio-aviva.com\/nimes\/wp-json\/wp\/v2\/podcast"}],"about":[{"href":"https:\/\/radio-aviva.com\/nimes\/wp-json\/wp\/v2\/types\/podcast"}],"author":[{"embeddable":true,"href":"https:\/\/radio-aviva.com\/nimes\/wp-json\/wp\/v2\/users\/336"}],"version-history":[{"count":0,"href":"https:\/\/radio-aviva.com\/nimes\/wp-json\/wp\/v2\/podcast\/7739\/revisions"}],"wp:featuredmedia":[{"embeddable":true,"href":"https:\/\/radio-aviva.com\/nimes\/wp-json\/wp\/v2\/media\/6891"}],"wp:attachment":[{"href":"https:\/\/radio-aviva.com\/nimes\/wp-json\/wp\/v2\/media?parent=7739"}],"wp:term":[{"taxonomy":"post_tag","embeddable":true,"href":"https:\/\/radio-aviva.com\/nimes\/wp-json\/wp\/v2\/tags?post=7739"},{"taxonomy":"podcastfilter","embeddable":true,"href":"https:\/\/radio-aviva.com\/nimes\/wp-json\/wp\/v2\/podcastfilter?post=7739"}],"curies":[{"name":"wp","href":"https:\/\/api.w.org\/{rel}","templated":true}]}}

<p>Serge Cherault, fondateur de l&rsquo;association Urgence Tibet Solidarité présence au micro de Radio Aviva l&rsquo;association qu&rsquo;il a crée en 2012. L&rsquo;association organise des événements culturels mais surtout parraine et finance la scolarité des enfants au Tibet.</p>
