{"id":7772,"date":"2023-10-27T13:55:57","date_gmt":"2023-10-27T11:55:57","guid":{"rendered":"https:\/\/radio-aviva.com\/nimes\/?post_type=podcast&#038;p=7772"},"modified":"2023-10-27T13:59:27","modified_gmt":"2023-10-27T11:59:27","slug":"programmation-octobre-comedie-de-nimes-arno-maxx-directeur","status":"publish","type":"podcast","link":"https:\/\/radio-aviva.com\/nimes\/podcast\/programmation-octobre-comedie-de-nimes-arno-maxx-directeur\/","title":{"rendered":"PROGRAMMATION OCTOBRE, COMEDIE DE NIMES &#8211; ARNO MAXX, DIRECTEUR"},"content":{"rendered":"<p>Arno Maxx, directeur du caf\u00e9 th\u00e9\u00e2tre La Com\u00e9die de N\u00eemes pr\u00e9sente, au micro de Radio Aviva, leur programmation septembre-octobre 2023.<\/p>\n","protected":false},"author":336,"featured_media":7773,"template":"","tags":[],"podcastfilter":[362,236,160,28,24,300,183,234,5,191,25],"class_list":["post-7772","podcast","type-podcast","status-publish","has-post-thumbnail","hentry","podcastfilter-cafe-theatre-la-comedie-de-nimes","podcastfilter-comedie","podcastfilter-comedien","podcastfilter-culture","podcastfilter-culture-et-compagnie","podcastfilter-evenement","podcastfilter-gard","podcastfilter-jeune-public","podcastfilter-nimes","podcastfilter-spectacle","podcastfilter-theatre"],"_links":{"self":[{"href":"https:\/\/radio-aviva.com\/nimes\/wp-json\/wp\/v2\/podcast\/7772","targetHints":{"allow":["GET"]}}],"collection":[{"href":"https:\/\/radio-aviva.com\/nimes\/wp-json\/wp\/v2\/podcast"}],"about":[{"href":"https:\/\/radio-aviva.com\/nimes\/wp-json\/wp\/v2\/types\/podcast"}],"author":[{"embeddable":true,"href":"https:\/\/radio-aviva.com\/nimes\/wp-json\/wp\/v2\/users\/336"}],"version-history":[{"count":0,"href":"https:\/\/radio-aviva.com\/nimes\/wp-json\/wp\/v2\/podcast\/7772\/revisions"}],"wp:featuredmedia":[{"embeddable":true,"href":"https:\/\/radio-aviva.com\/nimes\/wp-json\/wp\/v2\/media\/7773"}],"wp:attachment":[{"href":"https:\/\/radio-aviva.com\/nimes\/wp-json\/wp\/v2\/media?parent=7772"}],"wp:term":[{"taxonomy":"post_tag","embeddable":true,"href":"https:\/\/radio-aviva.com\/nimes\/wp-json\/wp\/v2\/tags?post=7772"},{"taxonomy":"podcastfilter","embeddable":true,"href":"https:\/\/radio-aviva.com\/nimes\/wp-json\/wp\/v2\/podcastfilter?post=7772"}],"curies":[{"name":"wp","href":"https:\/\/api.w.org\/{rel}","templated":true}]}}

<p>Arno Maxx, directeur du café théâtre La Comédie de Nîmes présente, au micro de Radio Aviva, leur programmation septembre-octobre 2023.</p>
