{"id":7775,"date":"2023-10-27T14:43:15","date_gmt":"2023-10-27T12:43:15","guid":{"rendered":"https:\/\/radio-aviva.com\/nimes\/?post_type=podcast&#038;p=7775"},"modified":"2024-04-30T17:08:59","modified_gmt":"2024-04-30T15:08:59","slug":"exposition-playmobil-milhaud-vincent-rousseau-president-association-playmo-du-sud","status":"publish","type":"podcast","link":"https:\/\/radio-aviva.com\/nimes\/podcast\/exposition-playmobil-milhaud-vincent-rousseau-president-association-playmo-du-sud\/","title":{"rendered":"EXPOSITION PLAYMOBIL MILHAUD &#8211; VINCENT ROUSSEAU, PRESIDENT ASSOCIATION PLAYMO DU SUD"},"content":{"rendered":"<p>Vincent Rousseau, pr\u00e9sident de Playmo du Sud pr\u00e9sente, au micro de Radio Aviva, son association ainsi que l&rsquo;exposition qu&rsquo;il organise \u00e0 Milhaud les 28 et 29 octobre 2023.<\/p>\n","protected":false},"author":336,"featured_media":0,"template":"","tags":[],"podcastfilter":[150,28,300,22,183,234,30,339,5,211],"class_list":["post-7775","podcast","type-podcast","status-publish","hentry","podcastfilter-association","podcastfilter-culture","podcastfilter-evenement","podcastfilter-exposition","podcastfilter-gard","podcastfilter-jeune-public","podcastfilter-linvite-de-la-redaction","podcastfilter-lien-intergenerationnel","podcastfilter-nimes","podcastfilter-occitanie"],"_links":{"self":[{"href":"https:\/\/radio-aviva.com\/nimes\/wp-json\/wp\/v2\/podcast\/7775","targetHints":{"allow":["GET"]}}],"collection":[{"href":"https:\/\/radio-aviva.com\/nimes\/wp-json\/wp\/v2\/podcast"}],"about":[{"href":"https:\/\/radio-aviva.com\/nimes\/wp-json\/wp\/v2\/types\/podcast"}],"author":[{"embeddable":true,"href":"https:\/\/radio-aviva.com\/nimes\/wp-json\/wp\/v2\/users\/336"}],"version-history":[{"count":0,"href":"https:\/\/radio-aviva.com\/nimes\/wp-json\/wp\/v2\/podcast\/7775\/revisions"}],"wp:attachment":[{"href":"https:\/\/radio-aviva.com\/nimes\/wp-json\/wp\/v2\/media?parent=7775"}],"wp:term":[{"taxonomy":"post_tag","embeddable":true,"href":"https:\/\/radio-aviva.com\/nimes\/wp-json\/wp\/v2\/tags?post=7775"},{"taxonomy":"podcastfilter","embeddable":true,"href":"https:\/\/radio-aviva.com\/nimes\/wp-json\/wp\/v2\/podcastfilter?post=7775"}],"curies":[{"name":"wp","href":"https:\/\/api.w.org\/{rel}","templated":true}]}}

<p>Vincent Rousseau, président de Playmo du Sud présente, au micro de Radio Aviva, son association ainsi que l&rsquo;exposition qu&rsquo;il organise à Milhaud les 28 et 29 octobre 2023.</p>
