{"id":7777,"date":"2023-10-27T16:48:16","date_gmt":"2023-10-27T14:48:16","guid":{"rendered":"https:\/\/radio-aviva.com\/nimes\/?post_type=podcast&#038;p=7777"},"modified":"2023-10-27T16:48:16","modified_gmt":"2023-10-27T14:48:16","slug":"presentation-programmation-culturelle-2023-2024-stephane-marmain-directeur-communication-mairie-pont-saint-esprit","status":"publish","type":"podcast","link":"https:\/\/radio-aviva.com\/nimes\/podcast\/presentation-programmation-culturelle-2023-2024-stephane-marmain-directeur-communication-mairie-pont-saint-esprit\/","title":{"rendered":"PRESENTATION PROGRAMMATION CULTURELLE 2023-2024 &#8211; STEPHANE MARMAIN, DIRECTEUR COMMUNICATION MAIRIE PONT SAINT ESPRIT"},"content":{"rendered":"<p>St\u00e9phane Marmain, directeur de la communication, de la culture et de l&rsquo;animation du territoire \u00e0 la mairie de Pont-Saint-Esprit pr\u00e9sente, au micro de Radio Aviva, la programmation culturelle de la commune pour l&rsquo;ann\u00e9e 2023-2024.<\/p>\n","protected":false},"author":336,"featured_media":6782,"template":"","tags":[],"podcastfilter":[28,24,13,300,22,173,183,234,133,5,257,363,268,191,25],"class_list":["post-7777","podcast","type-podcast","status-publish","has-post-thumbnail","hentry","podcastfilter-culture","podcastfilter-culture-et-compagnie","podcastfilter-danse","podcastfilter-evenement","podcastfilter-exposition","podcastfilter-festival","podcastfilter-gard","podcastfilter-jeune-public","podcastfilter-musique","podcastfilter-nimes","podcastfilter-photographie","podcastfilter-pont-saint-esprit","podcastfilter-salon","podcastfilter-spectacle","podcastfilter-theatre"],"_links":{"self":[{"href":"https:\/\/radio-aviva.com\/nimes\/wp-json\/wp\/v2\/podcast\/7777","targetHints":{"allow":["GET"]}}],"collection":[{"href":"https:\/\/radio-aviva.com\/nimes\/wp-json\/wp\/v2\/podcast"}],"about":[{"href":"https:\/\/radio-aviva.com\/nimes\/wp-json\/wp\/v2\/types\/podcast"}],"author":[{"embeddable":true,"href":"https:\/\/radio-aviva.com\/nimes\/wp-json\/wp\/v2\/users\/336"}],"version-history":[{"count":0,"href":"https:\/\/radio-aviva.com\/nimes\/wp-json\/wp\/v2\/podcast\/7777\/revisions"}],"wp:featuredmedia":[{"embeddable":true,"href":"https:\/\/radio-aviva.com\/nimes\/wp-json\/wp\/v2\/media\/6782"}],"wp:attachment":[{"href":"https:\/\/radio-aviva.com\/nimes\/wp-json\/wp\/v2\/media?parent=7777"}],"wp:term":[{"taxonomy":"post_tag","embeddable":true,"href":"https:\/\/radio-aviva.com\/nimes\/wp-json\/wp\/v2\/tags?post=7777"},{"taxonomy":"podcastfilter","embeddable":true,"href":"https:\/\/radio-aviva.com\/nimes\/wp-json\/wp\/v2\/podcastfilter?post=7777"}],"curies":[{"name":"wp","href":"https:\/\/api.w.org\/{rel}","templated":true}]}}

<p>Stéphane Marmain, directeur de la communication, de la culture et de l&rsquo;animation du territoire à la mairie de Pont-Saint-Esprit présente, au micro de Radio Aviva, la programmation culturelle de la commune pour l&rsquo;année 2023-2024.</p>
