{"id":7834,"date":"2023-11-14T17:29:31","date_gmt":"2023-11-14T16:29:31","guid":{"rendered":"https:\/\/radio-aviva.com\/nimes\/?post_type=podcast&#038;p=7834"},"modified":"2023-11-14T17:29:31","modified_gmt":"2023-11-14T16:29:31","slug":"concours-la-lutte-contre-les-violences-faites-aux-femmes-nous-concerne-toutes-et-tous-isabelle-fardoux-jouve-conseillere-departementale-deleguee-a-legalite-femme-homme","status":"publish","type":"podcast","link":"https:\/\/radio-aviva.com\/nimes\/podcast\/concours-la-lutte-contre-les-violences-faites-aux-femmes-nous-concerne-toutes-et-tous-isabelle-fardoux-jouve-conseillere-departementale-deleguee-a-legalite-femme-homme\/","title":{"rendered":"CONCOURS \u00ab\u00a0LA LUTTE CONTRE LES VIOLENCES FAITES AUX FEMMES NOUS CONCERNE TOUTES ET TOUS\u00a0\u00bb &#8211; ISABELLE FARDOUX-JOUVE, CONSEILLERE DEPARTEMENTALE DELEGUEE A L&rsquo;EGALITE FEMME-HOMME"},"content":{"rendered":"<p>Isabelle Fardoux-Jouve, conseill\u00e8re d\u00e9partementale d\u00e9l\u00e9gu\u00e9e \u00e0 l&rsquo;Egalit\u00e9 femme-homme et \u00e0 la lutte contre les discriminations pr\u00e9sente au micro de Radio Aviva le r\u00e9seau Egalit\u00e9 femme-homme ainsi que le second concours \u00ab\u00a0La lutte contre les violences faites aux femmes nous concerne toutes et tous\u00a0\u00bb.<\/p>\n","protected":false},"author":336,"featured_media":0,"template":"","tags":[],"podcastfilter":[360,309,308,172,183,176,30,3,4,5,203,6],"class_list":["post-7834","podcast","type-podcast","status-publish","hentry","podcastfilter-concours","podcastfilter-conseil-departemental-du-gard","podcastfilter-egalite-femmes-hommes","podcastfilter-femme","podcastfilter-gard","podcastfilter-invite-de-la-redaction","podcastfilter-linvite-de-la-redaction","podcastfilter-lutte-contre-les-discriminations","podcastfilter-lutte-contre-les-violences-faites-aux-femmes","podcastfilter-nimes","podcastfilter-politique-et-institutions-locales","podcastfilter-solidarite"],"_links":{"self":[{"href":"https:\/\/radio-aviva.com\/nimes\/wp-json\/wp\/v2\/podcast\/7834","targetHints":{"allow":["GET"]}}],"collection":[{"href":"https:\/\/radio-aviva.com\/nimes\/wp-json\/wp\/v2\/podcast"}],"about":[{"href":"https:\/\/radio-aviva.com\/nimes\/wp-json\/wp\/v2\/types\/podcast"}],"author":[{"embeddable":true,"href":"https:\/\/radio-aviva.com\/nimes\/wp-json\/wp\/v2\/users\/336"}],"version-history":[{"count":0,"href":"https:\/\/radio-aviva.com\/nimes\/wp-json\/wp\/v2\/podcast\/7834\/revisions"}],"wp:attachment":[{"href":"https:\/\/radio-aviva.com\/nimes\/wp-json\/wp\/v2\/media?parent=7834"}],"wp:term":[{"taxonomy":"post_tag","embeddable":true,"href":"https:\/\/radio-aviva.com\/nimes\/wp-json\/wp\/v2\/tags?post=7834"},{"taxonomy":"podcastfilter","embeddable":true,"href":"https:\/\/radio-aviva.com\/nimes\/wp-json\/wp\/v2\/podcastfilter?post=7834"}],"curies":[{"name":"wp","href":"https:\/\/api.w.org\/{rel}","templated":true}]}}

<p>Isabelle Fardoux-Jouve, conseillère départementale déléguée à l&rsquo;Egalité femme-homme et à la lutte contre les discriminations présente au micro de Radio Aviva le réseau Egalité femme-homme ainsi que le second concours « La lutte contre les violences faites aux femmes nous concerne toutes et tous ».</p>
