{"id":7857,"date":"2023-11-15T16:50:33","date_gmt":"2023-11-15T15:50:33","guid":{"rendered":"https:\/\/radio-aviva.com\/nimes\/?post_type=podcast&#038;p=7857"},"modified":"2023-11-15T16:50:33","modified_gmt":"2023-11-15T15:50:33","slug":"femme-du-gard-et-fiere-de-letre-karen-kapferer-cheffe-dorchestre","status":"publish","type":"podcast","link":"https:\/\/radio-aviva.com\/nimes\/podcast\/femme-du-gard-et-fiere-de-letre-karen-kapferer-cheffe-dorchestre\/","title":{"rendered":"FEMME DU GARD ET FIERE DE L&rsquo;ETRE &#8211; KAREN KAPFERER, CHEFFE D&rsquo;ORCHESTRE"},"content":{"rendered":"<p>Karen Kapferer, cheffe d&rsquo;orchestre et compositrice, pr\u00e9sente, au micro de Radio Aviva, son r\u00eave d&rsquo;enfance devenu r\u00e9alit\u00e9, son parcours sem\u00e9 d&#8217;embuches ainsi que son quotidien entre famille, musique et combat pour l&rsquo;\u00e9galit\u00e9.<\/p>\n","protected":false},"author":336,"featured_media":7858,"template":"","tags":[],"podcastfilter":[312,183],"class_list":["post-7857","podcast","type-podcast","status-publish","has-post-thumbnail","hentry","podcastfilter-femme-du-gard-et-fiere-de-letre","podcastfilter-gard"],"_links":{"self":[{"href":"https:\/\/radio-aviva.com\/nimes\/wp-json\/wp\/v2\/podcast\/7857","targetHints":{"allow":["GET"]}}],"collection":[{"href":"https:\/\/radio-aviva.com\/nimes\/wp-json\/wp\/v2\/podcast"}],"about":[{"href":"https:\/\/radio-aviva.com\/nimes\/wp-json\/wp\/v2\/types\/podcast"}],"author":[{"embeddable":true,"href":"https:\/\/radio-aviva.com\/nimes\/wp-json\/wp\/v2\/users\/336"}],"version-history":[{"count":0,"href":"https:\/\/radio-aviva.com\/nimes\/wp-json\/wp\/v2\/podcast\/7857\/revisions"}],"wp:featuredmedia":[{"embeddable":true,"href":"https:\/\/radio-aviva.com\/nimes\/wp-json\/wp\/v2\/media\/7858"}],"wp:attachment":[{"href":"https:\/\/radio-aviva.com\/nimes\/wp-json\/wp\/v2\/media?parent=7857"}],"wp:term":[{"taxonomy":"post_tag","embeddable":true,"href":"https:\/\/radio-aviva.com\/nimes\/wp-json\/wp\/v2\/tags?post=7857"},{"taxonomy":"podcastfilter","embeddable":true,"href":"https:\/\/radio-aviva.com\/nimes\/wp-json\/wp\/v2\/podcastfilter?post=7857"}],"curies":[{"name":"wp","href":"https:\/\/api.w.org\/{rel}","templated":true}]}}

<p>Karen Kapferer, cheffe d&rsquo;orchestre et compositrice, présente, au micro de Radio Aviva, son rêve d&rsquo;enfance devenu réalité, son parcours semé d&#8217;embuches ainsi que son quotidien entre famille, musique et combat pour l&rsquo;égalité.</p>
