{"id":7863,"date":"2023-11-15T17:39:09","date_gmt":"2023-11-15T16:39:09","guid":{"rendered":"https:\/\/radio-aviva.com\/nimes\/?post_type=podcast&#038;p=7863"},"modified":"2023-11-15T17:39:09","modified_gmt":"2023-11-15T16:39:09","slug":"femme-du-gard-et-fiere-de-letre-pascale-chabanel-pdg-designchab","status":"publish","type":"podcast","link":"https:\/\/radio-aviva.com\/nimes\/podcast\/femme-du-gard-et-fiere-de-letre-pascale-chabanel-pdg-designchab\/","title":{"rendered":"FEMME DU GARD ET FIERE DE L&rsquo;ETRE &#8211; PASCALE CHABANEL, PDG DESIGNCHAB"},"content":{"rendered":"<p>Pascale Chabanel, cheffe d&rsquo;entreprise, se livre, au micro de Radio Aviva, sur ses r\u00eaves d&rsquo;enfance, son parcours et son travail au quotidien entre monde masculin et combat pour l&rsquo;\u00e9galit\u00e9. N\u00eemoise de naissance, elle aborde \u00e9galement son amour et son attachement au Gard.<\/p>\n","protected":false},"author":336,"featured_media":7858,"template":"","tags":[],"podcastfilter":[312,183],"class_list":["post-7863","podcast","type-podcast","status-publish","has-post-thumbnail","hentry","podcastfilter-femme-du-gard-et-fiere-de-letre","podcastfilter-gard"],"_links":{"self":[{"href":"https:\/\/radio-aviva.com\/nimes\/wp-json\/wp\/v2\/podcast\/7863","targetHints":{"allow":["GET"]}}],"collection":[{"href":"https:\/\/radio-aviva.com\/nimes\/wp-json\/wp\/v2\/podcast"}],"about":[{"href":"https:\/\/radio-aviva.com\/nimes\/wp-json\/wp\/v2\/types\/podcast"}],"author":[{"embeddable":true,"href":"https:\/\/radio-aviva.com\/nimes\/wp-json\/wp\/v2\/users\/336"}],"version-history":[{"count":0,"href":"https:\/\/radio-aviva.com\/nimes\/wp-json\/wp\/v2\/podcast\/7863\/revisions"}],"wp:featuredmedia":[{"embeddable":true,"href":"https:\/\/radio-aviva.com\/nimes\/wp-json\/wp\/v2\/media\/7858"}],"wp:attachment":[{"href":"https:\/\/radio-aviva.com\/nimes\/wp-json\/wp\/v2\/media?parent=7863"}],"wp:term":[{"taxonomy":"post_tag","embeddable":true,"href":"https:\/\/radio-aviva.com\/nimes\/wp-json\/wp\/v2\/tags?post=7863"},{"taxonomy":"podcastfilter","embeddable":true,"href":"https:\/\/radio-aviva.com\/nimes\/wp-json\/wp\/v2\/podcastfilter?post=7863"}],"curies":[{"name":"wp","href":"https:\/\/api.w.org\/{rel}","templated":true}]}}

<p>Pascale Chabanel, cheffe d&rsquo;entreprise, se livre, au micro de Radio Aviva, sur ses rêves d&rsquo;enfance, son parcours et son travail au quotidien entre monde masculin et combat pour l&rsquo;égalité. Nîmoise de naissance, elle aborde également son amour et son attachement au Gard.</p>
