{"id":7875,"date":"2023-11-28T14:38:21","date_gmt":"2023-11-28T13:38:21","guid":{"rendered":"https:\/\/radio-aviva.com\/nimes\/?post_type=podcast&#038;p=7875"},"modified":"2023-11-28T14:49:58","modified_gmt":"2023-11-28T13:49:58","slug":"conference-lutte-contre-la-faim-alain-maio-administrateur-delegue-gard-ong-action-contre-la-faim","status":"publish","type":"podcast","link":"https:\/\/radio-aviva.com\/nimes\/podcast\/conference-lutte-contre-la-faim-alain-maio-administrateur-delegue-gard-ong-action-contre-la-faim\/","title":{"rendered":"CONFERENCE LUTTE CONTRE LA FAIM &#8211; ALAIN MAIO, ADMINISTRATEUR DELEGUE GARD ONG ACTION CONTRE LA FAIM"},"content":{"rendered":"<p>Dans cette nouvelle \u00e9mission du Magazine de la R\u00e9daction, nous accueillons Alain MA\u00cfO, Administrateur D\u00e9l\u00e9gu\u00e9 du Gard pour l&rsquo;ONG Action Contre La Faim au micro de Marie-Laure GUERRIER, \u00e0 l&rsquo;occasion de la Conf\u00e9rence Risque Syst\u00e9miques Climat et R\u00e9silience.<\/p>\n","protected":false},"author":338,"featured_media":7878,"template":"","tags":[],"podcastfilter":[20,183,27],"class_list":["post-7875","podcast","type-podcast","status-publish","has-post-thumbnail","hentry","podcastfilter-environnement","podcastfilter-gard","podcastfilter-le-magazine-de-la-redac"],"_links":{"self":[{"href":"https:\/\/radio-aviva.com\/nimes\/wp-json\/wp\/v2\/podcast\/7875","targetHints":{"allow":["GET"]}}],"collection":[{"href":"https:\/\/radio-aviva.com\/nimes\/wp-json\/wp\/v2\/podcast"}],"about":[{"href":"https:\/\/radio-aviva.com\/nimes\/wp-json\/wp\/v2\/types\/podcast"}],"author":[{"embeddable":true,"href":"https:\/\/radio-aviva.com\/nimes\/wp-json\/wp\/v2\/users\/338"}],"version-history":[{"count":0,"href":"https:\/\/radio-aviva.com\/nimes\/wp-json\/wp\/v2\/podcast\/7875\/revisions"}],"wp:featuredmedia":[{"embeddable":true,"href":"https:\/\/radio-aviva.com\/nimes\/wp-json\/wp\/v2\/media\/7878"}],"wp:attachment":[{"href":"https:\/\/radio-aviva.com\/nimes\/wp-json\/wp\/v2\/media?parent=7875"}],"wp:term":[{"taxonomy":"post_tag","embeddable":true,"href":"https:\/\/radio-aviva.com\/nimes\/wp-json\/wp\/v2\/tags?post=7875"},{"taxonomy":"podcastfilter","embeddable":true,"href":"https:\/\/radio-aviva.com\/nimes\/wp-json\/wp\/v2\/podcastfilter?post=7875"}],"curies":[{"name":"wp","href":"https:\/\/api.w.org\/{rel}","templated":true}]}}

<p>Dans cette nouvelle émission du Magazine de la Rédaction, nous accueillons Alain MAÏO, Administrateur Délégué du Gard pour l&rsquo;ONG Action Contre La Faim au micro de Marie-Laure GUERRIER, à l&rsquo;occasion de la Conférence Risque Systémiques Climat et Résilience.</p>
