{"id":7891,"date":"2023-12-06T13:02:51","date_gmt":"2023-12-06T12:02:51","guid":{"rendered":"https:\/\/radio-aviva.com\/nimes\/?post_type=podcast&#038;p=7891"},"modified":"2023-12-06T13:07:18","modified_gmt":"2023-12-06T12:07:18","slug":"bilan-et-proejts-handicap-christophe-serre-1er-vice-president-consiel-departement-du-gard","status":"publish","type":"podcast","link":"https:\/\/radio-aviva.com\/nimes\/podcast\/bilan-et-proejts-handicap-christophe-serre-1er-vice-president-consiel-departement-du-gard\/","title":{"rendered":"BILAN ET PROJETS HANDICAP &#8211; CHRISTOPHE SERRE, 1ER VICE PRESIDENT CONSEIL DEPARTEMENT DU GARD"},"content":{"rendered":"<p>Christophe Serre, 1er Vice-pr\u00e9sident du Conseil d\u00e9partemental du Gard en charge du handicap, dresse, au micro de Radio Aviva, un bilan de l&rsquo;ann\u00e9e 2023 concernant le raccourcissement des d\u00e9lais du traitement des dossiers et pr\u00e9sente les projets du d\u00e9partement pour 2024, notamment pour l&rsquo;habitat inclusif des personnes \u00e2g\u00e9es et\/ou handicap\u00e9es.<\/p>\n","protected":false},"author":336,"featured_media":0,"template":"","tags":[],"podcastfilter":[309,183,250,27,199,5],"class_list":["post-7891","podcast","type-podcast","status-publish","hentry","podcastfilter-conseil-departemental-du-gard","podcastfilter-gard","podcastfilter-handicap","podcastfilter-le-magazine-de-la-redac","podcastfilter-mag-de-la-redac","podcastfilter-nimes"],"_links":{"self":[{"href":"https:\/\/radio-aviva.com\/nimes\/wp-json\/wp\/v2\/podcast\/7891","targetHints":{"allow":["GET"]}}],"collection":[{"href":"https:\/\/radio-aviva.com\/nimes\/wp-json\/wp\/v2\/podcast"}],"about":[{"href":"https:\/\/radio-aviva.com\/nimes\/wp-json\/wp\/v2\/types\/podcast"}],"author":[{"embeddable":true,"href":"https:\/\/radio-aviva.com\/nimes\/wp-json\/wp\/v2\/users\/336"}],"version-history":[{"count":0,"href":"https:\/\/radio-aviva.com\/nimes\/wp-json\/wp\/v2\/podcast\/7891\/revisions"}],"wp:attachment":[{"href":"https:\/\/radio-aviva.com\/nimes\/wp-json\/wp\/v2\/media?parent=7891"}],"wp:term":[{"taxonomy":"post_tag","embeddable":true,"href":"https:\/\/radio-aviva.com\/nimes\/wp-json\/wp\/v2\/tags?post=7891"},{"taxonomy":"podcastfilter","embeddable":true,"href":"https:\/\/radio-aviva.com\/nimes\/wp-json\/wp\/v2\/podcastfilter?post=7891"}],"curies":[{"name":"wp","href":"https:\/\/api.w.org\/{rel}","templated":true}]}}

<p>Christophe Serre, 1er Vice-président du Conseil départemental du Gard en charge du handicap, dresse, au micro de Radio Aviva, un bilan de l&rsquo;année 2023 concernant le raccourcissement des délais du traitement des dossiers et présente les projets du département pour 2024, notamment pour l&rsquo;habitat inclusif des personnes âgées et/ou handicapées.</p>
