{"id":7894,"date":"2023-12-06T14:00:37","date_gmt":"2023-12-06T13:00:37","guid":{"rendered":"https:\/\/radio-aviva.com\/nimes\/?post_type=podcast&#038;p=7894"},"modified":"2023-12-06T14:00:37","modified_gmt":"2023-12-06T13:00:37","slug":"ceregard-leslie-joly-responsable-associtation-et-loubov-ferrier-filhol-conseillere-technique-et-pedagogique","status":"publish","type":"podcast","link":"https:\/\/radio-aviva.com\/nimes\/podcast\/ceregard-leslie-joly-responsable-associtation-et-loubov-ferrier-filhol-conseillere-technique-et-pedagogique\/","title":{"rendered":"CEREGARD &#8211; LESLIE JOLY, RESPONSABLE ASSOCITATION ET LOUBOV FERRIER FILHOL, CONSEILLERE TECHNIQUE ET PEDAGOGIQUE"},"content":{"rendered":"<p>Dans le cadre des Journ\u00e9es de Lutte contre l&rsquo;Illettrisme, Radio Aviva a eu le plaisir de recevoir sur son antenne Leslie Joly, responsable associative de CEREGARD et Loubov Ferrier Filhol, conseill\u00e8re technique et p\u00e9dagogique qui pr\u00e9sente le centre de ressources CEREGARD ainsi que ses diff\u00e9rentes actions.<\/p>\n","protected":false},"author":336,"featured_media":7896,"template":"","tags":[],"podcastfilter":[375,165,361,183,2,376,5],"class_list":["post-7894","podcast","type-podcast","status-publish","has-post-thumbnail","hentry","podcastfilter-centre-de-ressources","podcastfilter-education","podcastfilter-formation","podcastfilter-gard","podcastfilter-la-voix-des-assos","podcastfilter-lutte-contre-lillettrisme","podcastfilter-nimes"],"_links":{"self":[{"href":"https:\/\/radio-aviva.com\/nimes\/wp-json\/wp\/v2\/podcast\/7894","targetHints":{"allow":["GET"]}}],"collection":[{"href":"https:\/\/radio-aviva.com\/nimes\/wp-json\/wp\/v2\/podcast"}],"about":[{"href":"https:\/\/radio-aviva.com\/nimes\/wp-json\/wp\/v2\/types\/podcast"}],"author":[{"embeddable":true,"href":"https:\/\/radio-aviva.com\/nimes\/wp-json\/wp\/v2\/users\/336"}],"version-history":[{"count":0,"href":"https:\/\/radio-aviva.com\/nimes\/wp-json\/wp\/v2\/podcast\/7894\/revisions"}],"wp:featuredmedia":[{"embeddable":true,"href":"https:\/\/radio-aviva.com\/nimes\/wp-json\/wp\/v2\/media\/7896"}],"wp:attachment":[{"href":"https:\/\/radio-aviva.com\/nimes\/wp-json\/wp\/v2\/media?parent=7894"}],"wp:term":[{"taxonomy":"post_tag","embeddable":true,"href":"https:\/\/radio-aviva.com\/nimes\/wp-json\/wp\/v2\/tags?post=7894"},{"taxonomy":"podcastfilter","embeddable":true,"href":"https:\/\/radio-aviva.com\/nimes\/wp-json\/wp\/v2\/podcastfilter?post=7894"}],"curies":[{"name":"wp","href":"https:\/\/api.w.org\/{rel}","templated":true}]}}

<p>Dans le cadre des Journées de Lutte contre l&rsquo;Illettrisme, Radio Aviva a eu le plaisir de recevoir sur son antenne Leslie Joly, responsable associative de CEREGARD et Loubov Ferrier Filhol, conseillère technique et pédagogique qui présente le centre de ressources CEREGARD ainsi que ses différentes actions.</p>
