{"id":7902,"date":"2023-12-06T15:36:00","date_gmt":"2023-12-06T14:36:00","guid":{"rendered":"https:\/\/radio-aviva.com\/nimes\/?post_type=podcast&#038;p=7902"},"modified":"2023-12-06T15:36:00","modified_gmt":"2023-12-06T14:36:00","slug":"club-coeur-sante-lucile-pansu-responsable-jacky-nadal-benevole","status":"publish","type":"podcast","link":"https:\/\/radio-aviva.com\/nimes\/podcast\/club-coeur-sante-lucile-pansu-responsable-jacky-nadal-benevole\/","title":{"rendered":"CLUB COEUR SANTE &#8211; LUCILE PANSU, RESPONSABLE, JACKY NADAL, BENEVOLE"},"content":{"rendered":"<p>Lucile Pansu, responsable et Jacky Nadal, b\u00e9n\u00e9vole pr\u00e9sentent, au micro de Radio Aviva, l&rsquo;association Club Coeur Sant\u00e9 qui favorise la sant\u00e9 cardiaque par la pratique sportive amateure.<\/p>\n","protected":false},"author":336,"featured_media":6891,"template":"","tags":[],"podcastfilter":[150,241,186,183,2,5,29,226,6,19],"class_list":["post-7902","podcast","type-podcast","status-publish","has-post-thumbnail","hentry","podcastfilter-association","podcastfilter-benevoles","podcastfilter-bien-etre-2","podcastfilter-gard","podcastfilter-la-voix-des-assos","podcastfilter-nimes","podcastfilter-sante","podcastfilter-solidaire","podcastfilter-solidarite","podcastfilter-sport"],"_links":{"self":[{"href":"https:\/\/radio-aviva.com\/nimes\/wp-json\/wp\/v2\/podcast\/7902","targetHints":{"allow":["GET"]}}],"collection":[{"href":"https:\/\/radio-aviva.com\/nimes\/wp-json\/wp\/v2\/podcast"}],"about":[{"href":"https:\/\/radio-aviva.com\/nimes\/wp-json\/wp\/v2\/types\/podcast"}],"author":[{"embeddable":true,"href":"https:\/\/radio-aviva.com\/nimes\/wp-json\/wp\/v2\/users\/336"}],"version-history":[{"count":0,"href":"https:\/\/radio-aviva.com\/nimes\/wp-json\/wp\/v2\/podcast\/7902\/revisions"}],"wp:featuredmedia":[{"embeddable":true,"href":"https:\/\/radio-aviva.com\/nimes\/wp-json\/wp\/v2\/media\/6891"}],"wp:attachment":[{"href":"https:\/\/radio-aviva.com\/nimes\/wp-json\/wp\/v2\/media?parent=7902"}],"wp:term":[{"taxonomy":"post_tag","embeddable":true,"href":"https:\/\/radio-aviva.com\/nimes\/wp-json\/wp\/v2\/tags?post=7902"},{"taxonomy":"podcastfilter","embeddable":true,"href":"https:\/\/radio-aviva.com\/nimes\/wp-json\/wp\/v2\/podcastfilter?post=7902"}],"curies":[{"name":"wp","href":"https:\/\/api.w.org\/{rel}","templated":true}]}}

<p>Lucile Pansu, responsable et Jacky Nadal, bénévole présentent, au micro de Radio Aviva, l&rsquo;association Club Coeur Santé qui favorise la santé cardiaque par la pratique sportive amateure.</p>
