{"id":7907,"date":"2023-12-06T17:05:31","date_gmt":"2023-12-06T16:05:31","guid":{"rendered":"https:\/\/radio-aviva.com\/nimes\/?post_type=podcast&#038;p=7907"},"modified":"2023-12-06T17:05:31","modified_gmt":"2023-12-06T16:05:31","slug":"congres-international-soroptimist-elisa-sanchez-presidente-nimes","status":"publish","type":"podcast","link":"https:\/\/radio-aviva.com\/nimes\/podcast\/congres-international-soroptimist-elisa-sanchez-presidente-nimes\/","title":{"rendered":"CONGRES INTERNATIONAL SOROPTIMIST &#8211; ELISA SANCHEZ, PRESIDENTE NIMES"},"content":{"rendered":"<p>Elisa Sanchez, pr\u00e9sidente du club de N\u00eemes de Soroptimist, pr\u00e9sente, au micro de Radio Aviva le congr\u00e8s international qui se tiendra \u00e0 N\u00eemes les 1er, 2 et 3 d\u00e9cembre 2023.<\/p>\n","protected":false},"author":336,"featured_media":0,"template":"","tags":[],"podcastfilter":[379,380,183,381],"class_list":["post-7907","podcast","type-podcast","status-publish","hentry","podcastfilter-congres","podcastfilter-femmes","podcastfilter-gard","podcastfilter-soroptimist"],"_links":{"self":[{"href":"https:\/\/radio-aviva.com\/nimes\/wp-json\/wp\/v2\/podcast\/7907","targetHints":{"allow":["GET"]}}],"collection":[{"href":"https:\/\/radio-aviva.com\/nimes\/wp-json\/wp\/v2\/podcast"}],"about":[{"href":"https:\/\/radio-aviva.com\/nimes\/wp-json\/wp\/v2\/types\/podcast"}],"author":[{"embeddable":true,"href":"https:\/\/radio-aviva.com\/nimes\/wp-json\/wp\/v2\/users\/336"}],"version-history":[{"count":0,"href":"https:\/\/radio-aviva.com\/nimes\/wp-json\/wp\/v2\/podcast\/7907\/revisions"}],"wp:attachment":[{"href":"https:\/\/radio-aviva.com\/nimes\/wp-json\/wp\/v2\/media?parent=7907"}],"wp:term":[{"taxonomy":"post_tag","embeddable":true,"href":"https:\/\/radio-aviva.com\/nimes\/wp-json\/wp\/v2\/tags?post=7907"},{"taxonomy":"podcastfilter","embeddable":true,"href":"https:\/\/radio-aviva.com\/nimes\/wp-json\/wp\/v2\/podcastfilter?post=7907"}],"curies":[{"name":"wp","href":"https:\/\/api.w.org\/{rel}","templated":true}]}}

<p>Elisa Sanchez, présidente du club de Nîmes de Soroptimist, présente, au micro de Radio Aviva le congrès international qui se tiendra à Nîmes les 1er, 2 et 3 décembre 2023.</p>
